000
CXUS54 KAMA 010839
CLMBGD

CLIMATE REPORT
NATIONAL WEATHER SERVICE AMARILLO TX
339 AM CDT WED NOV 1 2017

...................................

...THE BORGER CLIMATE SUMMARY FOR THE MONTH OF OCTOBER 2017...

CLIMATE NORMAL PERIOD 1981 TO 2010
CLIMATE RECORD PERIOD 1949 TO 2017

WEATHER         OBSERVED          NORMAL  DEPART  LAST YEAR`S
                 VALUE   DATE(S)  VALUE   FROM    VALUE  DATE(S)
                                          NORMAL
................................................................
TEMPERATURE (F)
HIGHEST            89   10/12                        101  10/16
LOWEST             33   10/28                         39  10/07
                        10/27
AVG. MAXIMUM     74.4              72.9     1.5     83.3
AVG. MINIMUM     48.5              47.9     0.6     53.6
MEAN             61.5              60.4     1.1     68.5
DAYS MAX >= 90      0               1.1    -1.1        5
DAYS MAX <= 32      0               0.0     0.0        0
DAYS MIN <= 32      0               1.0    -1.0        0
DAYS MIN <= 0       0               0.0     0.0        0

PRECIPITATION (INCHES)
TOTALS           2.13              1.72    0.41     0.05
DAILY AVG.       0.07              0.06    0.01     0.00
DAYS >= .01         6               5.1     0.9        3
DAYS >= .10         3               3.2    -0.2        0
DAYS >= .50         1               1.1    -0.1        0
DAYS >= 1.00        1               0.4     0.6        0
GREATEST
 24 HR. TOTAL    1.70   10/05 TO 10/05

SNOWFALL (INCHES)
TOTALS            0.0                MM      MM      0.0
SINCE 7/1         0.0                MM      MM      0.0
DAYS >= TRACE       0                MM      MM        0
DAYS >= 1.0         0                MM      MM        0
GREATEST
 SNOW DEPTH         0
 24 HR TOTAL      0.0


DEGREE_DAYS
HEATING TOTAL     174               193     -19       50
 SINCE 7/1        199               221     -22       54
COOLING TOTAL      68                50      18      166
 SINCE 1/1       1992              1835     157     2176
.................................................................

WIND (MPH)
AVERAGE WIND SPEED              11.4
HIGHEST WIND SPEED/DIRECTION    37/010    DATE  10/14
HIGHEST GUST SPEED/DIRECTION    51/270    DATE  10/06

SKY COVER
POSSIBLE SUNSHINE (PERCENT)   MM
NUMBER OF DAYS FAIR           24
NUMBER OF DAYS PC              4
NUMBER OF DAYS CLOUDY          3

AVERAGE RH (PERCENT)     54

WEATHER CONDITIONS. NUMBER OF DAYS WITH
THUNDERSTORM              3     MIXED PRECIP               0
HEAVY RAIN                2     RAIN                       1
LIGHT RAIN                7     FREEZING RAIN              0
LT FREEZING RAIN          0     HEAVY SNOW                 0
SNOW                      0     LIGHT SNOW                 0
SLEET                     0     FOG                        3
FOG W/VIS <= 1/4 MILE     1     HAZE                       1

-  INDICATES NEGATIVE NUMBERS.
R  INDICATES RECORD WAS SET OR TIED.
MM INDICATES DATA IS MISSING.
T  INDICATES TRACE AMOUNT.

$$
