186
CXUS54 KBMX 020118
CLMBHM


CLIMATE REPORT
NATIONAL WEATHER SERVICE BIRMINGHAM, AL
758 PM CDT MON AUG 1 2016

...................................

...THE BIRMINGHAM CLIMATE SUMMARY FOR THE MONTH OF JULY 2016...

CLIMATE NORMAL PERIOD 1981 TO 2010
CLIMATE RECORD PERIOD 1895 TO 2016

WEATHER         OBSERVED          NORMAL  DEPART  LAST YEAR`S
                 VALUE   DATE(S)  VALUE   FROM    VALUE  DATE(S)
                                          NORMAL
................................................................
TEMPERATURE (F)
RECORD
 HIGH             107   07/29/1930
 LOW               51   07/15/1967
HIGHEST            98   07/21        MM      MM       98  07/20
                        07/08                             07/18
                        07/03
LOWEST             64   07/01        MM      MM       68  07/04
AVG. MAXIMUM     93.3              90.8     2.5     92.4
AVG. MINIMUM     74.2              71.4     2.8     73.1
MEAN             83.7                               82.8
DAYS MAX >= 90     27              18.4     8.6       23
DAYS MAX <= 32      0               0.0     0.0        0
DAYS MIN <= 32      0               0.0     0.0        0
DAYS MIN <= 0       0               0.0     0.0        0

PRECIPITATION (INCHES)
RECORD
 MAXIMUM        20.12   1916
 MINIMUM         0.30   1983
TOTALS           7.08              4.80    2.28     7.41
DAILY AVG.       0.23              0.15    0.08     0.24
DAYS >= .01        11              11.7    -0.7       12
DAYS >= .10         7               7.6    -0.6       10
DAYS >= .50         4               3.2     0.8        4
DAYS >= 1.00        3               1.2     1.8        2

DEGREE_DAYS
HEATING TOTAL       0                 0       0        0
 SINCE 7/1          0                 0       0        0
COOLING TOTAL     590               499      91      558
 SINCE 1/1       1392              1163     229     1359
.................................................................

WIND (MPH)
AVERAGE WIND SPEED              5.7
HIGHEST WIND SPEED/DIRECTION    36/300    DATE  07/30
HIGHEST GUST SPEED/DIRECTION    42/290    DATE  07/30

AVERAGE RH (PERCENT)     70

WEATHER CONDITIONS. NUMBER OF DAYS WITH
THUNDERSTORM              0     MIXED PRECIP               0
HEAVY RAIN                4     RAIN                       6
LIGHT RAIN               14     FREEZING RAIN              0
LT FREEZING RAIN          0     HAIL                       0
HEAVY SNOW                0     SNOW                       0
LIGHT SNOW                0     SLEET                      0
FOG                       7     FOG W/VIS <= 1/4 MILE      0
HAZE                      5

-  INDICATES NEGATIVE NUMBERS.
R  INDICATES RECORD WAS SET OR TIED.
MM INDICATES DATA IS MISSING.
T  INDICATES TRACE AMOUNT.

$$
