000
CXUS55 KVEF 011407
CLMBIH

CLIMATE REPORT
NATIONAL WEATHER SERVICE LAS VEGAS, NV
526 AM PST SUN JAN 1 2017

...................................

...THE BISHOP CA CLIMATE SUMMARY FOR THE MONTH OF DECEMBER 2016...

CLIMATE NORMAL PERIOD 1981 TO 2010
CLIMATE RECORD PERIOD 1943 TO 2016

WEATHER         OBSERVED          NORMAL  DEPART  LAST YEAR`S
                 VALUE   DATE(S)  VALUE   FROM    VALUE  DATE(S)
                                          NORMAL
................................................................
TEMPERATURE (F)
RECORD
 HIGH              78   12/11/1958
                        12/03/1958
 LOW               -8   12/22/1990
                        12/27/1988
HIGHEST            73   12/15        54      19       68  12/09
LOWEST             13   12/19        22      -9        5  12/27
AVG. MAXIMUM     55.3              53.3     2.0     52.5
AVG. MINIMUM     23.2              22.1     1.1     18.3
MEAN             39.2              37.7     1.5     35.4
DAYS MAX >= 90      0               0.0     0.0        0
DAYS MAX <= 32      0               0.2    -0.2        0
DAYS MIN <= 32     28              28.8    -0.8       31
DAYS MIN <= 0       0               0.1    -0.1        0

PRECIPITATION (INCHES)
RECORD
 MAXIMUM         5.79   1966
 MINIMUM         0.00   2000
                        1999
                        1990
TOTALS           0.27              0.80   -0.53     0.06
DAILY AVG.       0.01              0.03   -0.02     0.00
DAYS >= .01         3               3.0     0.0        2
DAYS >= .10         1               1.5    -0.5        0
DAYS >= .50         0               0.4    -0.4        0
DAYS >= 1.00        0               0.2    -0.2        0
GREATEST
 24 HR. TOTAL    0.21   12/23 TO 12/24

SNOWFALL (INCHES)
RECORDS
 TOTAL           13.2   1967
 24 HR TOTAL      6.7
TOTALS              T               1.2    -1.2        T
SINCE 7/1           T
SNOWDEPTH AVG.      0
DAYS >= TRACE       1
DAYS >= 1.0         0
GREATEST
 SNOW DEPTH         0
 24 HR TOTAL        T   12/08 TO 12/08
 STORM TOTAL       MM
 (MM/DD(HH))

DEGREE_DAYS
HEATING TOTAL     789               846     -57      911
 SINCE 7/1       1532              1747    -215     1725
COOLING TOTAL       0                 0       0        0
 SINCE 1/1       1361              1104     257     1376

FREEZE DATES
RECORD
 EARLIEST     09/20/1986
 LATEST       06/07/1988
EARLIEST                        10/15
LATEST                          05/03
.................................................................

WIND (MPH)
AVERAGE WIND SPEED              7.0
HIGHEST WIND SPEED/DIRECTION    37/250    DATE  12/15
HIGHEST GUST SPEED/DIRECTION    48/250    DATE  12/15

SKY COVER
POSSIBLE SUNSHINE (PERCENT)   MM
AVERAGE SKY COVER           0.10
NUMBER OF DAYS FAIR           25
NUMBER OF DAYS PC              6
NUMBER OF DAYS CLOUDY          0

AVERAGE RH (PERCENT)     47

WEATHER CONDITIONS. NUMBER OF DAYS WITH
THUNDERSTORM              0     MIXED PRECIP               0
HEAVY RAIN                0     RAIN                       2
LIGHT RAIN                5     FREEZING RAIN              0
LT FREEZING RAIN          0     HAIL                       0
HEAVY SNOW                0     SNOW                       0
LIGHT SNOW                1     SLEET                      0
FOG                       2     FOG W/VIS <= 1/4 MILE      0
HAZE                      0

-  INDICATES NEGATIVE NUMBERS.
R  INDICATES RECORD WAS SET OR TIED.
MM INDICATES DATA IS MISSING.
T  INDICATES TRACE AMOUNT.

$$
