744
CXUS53 KBIS 011048
CLMBIS


CLIMATE REPORT
NATIONAL WEATHER SERVICE BISMARCK ND
446 AM CST THU FEB 1 2018

...................................

...THE BISMARCK ND CLIMATE SUMMARY FOR THE MONTH OF JANUARY 2018...

CLIMATE NORMAL PERIOD 1981 TO 2010
CLIMATE RECORD PERIOD 1875 TO 2018

WEATHER         OBSERVED          NORMAL  DEPART  LAST YEAR`S
                 VALUE   DATE(S)  VALUE   FROM    VALUE  DATE(S)
                                          NORMAL
................................................................
TEMPERATURE (F)
RECORD
 HIGH              63   01/08/2002
 LOW              -45   01/13/1916
HIGHEST            49   01/30                         43  01/30
LOWEST            -29   01/13                        -30  01/07
                        01/12
AVG. MAXIMUM     25.0              23.4     1.6     20.3
AVG. MINIMUM      1.0               2.2    -1.2      1.9
MEAN             13.0              12.8     0.2     11.1
DAYS MAX >= 90      0               0.0     0.0        0
DAYS MAX <= 32     19              20.8    -1.8       22
DAYS MIN <= 32     31              30.8     0.2       31
DAYS MIN <= 0      13              13.4    -0.4       15

PRECIPITATION (INCHES)
RECORD
 MAXIMUM         1.64   1877
 MINIMUM         0.00   1878
TOTALS           0.42              0.43   -0.01     0.64
DAILY AVG.       0.01              0.01    0.00     0.02
DAYS >= .01         3               7.5    -4.5        8
DAYS >= .10         1               1.3    -0.3        2
DAYS >= .50         0               0.1    -0.1        0
DAYS >= 1.00        0               0.0     0.0        0
GREATEST
 24 HR. TOTAL    0.40   01/10 TO 01/10              0.34

SNOWFALL (INCHES)
RECORDS
 TOTAL           25.0   5
                        0
                        -26215
TOTALS            6.2               8.9    -2.7     15.2
SINCE 7/1        13.1              29.4   -16.3     58.7
SNOWDEPTH AVG.      3                 4      -1       17
DAYS >= 1.0         1               2.6    -1.6        3
GREATEST
 SNOW DEPTH         6   01/14                         21  01/03
                        01/13
                        01/12
 24 HR TOTAL      5.6   01/10 TO 01/10               7.8

DEGREE_DAYS
HEATING TOTAL    1603              1618     -15
 SINCE 7/1       4742              5118    -376
.................................................................

WIND (MPH)
HIGHEST WIND SPEED/DIRECTION    32/330    DATE  01/31
HIGHEST GUST SPEED/DIRECTION    41/320    DATE  01/02

SKY COVER
POSSIBLE SUNSHINE (PERCENT)   MM
NUMBER OF DAYS FAIR           19
NUMBER OF DAYS PC              9
NUMBER OF DAYS CLOUDY          3


WEATHER CONDITIONS. NUMBER OF DAYS WITH
THUNDERSTORM              0     MIXED PRECIP               0
HEAVY RAIN                0     RAIN                       0
LIGHT RAIN                0     FREEZING RAIN              0
LT FREEZING RAIN          0     HAIL                       0
HEAVY SNOW                1     SNOW                       1
LIGHT SNOW               10     SLEET                      0
FOG                      17     FOG W/VIS <= 1/4 MILE      5
HAZE                      5

-  INDICATES NEGATIVE NUMBERS.
R  INDICATES RECORD WAS SET OR TIED.
MM INDICATES DATA IS MISSING.
T  INDICATES TRACE AMOUNT.

$$
