000
CXUS56 KSEW 011152
CLMBLI


CLIMATE REPORT
NATIONAL WEATHER SERVICE SEATTLE WA
452 AM PDT SAT AUG 1 2015

...................................

...THE BELLINGHAM WA AIRPORT CLIMATE SUMMARY FOR THE MONTH OF JULY 2015...

CLIMATE NORMAL PERIOD 1981 TO 2010
CLIMATE RECORD PERIOD 1949 TO 2015

WEATHER         OBSERVED          NORMAL  DEPART  LAST YEAR`S
                 VALUE   DATE(S)  VALUE   FROM    VALUE  DATE(S)
                                          NORMAL
................................................................
TEMPERATURE (F)
RECORD
 HIGH              96   07/29/2009
 LOW               32   07/10/1965
HIGHEST            93   07/05        MM      MM       86  07/13
LOWEST             53   07/30        MM      MM       50  07/04
                        07/29
AVG. MAXIMUM     76.8              71.2     5.6     74.8
AVG. MINIMUM     57.7              53.5     4.2     55.9
MEAN             67.2              62.3     4.9     65.4
DAYS MAX >= 90      1               0.2     0.8        0
DAYS MAX <= 32      0               0.0     0.0        0
DAYS MIN <= 32      0               0.0     0.0        0
DAYS MIN <= 0       0               0.0     0.0        0

PRECIPITATION (INCHES)
RECORD
 MAXIMUM         2.86   1982
 MINIMUM         0.00   1960
                        1958
TOTALS           0.67              1.18   -0.51     1.13
DAILY AVG.       0.02              0.04   -0.02     0.04
DAYS >= .01         4               5.7    -1.7        4
DAYS >= .10         2               2.5    -0.5        2
DAYS >= .50         0               0.6    -0.6        1
DAYS >= 1.00        0               0.1    -0.1        0
GREATEST
 24 HR. TOTAL    0.37   07/24 TO 07/25

DEGREE_DAYS
HEATING TOTAL      13               101     -88       35
COOLING TOTAL      90                19      71       51
 SINCE 1/1        138                23     115       53
.................................................................

WIND (MPH)
AVERAGE WIND SPEED              6.0
HIGHEST WIND SPEED/DIRECTION    24/140    DATE  07/20
HIGHEST GUST SPEED/DIRECTION    41/220    DATE  07/03

SKY COVER
POSSIBLE SUNSHINE (PERCENT)   MM
AVERAGE SKY COVER           0.30
NUMBER OF DAYS FAIR           22
NUMBER OF DAYS PC              4
NUMBER OF DAYS CLOUDY          5

AVERAGE RH (PERCENT)     67

WEATHER CONDITIONS. NUMBER OF DAYS WITH
THUNDERSTORM              0     MIXED PRECIP               0
HEAVY RAIN                1     RAIN                       1
LIGHT RAIN                6     FREEZING RAIN              0
LT FREEZING RAIN          0     HAIL                       0
HEAVY SNOW                0     SNOW                       0
LIGHT SNOW                0     SLEET                      0
FOG                       3     FOG W/VIS <= 1/4 MILE      0
HAZE                      3

-  INDICATES NEGATIVE NUMBERS.
R  INDICATES RECORD WAS SET OR TIED.
MM INDICATES DATA IS MISSING.
T  INDICATES TRACE AMOUNT.

$$
