000
CXUS53 KIND 011512
CLMBMG


CLIMATE REPORT
NATIONAL WEATHER SERVICE INDIANAPOLIS IN
1109 AM EDT SAT AUG 1 2015

...................................

...THE BLOOMINGTON IN CLIMATE SUMMARY FOR THE MONTH OF JULY 2015...

CLIMATE NORMAL PERIOD 1981 TO 2010
CLIMATE RECORD PERIOD 9999 TO 9999

WEATHER         OBSERVED          NORMAL  DEPART  LAST YEAR`S
                 VALUE   DATE(S)  VALUE   FROM    VALUE  DATE(S)
                                          NORMAL
................................................................
TEMPERATURE (F)
HIGHEST            92   07/28                         88  07/22
                                                          07/13
                                                          07/01
LOWEST             56   07/22                         51  07/25
                                                          07/17
AVG. MAXIMUM     83.7              84.1    -0.4     80.6
AVG. MINIMUM     64.6              63.6     1.0     58.6
MEAN             74.2              73.9     0.3     69.6
DAYS MAX >= 90      4               3.8     0.2        0
DAYS MAX <= 32      0               0.0     0.0        0
DAYS MIN <= 32      0               0.0     0.0        0
DAYS MIN <= 0       0               0.0     0.0        0

PRECIPITATION (INCHES)
TOTALS           6.15              4.89    1.26     3.75
DAILY AVG.       0.20              0.16    0.04     0.12
DAYS >= .01        12                MM      MM        9
DAYS >= .10         8                MM      MM        4
DAYS >= .50         6                MM      MM        2
DAYS >= 1.00        2                MM      MM        2
GREATEST
 24 HR. TOTAL    1.20   07/07 TO 07/08

DEGREE_DAYS
HEATING TOTAL       0                 2      -2        5
 SINCE 7/1          0                 2      -2        5
COOLING TOTAL     295               276      19      156
 SINCE 1/1        671               566     105      555
.................................................................

WIND (MPH)
AVERAGE WIND SPEED              4.1
HIGHEST WIND SPEED/DIRECTION    28/030    DATE  07/13
HIGHEST GUST SPEED/DIRECTION    34/020    DATE  07/13

SKY COVER
POSSIBLE SUNSHINE (PERCENT)   MM
AVERAGE SKY COVER           0.30
NUMBER OF DAYS FAIR           18
NUMBER OF DAYS PC              8
NUMBER OF DAYS CLOUDY          5

AVERAGE RH (PERCENT)     79

WEATHER CONDITIONS. NUMBER OF DAYS WITH
THUNDERSTORM              7     MIXED PRECIP               0
HEAVY RAIN                8     RAIN                       6
LIGHT RAIN               15     FREEZING RAIN              0
LT FREEZING RAIN          0     HAIL                       0
HEAVY SNOW                0     SNOW                       0
LIGHT SNOW                0     SLEET                      0
FOG                      23     FOG W/VIS <= 1/4 MILE      4
HAZE                      2

-  INDICATES NEGATIVE NUMBERS.
R  INDICATES RECORD WAS SET OR TIED.
MM INDICATES DATA IS MISSING.
T  INDICATES TRACE AMOUNT.

$$
