000
CXUS55 KBOI 011620
CLMBOI


CLIMATE REPORT
NATIONAL WEATHER SERVICE BOISE ID
920 AM MST SUN MAR 1 2015

...................................

...THE BOISE ID CLIMATE SUMMARY FOR THE MONTH OF FEBRUARY 2015...

CLIMATE NORMAL PERIOD 1981 TO 2010
CLIMATE RECORD PERIOD 1878 TO 2015

WEATHER         OBSERVED          NORMAL  DEPART  LAST YEAR`S
                 VALUE   DATE(S)  VALUE   FROM    VALUE
                                          NORMAL
.............................................................
TEMPERATURE (F)
HIGHEST            65   02/08
                        02/07
LOWEST             21   02/23
AVG. MAXIMUM     53.2              44.7     8.5
AVG. MINIMUM     34.6              28.3     6.3
MEAN             43.9              36.5     7.4
DAYS MAX >= 90      0
DAYS MAX <= 32      0
DAYS MIN <= 32     11
DAYS MIN <= 0       0

PRECIPITATION (INCHES)
RECORD
 MAXIMUM         6.49   1872
TOTALS           1.35              0.99    0.36
DAYS >= .01        12
DAYS >= .10         5
DAYS >= .50         0
DAYS >= 1.00        0
GREATEST
 24 HR. TOTAL    0.40   02/03 TO 02/04

SNOWFALL (INCHES)
TOTALS            0.2
SINCE 7/1        13.3
GREATEST
 SNOW DEPTH         T   02/22
 24 HR TOTAL      0.2   02/22 TO 02/22

DEGREE_DAYS
HEATING TOTAL     582               798    -216      719
 SINCE 7/1       3595              4159    -564
COOLING TOTAL       0                 0       0        0
 SINCE 1/1          0                 0       0
..............................................................

WIND (MPH)
AVERAGE WIND SPEED              6.6
RESULTANT WIND SPEED/DIRECTION   1/164
HIGHEST WIND SPEED/DIRECTION    24/340    DATE  02/21
HIGHEST GUST SPEED/DIRECTION    32/130    DATE  02/07

SKY COVER
POSSIBLE SUNSHINE (PERCENT)   MM

AVERAGE RH (PERCENT)     65


-  INDICATES NEGATIVE NUMBERS.
R  INDICATES RECORD WAS SET OR TIED.
MM INDICATES DATA IS MISSING.
T  INDICATES TRACE AMOUNT.

$$
