049
CXUS53 KDVN 011552
CLMBRL


CLIMATE REPORT
NATIONAL WEATHER SERVICE QUAD CITIES IA IL
938 AM CST WED FEB 1 2017

...................................

...THE BURLINGTON IA CLIMATE SUMMARY FOR THE MONTH OF JANUARY 2017...

CLIMATE NORMAL PERIOD 1981 TO 2010
CLIMATE RECORD PERIOD 1897 TO 2017

WEATHER         OBSERVED          NORMAL  DEPART
                 VALUE   DATE(S)  VALUE   FROM
                                          NORMAL
................................................
TEMPERATURE (F)
RECORD
 HIGH              70   01/31/1989
 LOW              -24   01/14/1957
HIGHEST            54   01/21        36      18
LOWEST                  01/06        17     -18
AVG. MAXIMUM     35.7              34.4     1.3
AVG. MINIMUM     22.6              17.2     5.4
MEAN             29.2              25.8     3.4
DAYS MAX >= 90      0
DAYS MAX <= 32      9
DAYS MIN <= 32     25
DAYS MIN <= 0       2

PRECIPITATION (INCHES)
TOTALS           1.46              1.24    0.22
DAILY AVG.       0.05              0.04    0.01
DAYS >= .01        10
DAYS >= .10         2
DAYS >= .50         1
DAYS >= 1.00        1
GREATEST
 24 HR. TOTAL    1.05   01/16

DEGREE_DAYS
HEATING TOTAL    1102              1215    -113
 SINCE 7/1       3017              3401    -384
COOLING TOTAL       0                 0       0
 SINCE 1/1          0                 0       0
.................................................

WIND (MPH)
AVERAGE WIND SPEED              8.9
HIGHEST WIND SPEED/DIRECTION    36/250    DATE  01/10
HIGHEST GUST SPEED/DIRECTION    44/240    DATE  01/10

SKY COVER
POSSIBLE SUNSHINE (PERCENT)   MM
AVERAGE SKY COVER           0.60
NUMBER OF DAYS FAIR            1
NUMBER OF DAYS PC             11
NUMBER OF DAYS CLOUDY         13

AVERAGE RH (PERCENT)     81

WEATHER CONDITIONS. NUMBER OF DAYS WITH
THUNDERSTORM              1     HAIL                       0
SLEET                     0     FOG                       20
FOG W/VIS <= 1/4 MILE     7     HAZE                       5

-  INDICATES NEGATIVE NUMBERS.
R  INDICATES RECORD WAS SET OR TIED.
MM INDICATES DATA IS MISSING.
T  INDICATES TRACE AMOUNT.

$$
