000
CXUS44 KBRO 011531
CLMBRO


CLIMATE REPORT
NATIONAL WEATHER SERVICE BROWNSVILLE TX
1029 AM CDT SAT NOV 1 2014

...................................

...THE BROWNSVILLE CLIMATE SUMMARY FOR THE MONTH OF OCTOBER 2014...

CLIMATE NORMAL PERIOD 1981 TO 2010
CLIMATE RECORD PERIOD 1878 TO 2014

WEATHER         OBSERVED          NORMAL  DEPART  LAST YEAR`S
                 VALUE   DATE(S)  VALUE   FROM    VALUE  DATE(S)
                                          NORMAL
................................................................
TEMPERATURE (F)
HIGHEST            92   10/02        92       0       93  10/16
                        10/01                             10/12
                                                          10/05
LOWEST             56   10/16        52       4       57  10/23
                        10/15                             10/07
AVG. MAXIMUM     88.2              85.7     2.5     87.3
AVG. MINIMUM     69.7              66.9     2.8     69.1
MEAN             78.9              76.3     2.6     78.2
DAYS MAX >= 90     11               6.0     5.0       11
DAYS MAX <= 32      0               0.0     0.0        0
DAYS MIN <= 32      0               0.0     0.0        0
DAYS MIN <= 0       0               0.0     0.0        0

PRECIPITATION (INCHES)
TOTALS           3.82              3.74    0.08     1.63
DAILY AVG.       0.12              0.12    0.00     0.05
DAYS >= .01         5               7.5    -2.5        7
DAYS >= .10         5               4.7     0.3        5
DAYS >= .50         3               1.9     1.1        1
DAYS >= 1.00        2               1.0     1.0        0
GREATEST
 24 HR. TOTAL    1.65   10/21 TO 10/22

DEGREE_DAYS
HEATING TOTAL       0                 4      -4        0
 SINCE 7/1          0                 4      -4        0
COOLING TOTAL     441               354      87      377
 SINCE 1/1       3789              3765      24     3947
.................................................................

WIND (MPH)
AVERAGE WIND SPEED              7.3
HIGHEST WIND SPEED/DIRECTION    30/180    DATE  10/13
HIGHEST GUST SPEED/DIRECTION    36/180    DATE  10/13

SKY COVER
POSSIBLE SUNSHINE (PERCENT)   MM
AVERAGE SKY COVER           0.20
NUMBER OF DAYS FAIR           25
NUMBER OF DAYS PC              6
NUMBER OF DAYS CLOUDY          0

AVERAGE RH (PERCENT)     74

WEATHER CONDITIONS. NUMBER OF DAYS WITH
THUNDERSTORM              0     MIXED PRECIP               0
HEAVY RAIN                4     RAIN                       4
LIGHT RAIN                7     FREEZING RAIN              0
LT FREEZING RAIN          0     HAIL                       0
HEAVY SNOW                0     SNOW                       0
LIGHT SNOW                0     SLEET                      0
FOG                      16     FOG W/VIS <= 1/4 MILE      0
HAZE                      1

-  INDICATES NEGATIVE NUMBERS.
R  INDICATES RECORD WAS SET OR TIED.
MM INDICATES DATA IS MISSING.
T  INDICATES TRACE AMOUNT.

$$
