913
CXAK59 PAFG 031510
CLMBRW


CLIMATE REPORT
NATIONAL WEATHER SERVICE FAIRBANKS, AK
602 AM AKST SUN DEC 3 2017

...................................

...THE BARROW AK CLIMATE SUMMARY FOR THE MONTH OF NOVEMBER 2017...

CLIMATE NORMAL PERIOD 1981 TO 2010
CLIMATE RECORD PERIOD 1920 TO 2017

WEATHER         OBSERVED          NORMAL  DEPART  LAST YEAR`S
                 VALUE   DATE(S)  VALUE   FROM    VALUE  DATE(S)
                                          NORMAL
................................................................
TEMPERATURE (F)
RECORD
 HIGH              39   11/11/1937
 LOW              -40   11/25/1948
HIGHEST            35   11/03        MM      MM       31  11/02
                        11/02                             11/01
LOWEST            -10   11/26        MM      MM      -21  11/27
AVG. MAXIMUM     22.2               6.2    16.0     19.8
AVG. MINIMUM     12.1              -4.8    16.9      6.8
MEAN             17.1               0.7    16.4     13.3
DAYS MAX >= 90      0               0.0     0.0        0
DAYS MAX <= 32     26              29.7    -3.7       30
DAYS MIN <= 32     30              30.0     0.0       30
DAYS MIN <= 0       4              19.2   -15.2        8

PRECIPITATION (INCHES)
RECORD
 MAXIMUM         1.15   1965
 MINIMUM            T   1989

TOTALS           0.97              0.21    0.76     0.43
DAILY AVG.       0.03              0.01    0.02     0.01
DAYS >= .01        14               7.1     6.9       10
DAYS >= .10         3               0.2     2.8        1
DAYS >= .50         0               0.0     0.0        0
DAYS >= 1.00        0               0.0     0.0        0
GREATEST
 24 HR. TOTAL    0.20   11/21 TO 11/21           11/11 TO 11/12

SNOWFALL (INCHES)
RECORDS
 TOTAL           20.1   2010
 24 HR TOTAL       MM
 SNOW DEPTH        18   11/22/2007

TOTALS            8.8               5.7     3.1      6.2
SINCE 7/1        16.7              20.3    -3.6     13.0
SNOWDEPTH AVG.      4                 7      -3        4
DAYS >= TRACE      24              10.6    13.4       26
DAYS >= 1.0         3               1.8     1.2        2
GREATEST
 SNOW DEPTH         7   11/22                          6  11/30
                        11/21                             11/29
                                                          11/28
 24 HR TOTAL      2.0   11/21 TO 11/21           11/11 TO 11/11

DEGREE_DAYS
HEATING TOTAL    1428              1929    -501     1543
 SINCE 7/1       4928              5952   -1024     4955
COOLING TOTAL       0                 0       0        0
 SINCE 1/1          0                 0       0        0
..................................................

WIND (MPH)
AVERAGE WIND SPEED              16.5
HIGHEST WIND SPEED/DIRECTION    41/100    DATE  11/21
HIGHEST GUST SPEED/DIRECTION    49/100    DATE  11/21

SKY COVER
AVERAGE SKY COVER           0.80


WEATHER CONDITIONS. NUMBER OF DAYS WITH
THUNDERSTORM              0     MIXED PRECIP               0
HEAVY RAIN                0     RAIN                       0
LIGHT RAIN                2     FREEZING RAIN              0
LT FREEZING RAIN          1     HAIL                       0
HEAVY SNOW                2     SNOW                       4
LIGHT SNOW               23     SLEET                      0
FOG                      27     FOG W/VIS <= 1/4 MILE      4
HAZE                      8

-  INDICATES NEGATIVE NUMBERS.
R  INDICATES RECORD WAS SET OR TIED.
MM INDICATES DATA IS MISSING.
T  INDICATES TRACE AMOUNT.

$$
