000
CXAK59 PABR 020648
CLMBRW

CLIMATE REPORT
NATIONAL WEATHER SERVICE BARROW, AK
1048 PM AKDT WED OCT 1 2014

...................................

...THE BARROW WSO AP CLIMATE SUMMARY FOR THE MONTH OF SEPTEMBER 2014...

CLIMATE NORMAL PERIOD 1981 TO 2010
CLIMATE RECORD PERIOD 1915 TO 2014

WEATHER         OBSERVED          NORMAL  DEPART  LAST YEAR`S
                 VALUE   DATE(S)  VALUE   FROM    VALUE  DATE(S)
                                          NORMAL
................................................................
TEMPERATURE (F)
RECORD
 HIGH              62   9/22/1995
 LOW                1   9/28/1975
HIGHEST            50   9/07         50       0      51  9/06
LOWEST             18                17       1       6  9/24
AVG. MAXIMUM       36.2              35.8     0.4    34.7
AVG. MINIMUM       30.5              28.5     2.0    27.7
MEAN               33.4              32.1     1.3    31.2
DAYS MAX >= 90      0                 0.0     0.0     0
DAYS MAX <= 32      3                10.0    -7.0    13
DAYS MAX >= 80      0                 0.0     0.0     0
DAYS MAX >= 70      0                 0.0     0.0     0
DAYS MIN <= 32     19                22.4    -3.4    21
DAYS MIN <= 0       0                 0.0     0.0     0

PRECIPITATION (INCHES)
RECORD
 MAXIMUM            1.93   2012
 MINIMUM            0.01   1969
TOTALS              1.06              0.72    0.34    1.29
DAILY AVG.          0.04              0.03    0.01    0.04
DAYS >= .01        14                12.7     1.3    21
DAYS >= .10         2                 2.1    -0.1     3
DAYS >= .50         0                 0.0    -0.0     0
DAYS >= 1.0         0                 0.0     0.0     0
GREATEST
 24 HR TOTAL        0.42   9/02                       0.37  9/13

SNOWFALL (INCHES)
RECORDS
 TOTAL             19.0   1992
 24 HR TOTAL       11.2   9-30-1992
 SNOW DEPTH        20     9-30-1962
TOTALS              9.5               4.4     5.1     8.1
SINCE 7/1          10.9               5.9     5.0     9.2
SNOWDEPTH AVG.      0                 0       0       1
DAYS >= TRACE      20                18.6     1.4    23
DAYS >= 1.0         3                 1.3     1.7     2
DAYS >= 6.0         0                 0.0    -0.0     0
GREATEST
 SNOW DEPTH         3   9/2 AND 9/21                  5  9/29
 24 HR TOTAL      4.4   9/02                        1.9  9/28

DEGREE_DAYS
HEATING TOTAL     940               986     -46    1004
 SINCE 7/1       2606              2540      65    2413
COOLING TOTAL       0                 0       0       0
 SINCE 1/1          0                 0       0       0
................................................................

WIND (MPH)
AVERAGE WIND SPEED               14.2
HIGHEST WIND SPEED/DIRECTION     37/280    DATE    09/3
HIGHEST GUST SPEED/DIRECTION     44/290    DATE    09/3

SKY COVER
POSSIBLE SUNSHINE (PERCENT)   MM
AVERAGE SKY COVER             MM
NUMBER OF DAYS FAIR           MM
NUMBER OF DAYS PC             MM
NUMBER OF DAYS CLOUDY         MM

AVERAGE RH (PERCENT)     MM

WEATHER CONDITIONS. NUMBER OF DAYS WITH
THUNDERSTORM              0     ICE PELLETS                 2
RAIN                     16     GLAZE                       1
DRIZZLE                   6     HAIL                        0
SNOW                     19     HAZE                        0
FOG                      19     FOG W/VIS <= 1/4 MILE       3
BLOWING SNOW              0


-  INDICATES NEGATIVE NUMBERS.
R  INDICATES RECORD WAS SET OR TIED.
MM INDICATES DATA IS MISSING.
T  INDICATES TRACE AMOUNT.

&&


$$
RFL OCT 14
