000
CXUS51 KBTV 011528 CCA
CLMBTV


CLIMATE REPORT...CORRECTED
NATIONAL WEATHER SERVICE BURLINGTON VT
1028 AM EST MON JAN 1 2018

...................................

...THE BURLINGTON VT CLIMATE SUMMARY FOR THE MONTH OF DECEMBER 2017...

CLIMATE NORMAL PERIOD 1981 TO 2010
CLIMATE RECORD PERIOD 1884 TO 2017

WEATHER         OBSERVED          NORMAL  DEPART  LAST YEAR`S
                 VALUE   DATE(S)  VALUE   FROM    VALUE  DATE(S)
                                          NORMAL
................................................................
TEMPERATURE (F)
RECORD
 HIGH              68   12/24/2015
 LOW              -29   12/30/1933
                        12/29/1933
HIGHEST            55   12/05        30      25       51  12/01
LOWEST            -10   12/30        16     -26       -3  12/16
AVG. MAXIMUM     29.0              33.2    -4.2     35.7
AVG. MINIMUM     15.7              18.5    -2.8     22.2
MEAN             22.3              25.8    -3.5     29.0
DAYS MAX >= 90      0               0.0     0.0        0
DAYS MAX <= 32     16              13.3     2.7        6
DAYS MIN <= 32     27              27.1    -0.1       25
DAYS MIN <= 0       7               2.4     4.6        2

PRECIPITATION (INCHES)
RECORD
 MAXIMUM         5.95   1973
 MINIMUM         0.31   1928
TOTALS           2.18              2.38   -0.20     2.35
DAILY AVG.       0.07              0.08   -0.01     0.08
DAYS >= .01        17              14.4     2.6       17
DAYS >= .10         8               6.1     1.9        8
DAYS >= .50         1               1.2    -0.2        1
DAYS >= 1.00        0               0.2    -0.2        0
GREATEST
 24 HR. TOTAL    0.55   12/23 TO 12/23           12/17 TO 12/18
                                                          12/18 TO 12/18
                                                          12/18 TO 12/18
 STORM TOTAL       MM                                 MM
 (MM/DD(HH))            MM                    12/18(00) TO 12/18(00)
                                                 12/18(00) TO 12/18(00)8
                                                 12/18(00) TO 12/18(00)8

SNOWFALL (INCHES)
RECORDS
 TOTAL           56.7   5
                        0
                        -26215
TOTALS           23.5              17.9     5.6     16.7
SINCE 7/1        26.5              23.3     3.2     21.0
SNOWDEPTH AVG.      4                 4       0        1
DAYS >= 1.0         7               5.7     1.3        5
GREATEST
 SNOW DEPTH         9   12/22                          3  12/31
                                                          12/30
                                                          12/18
 24 HR TOTAL      7.1   12/22 TO 12/22           12/18 TO 12/18
                                                          12/18 TO 12/18
                                                          12/18 TO 12/18

DEGREE_DAYS
HEATING TOTAL    1317              1214     103     1108
 SINCE 7/1       2456              2759    -303     2313
COOLING TOTAL       0                 0       0        0
 SINCE 1/1        652               491     161      855
.................................................................

WIND (MPH)
AVERAGE WIND SPEED              6.9
HIGHEST WIND SPEED/DIRECTION    26/280    DATE  12/25
HIGHEST GUST SPEED/DIRECTION    41/160    DATE  12/05

SKY COVER
POSSIBLE SUNSHINE (PERCENT)   MM
AVERAGE SKY COVER           0.70
NUMBER OF DAYS FAIR            1
NUMBER OF DAYS PC             15
NUMBER OF DAYS CLOUDY         15

AVERAGE RH (PERCENT)     68

WEATHER CONDITIONS. NUMBER OF DAYS WITH
THUNDERSTORM              0     MIXED PRECIP               0
HEAVY RAIN                2     RAIN                      10
LIGHT RAIN                5     FREEZING RAIN              0
LT FREEZING RAIN          1     HAIL                       0
HEAVY SNOW                2     SNOW                       5
LIGHT SNOW               22     SLEET                      0
FOG                      17     FOG W/VIS <= 1/4 MILE      3
HAZE                     11

-  INDICATES NEGATIVE NUMBERS.
R  INDICATES RECORD WAS SET OR TIED.
MM INDICATES DATA IS MISSING.
T  INDICATES TRACE AMOUNT.

$$
