000
CXUS51 KBTV 011350
CLMBTV


CLIMATE REPORT
NATIONAL WEATHER SERVICE BURLINGTON VT
949 AM EDT SAT JUL 1 2017

...................................

...THE BURLINGTON VT CLIMATE SUMMARY FOR THE MONTH OF JUNE 2017...

CLIMATE NORMAL PERIOD 1981 TO 2010
CLIMATE RECORD PERIOD 1884 TO 2017

WEATHER         OBSERVED          NORMAL  DEPART  LAST YEAR`S
                 VALUE   DATE(S)  VALUE   FROM    VALUE  DATE(S)
                                          NORMAL
................................................................
TEMPERATURE (F)
RECORD
 HIGH             100   06/19/1995
 LOW               33   06/03/1986
                        06/01/1924
HIGHEST            95   06/11        76      19       91  06/26
                                                          06/20
LOWEST             46   06/07        55      -9       49  06/11
                                                          06/09
                                                          06/08
AVG. MAXIMUM     76.9              76.3     0.6     78.1
AVG. MINIMUM     57.6              55.3     2.3     56.9
MEAN             67.2              65.8     1.4     67.5
DAYS MAX >= 90      2               1.4     0.6        3
DAYS MAX <= 32      0               0.0     0.0        0
DAYS MIN <= 32      0               0.0     0.0        0
DAYS MIN <= 0       0               0.0     0.0        0

PRECIPITATION (INCHES)
RECORD
 MAXIMUM         9.92   1922
 MINIMUM         0.82   1995
TOTALS           7.17              3.69    3.48     3.05
DAILY AVG.       0.24              0.12    0.12     0.10
DAYS >= .01        16              13.3     2.7       12
DAYS >= .10        10               7.7     2.3        7
DAYS >= .50         5               2.4     2.6        1
DAYS >= 1.00        3               0.6     2.4        1
GREATEST
 24 HR. TOTAL    1.79   06/29 TO 06/29           06/05 TO 06/05
                                                          06/04 TO 06/05
                                                          06/05 TO 06/05
 STORM TOTAL       MM                                 MM
 (MM/DD(HH))            MM                    06/05(00) TO 06/05(00)
                                                 06/05(00) TO 06/05(00)5
                                                 06/05(00) TO 06/05(00)5

DEGREE_DAYS
HEATING TOTAL      52                73     -21       48
 SINCE 7/1       6328              7434   -1106     6226
COOLING TOTAL     126                97      29      133
 SINCE 1/1        168               116      52      205
......................................................

WIND (MPH)
AVERAGE WIND SPEED              7.6
HIGHEST WIND SPEED/DIRECTION    30/180    DATE  06/16
HIGHEST GUST SPEED/DIRECTION    39/170    DATE  06/16

SKY COVER
POSSIBLE SUNSHINE (PERCENT)   MM
AVERAGE SKY COVER           0.60
NUMBER OF DAYS FAIR            2
NUMBER OF DAYS PC             19
NUMBER OF DAYS CLOUDY          9

AVERAGE RH (PERCENT)     68

WEATHER CONDITIONS. NUMBER OF DAYS WITH
THUNDERSTORM              0     MIXED PRECIP               0
HEAVY RAIN                6     RAIN                      10
LIGHT RAIN               17     FREEZING RAIN              0
LT FREEZING RAIN          0     HAIL                       0
HEAVY SNOW                0     SNOW                       0
LIGHT SNOW                0     SLEET                      0
FOG                      13     FOG W/VIS <= 1/4 MILE      1
HAZE                      1

-  INDICATES NEGATIVE NUMBERS.
R  INDICATES RECORD WAS SET OR TIED.
MM INDICATES DATA IS MISSING.
T  INDICATES TRACE AMOUNT.

$$
