000
CXUS55 KGJT 011201
CLMCAG


CLIMATE REPORT
NATIONAL WEATHER SERVICE GRAND JUNCTION CO
452 AM MST SUN FEB 1 2015

...................................

...THE CRAIG CO CLIMATE SUMMARY FOR THE MONTH OF JANUARY 2015...

CLIMATE NORMAL PERIOD 1981 TO 2010
CLIMATE RECORD PERIOD 9999 TO 9999

WEATHER         OBSERVED          NORMAL  DEPART  LAST YEAR`S
                 VALUE   DATE(S)  VALUE   FROM    VALUE  DATE(S)
                                          NORMAL
................................................................
TEMPERATURE (F)
HIGHEST            44   01/29        MM      MM       41  01/11
                        01/28
LOWEST            -24   01/01        MM      MM      -19  01/28
AVG. MAXIMUM     33.4              29.4     4.0     29.1
AVG. MINIMUM      7.5               2.0     5.5     -0.9
MEAN             20.4              15.7     4.7     14.1
DAYS MAX >= 90      0               0.0     0.0        0
DAYS MAX <= 32     11              17.6    -6.6       23
DAYS MIN <= 32     31              30.8     0.2       31
DAYS MIN <= 0       9              14.3    -5.3       22

PRECIPITATION (INCHES)
TOTALS           0.41              0.88   -0.47     1.03
DAILY AVG.       0.01              0.03   -0.02     0.03
DAYS >= .01         5                MM      MM       11
DAYS >= .10         1                MM      MM        4
DAYS >= .50         0                MM      MM        0
DAYS >= 1.00        0                MM      MM        0
GREATEST
 24 HR. TOTAL    0.27   01/11 TO 01/11              0.32

SNOWFALL (INCHES)
TOTALS             MM                MM      MM       MM
SINCE 7/1          MM                MM      MM       MM
SNOWDEPTH AVG.     MM                MM      MM       MM
DAYS >= 1.0        MM                MM      MM       MM
GREATEST
 SNOW DEPTH        MM                                 MM  MM
 24 HR TOTAL       MM                                 MM

DEGREE_DAYS
HEATING TOTAL    1375              1528    -153     1571
 SINCE 7/1       4550              5084    -534     5104
COOLING TOTAL       0                 0       0        0
 SINCE 1/1          0                 0       0        0
.................................................................

WIND (MPH)
AVERAGE WIND SPEED              2.0
HIGHEST WIND SPEED/DIRECTION    23/230    DATE  01/17
HIGHEST GUST SPEED/DIRECTION    26/240    DATE  01/17

SKY COVER
POSSIBLE SUNSHINE (PERCENT)   MM
AVERAGE SKY COVER           0.50
NUMBER OF DAYS FAIR           11
NUMBER OF DAYS PC             11
NUMBER OF DAYS CLOUDY          9

AVERAGE RH (PERCENT)     78

WEATHER CONDITIONS. NUMBER OF DAYS WITH
THUNDERSTORM              0     MIXED PRECIP               0
HEAVY RAIN                0     RAIN                       0
LIGHT RAIN                4     FREEZING RAIN              0
LT FREEZING RAIN          0     HAIL                       0
HEAVY SNOW                0     SNOW                       2
LIGHT SNOW                7     SLEET                      0
FOG                      22     FOG W/VIS <= 1/4 MILE     10
HAZE                      8

-  INDICATES NEGATIVE NUMBERS.
R  INDICATES RECORD WAS SET OR TIED.
MM INDICATES DATA IS MISSING.
T  INDICATES TRACE AMOUNT.

$$
