000
CXUS55 KGJT 011256
CLMCAG


CLIMATE REPORT
NATIONAL WEATHER SERVICE GRAND JUNCTION CO
552 AM MST THU JAN 1 2015

...................................

...THE CRAIG CO CLIMATE SUMMARY FOR THE MONTH OF DECEMBER 2014...

CLIMATE NORMAL PERIOD 1981 TO 2010
CLIMATE RECORD PERIOD 9999 TO 9999

WEATHER         OBSERVED          NORMAL  DEPART  LAST YEAR`S
                 VALUE   DATE(S)  VALUE   FROM    VALUE  DATE(S)
                                          NORMAL
................................................................
TEMPERATURE (F)
HIGHEST            54   12/11        MM      MM       46  12/02
                        12/02
LOWEST            -29   12/31        MM      MM      -31  12/05
AVG. MAXIMUM     35.9              30.7     5.2     25.4
AVG. MINIMUM     11.6               4.4     7.2     -0.9
MEAN             23.8              17.6     6.2     12.2
DAYS MAX >= 90      0               0.0     0.0        0
DAYS MAX <= 32     13              16.4    -3.4       24
DAYS MIN <= 32     31              30.9     0.1       30
DAYS MIN <= 0       7              11.9    -4.9       18

PRECIPITATION (INCHES)
TOTALS           0.84              1.00   -0.16     1.48
DAILY AVG.       0.03              0.03    0.00     0.05
DAYS >= .01        10                MM      MM        9
DAYS >= .10         5                MM      MM        4
DAYS >= .50         0                MM      MM        1
DAYS >= 1.00        0                MM      MM        0
GREATEST
 24 HR. TOTAL    0.28   12/13 TO 12/14              0.68

SNOWFALL (INCHES)
TOTALS             MM                MM      MM       MM
SINCE 7/1          MM                MM      MM       MM
SNOWDEPTH AVG.     MM                MM      MM       MM
DAYS >= 1.0        MM                MM      MM       MM
GREATEST
 SNOW DEPTH        MM                                 MM  MM
 24 HR TOTAL       MM                                 MM

DEGREE_DAYS
HEATING TOTAL    1272              1471    -199     1629
 SINCE 7/1       3175              3556    -381     3533
COOLING TOTAL       0                 0       0        0
 SINCE 1/1         71               142     -71      377
.................................................................

WIND (MPH)
AVERAGE WIND SPEED              4.3
HIGHEST WIND SPEED/DIRECTION    29/250    DATE  12/21
HIGHEST GUST SPEED/DIRECTION    39/250    DATE  12/21

SKY COVER
POSSIBLE SUNSHINE (PERCENT)   MM
AVERAGE SKY COVER           0.60
NUMBER OF DAYS FAIR           11
NUMBER OF DAYS PC              9
NUMBER OF DAYS CLOUDY         11

AVERAGE RH (PERCENT)     75

WEATHER CONDITIONS. NUMBER OF DAYS WITH
THUNDERSTORM              0     MIXED PRECIP               0
HEAVY RAIN                0     RAIN                       0
LIGHT RAIN                1     FREEZING RAIN              0
LT FREEZING RAIN          0     HAIL                       0
HEAVY SNOW                3     SNOW                       5
LIGHT SNOW               16     SLEET                      0
FOG                      20     FOG W/VIS <= 1/4 MILE      7
HAZE                      9

-  INDICATES NEGATIVE NUMBERS.
R  INDICATES RECORD WAS SET OR TIED.
MM INDICATES DATA IS MISSING.
T  INDICATES TRACE AMOUNT.

$$
