481
CXUS55 KABQ 011741
CLMCAO

ABQCLMCAO 000
TTAA00 KABQ 011118


CLIMATE REPORT
NATIONAL WEATHER SERVICE ALBUQUERQUE NM
515 AM MDT WED NOV 1 2017

...................................

...THE CLAYTON  NM CLIMATE SUMMARY FOR THE MONTH OF OCTOBER 2017...

CLIMATE NORMAL PERIOD 1981 TO 2010
CLIMATE RECORD PERIOD 1896 TO 2017

WEATHER         OBSERVED          NORMAL  DEPART  LAST YEAR`S
                 VALUE   DATE(S)  VALUE   FROM    VALUE  DATE(S)
                                          NORMAL
................................................................
TEMPERATURE (F)
RECORD
 HIGH              93   10/03/2000
                        10/17/1926
 LOW                7   10/29/1917
HIGHEST            91   10/16        MM      MM       91  10/17
                                                          10/16
LOWEST             30   10/07        MM      MM       30  10/07
                        09/9999
                        09/9999
AVG. MAXIMUM     78.3              68.5     9.8     78.3
AVG. MINIMUM     45.7              41.1     4.6     45.7
MEAN             62.0              54.8     7.2     62.0
DAYS MAX >= 90      3               0.1     2.9        3
DAYS MAX <= 32      0               0.1    -0.1        0
DAYS MIN <= 32      1               3.6    -2.6        1
DAYS MIN <= 0       0               0.0     0.0        0

PRECIPITATION (INCHES)
RECORD
 MAXIMUM           MM   MM
 MINIMUM           MM   MM
TOTALS           0.03              1.11   -1.08     0.03
DAILY AVG.       0.03              0.04   -0.01     0.00
DAYS >= .01         1               4.7    -3.7        1
DAYS >= .10         0               2.5    -2.5        0
DAYS >= .50         0               0.5    -0.5        0
DAYS >= 1.00        0               0.3    -0.3        0
GREATEST
 24 HR. TOTAL    0.90   10/05 TO 10/05              0.03

SNOWFALL (INCHES)
RECORDS
 TOTAL             MM   MM
TOTALS              T               0.8    -0.8        T
SINCE 7/1           T               1.1    -1.1        T
SNOWDEPTH AVG.      0                MM      MM        0
DAYS >= 1.0         0               0.2    -0.2        0
GREATEST
 SNOW DEPTH         0   MM                             0  MM
 24 HR TOTAL        T   10/09 TO 10/09                 T

DEGREE_DAYS
HEATING TOTAL     132               326    -194      132
 SINCE 7/1        213               410    -197      171
COOLING TOTAL      46                10      36       46
 SINCE 1/1        868               909     -41     1115
.................................................................

WIND (MPH)
AVERAGE WIND SPEED              13.5
HIGHEST WIND SPEED/DIRECTION    38/360    DATE  10/09
HIGHEST GUST SPEED/DIRECTION    48/360    DATE  10/09

SKY COVER
AVERAGE SKY COVER           0.20

AVERAGE RH (PERCENT)     56

WEATHER CONDITIONS. NUMBER OF DAYS WITH
THUNDERSTORM              0     MIXED PRECIP               0
HEAVY RAIN                1     RAIN                       2
LIGHT RAIN                5     FREEZING RAIN              0
LT FREEZING RAIN          0     HAIL                       0
HEAVY SNOW                0     SNOW                       0
LIGHT SNOW                1     SLEET                      0
FOG                       4     FOG W/VIS <= 1/4 MILE      1
HAZE                      0

-  INDICATES NEGATIVE NUMBERS.
R  INDICATES RECORD WAS SET OR TIED.
MM INDICATES DATA IS MISSING.
T  INDICATES TRACE AMOUNT.

$$
