000
CXUS51 KCAR 101124
CLMCAR


CLIMATE REPORT
NATIONAL WEATHER SERVICE CARIBOU, ME
419 AM EDT SUN SEP 10 2017

...................................

...THE CARIBOU ME CLIMATE SUMMARY FOR THE SEASON, FROM
6/1/2017 TO 8/31/2017...

CLIMATE NORMAL PERIOD 1981 TO 2010
CLIMATE RECORD PERIOD 1939 TO 2017

WEATHER         OBSERVED          NORMAL  DEPART  LAST YEAR`S
                 VALUE   DATE(S)  VALUE   FROM    VALUE  DATE(S)
                                          NORMAL
................................................................
TEMPERATURE (F)
RECORD
 HIGH              96   06/29/1944
 LOW               30   06/07/1958
HIGHEST            91   06/11        MM      MM       89  06/19
LOWEST             40   06/07        MM      MM       39  06/17
AVG. MAXIMUM     74.9              74.0     0.9     75.7
AVG. MINIMUM     53.0              52.7     0.3     54.2
MEAN             63.9              63.3     0.6     65.0
DAYS MAX >= 90      1               1.0     0.0        0
DAYS MAX <= 32      0               0.0     0.0        0
DAYS MIN <= 32      0               0.0     0.0        0
DAYS MIN <= 0       0               0.0     0.0        0

PRECIPITATION (INCHES)
RECORD
 MAXIMUM           MM   MM
 MINIMUM           MM   MM
TOTALS           9.29             11.32   -2.03    15.18
DAILY AVG.       0.10              0.12   -0.02     0.16
DAYS >= .01        44              40.7     3.3       43
DAYS >= .10        20              24.1    -4.1       28
DAYS >= .50         5               7.2    -2.2       13
DAYS >= 1.00        1               2.0    -1.0        3
GREATEST
 24 HR. TOTAL    1.08   MM                       08/31 TO 08/31
                                                          08/31 TO 08/31
                                                          08/31 TO 08/31

SNOWFALL (INCHES)
RECORDS
 TOTAL              T   2011
TOTALS            0.0               0.0     0.0      0.0
SINCE 7/1         0.0               0.0     0.0      0.0
SNOWDEPTH AVG.      0                MM      MM        0
DAYS >= 1.0         0               0.0     0.0        0
GREATEST
 SNOW DEPTH         0   MM                             0  MM
 24 HR TOTAL      0.0   MM                       08/31 TO 08/31
                                                          08/31 TO 08/31
                                                          08/31 TO 08/31

DEGREE_DAYS
HEATING TOTAL     256               319     -63      224
 SINCE 7/1        124               154     -30       80
COOLING TOTAL     181               164      17      245
 SINCE 1/1        187               169      18      253
..................................................

WIND (MPH)
AVERAGE WIND SPEED              6.1
HIGHEST WIND SPEED/DIRECTION    31/330    DATE  07/21
HIGHEST GUST SPEED/DIRECTION    45/330    DATE  07/21

SKY COVER
POSSIBLE SUNSHINE (PERCENT)   MM
AVERAGE SKY COVER           0.40
NUMBER OF DAYS FAIR           44
NUMBER OF DAYS PC             36
NUMBER OF DAYS CLOUDY         12

AVERAGE RH (PERCENT)     69

WEATHER CONDITIONS. NUMBER OF DAYS WITH
THUNDERSTORM              0     MIXED PRECIP               0
HEAVY RAIN               16     RAIN                      21
LIGHT RAIN               51     FREEZING RAIN              0
LT FREEZING RAIN          0     HAIL                       0
HEAVY SNOW                0     SNOW                       0
LIGHT SNOW                0     SLEET                      0
FOG                      39     FOG W/VIS <= 1/4 MILE      5
HAZE                      1

-  INDICATES NEGATIVE NUMBERS.
R  INDICATES RECORD WAS SET OR TIED.
MM INDICATES DATA IS MISSING.
T  INDICATES TRACE AMOUNT.

$$
