000
CXAK58 PACD 011701
CLMCDB

CLIMATE REPORT
NATIONAL WEATHER SERVICE COLD BAY, AK
901 AM AKDT MON AUG 1 2016

...................................

...THE COLD BAY AP CLIMATE SUMMARY FOR THE MONTH OF JULY 2016...

CLIMATE NORMAL PERIOD 1981 TO 2010
CLIMATE RECORD PERIOD 1942 TO 2016

WEATHER         OBSERVED          NORMAL  DEPART  LAST YEAR`S
                 VALUE   DATE(S)  VALUE   FROM    VALUE  DATE(S)
                                          NORMAL
................................................................
TEMPERATURE (F)
RECORD
 HIGH              77   7/13/1960
 LOW               33   7/08/1982
HIGHEST            67   7/30         61       6      65  7/31
LOWEST             37                39      -2      43  7/31
AVG. MAXIMUM       60.5              55.3     5.2    56.4
AVG. MINIMUM       48.8              46.4     2.4    47.4
MEAN               54.6              50.9     3.7    51.9
DAYS MAX >= 90      0                 0.0     0.0     0
DAYS MAX <= 32      0                 0.0     0.0     0
DAYS MAX >= 80      0                 0.0     0.0     0
DAYS MAX >= 70      0                 0.1    -0.1     0
DAYS MIN <= 32      0                 0.0     0.0     0
DAYS MIN <= 0       0                 0.0     0.0     0

PRECIPITATION (INCHES)
RECORD
 MAXIMUM            6.13   1982
 MINIMUM            0.45   1991
TOTALS              2.02              2.48   -0.46    2.47
DAILY AVG.          0.07              0.08   -0.01    0.08
DAYS >= .01        22                17.2     4.8    22
DAYS >= .10         8                 6.8     1.2    11
DAYS >= .50         0                 0.9    -0.9     0
DAYS >= 1.0         0                 0.1    -0.1     0
GREATEST
 24 HR TOTAL        0.39   7/31                       0.24  7/11

SNOWFALL (INCHES)
RECORDS
 TOTAL              0.0   1976
 24 HR TOTAL        0.0   7-04-1976
 SNOW DEPTH         0     7-31-2016
TOTALS              0.0               0.0     0.0     0.0
SINCE 7/1           0.0               0.0     0.0     0.0
SNOWDEPTH AVG.      0                 0       0       0
DAYS >= TRACE       0                 0.0     0.0     0
DAYS >= 1.0         0                 0.0     0.0     0
DAYS >= 6.0         0                 0.0     0.0     0
GREATEST
 SNOW DEPTH         0   MM                            0  MM
 24 HR TOTAL      0.0   MM                          0.0  MM

DEGREE_DAYS
HEATING TOTAL     311               438    -127     400
 SINCE 7/1        311               438    -127     400
COOLING TOTAL       0                 0       0       0
 SINCE 1/1          0                 0       0       0
................................................................

WIND (MPH)
AVERAGE WIND SPEED               11.5
HIGHEST WIND SPEED/DIRECTION     40/150    DATE    07/7
HIGHEST GUST SPEED/DIRECTION     47/150    DATE    07/7

SKY COVER
POSSIBLE SUNSHINE (PERCENT)   MM
AVERAGE SKY COVER             MM
NUMBER OF DAYS FAIR           MM
NUMBER OF DAYS PC             MM
NUMBER OF DAYS CLOUDY         MM

AVERAGE RH (PERCENT)     MM

WEATHER CONDITIONS. NUMBER OF DAYS WITH
THUNDERSTORM              0     ICE PELLETS                 0
RAIN                     25     GLAZE                       0
DRIZZLE                   0     HAIL                        0
SNOW                      0     HAZE                        0
FOG                      28     FOG W/VIS <= 1/4 MILE       0
BLOWING SNOW              0


-  INDICATES NEGATIVE NUMBERS.
R  INDICATES RECORD WAS SET OR TIED.
MM INDICATES DATA IS MISSING.
T  INDICATES TRACE AMOUNT.

&&
...JULY HAD ABOVE AVERAGE TEMPERATURES WITH BELOW AVERAGE PRECIPITATION...

TEMPERATURES...THE MAXIMUM TEMPERATURE FOR JULY WAS 67 DEGREES WHICH WAS TWO
DEGREES ABOVE THE AVERAGE OF 65 DEGREES FOR THE MONTH OF JULY. THE MINIMUM
TEMPERATURE WAS 37 DEGREES WHICH IS THREE DEGREES COOLER THAN THE AVERAGE WHICH IS
40 DEGREES FOR THE MONTH OF JULY. THE MAXIMUM TEMPERATURE WAS TWO DEGREES WARMER
THAN LAST YEAR. THE MINIMUM TEMPERATURE WAS SIX DEGREES COOLER THAN LAST YEAR.

PRECIPITATION...JULY PRECIPITATION TOTAL OF 2.02 INCHES WAS 0.45 INCHES BELOW
AVERAGE...AND 0.45 INCHES LOWER THAN LAST YEARS TOTAL OF 2.47 INCHES.

RECORDS:

JULY 1ST...RECORD MAXIMUM TEMPERATURE OF 66 DEGREES WHICH BROKE THE PREVIOUS RECORD
OF 64 DEGREES SET IN 2006...RECORD MINIMUM TEMPERATURE OF 37 DEGREES WHICH BROKE
THE PREVIOUS RECORD OF 38 DEGREES SET IN 1971.

JULY 13TH...TIED RECORD HIGH MINIMUM TEMPERATURE OF 52 DEGREES THIS TIED THE
PREVIOUS RECORD SET IN 2014.

JULY 14TH...NEW HIGH MINIMUM TEMPERATURE RECORD OF 53 DEGREES THIS BROKE THE
PREVIOUS RECORD OF 51 DEGREES SET IN 2004.

JULY 16TH...TIED HIGH MINIMUM TEMPERATURE OF 50 DEGREES THIS TIED THE PREVIOUS
RECORD SET IN 2014.

JULY 17TH...RECORD MAXIMUM TEMPERATURE OF 66 DEGREES WHICH BROKE THE PREVIOUS
RECORD OF 65 DEGREES SET IN 2014...NEW HIGH MINIMUM TEMPERATURE OF 53 DEGREES THIS
BROKE THE PREVIOUS RECORD OF 52 DEGREES SET IN 2013.

JULY 18TH...TIED MAXIMUM TEMPERATURE RECORD OF 67 DEGREES WHICH TIED THE PREVIOUS
RECORD SET IN 1979.

JULY 20TH...NEW HIGH MINIMUM TEMPERATURE RECORD OF 54 DEGREES THIS BROKE THE
PREVIOUS RECORD OF 53 DEGREES SET IN 2002.

$$
DAB AUG 16
