000
CXUS53 KPAH 010658
CLMCGI

PAHCLMCAP 000
TTAA00 KPAH 010647


CLIMATE REPORT
NATIONAL WEATHER SERVICE PADUCAH KY
145 AM CDT FRI SEP 1 2017

...................................

...THE CAPE GIRARDEAU MO CLIMATE SUMMARY FOR THE MONTH OF AUGUST 2017...

CLIMATE NORMAL PERIOD 1981 TO 2010
CLIMATE RECORD PERIOD 1960 TO 2017

WEATHER         OBSERVED          NORMAL  DEPART  LAST YEAR`S
                 VALUE   DATE(S)  VALUE   FROM    VALUE
                                          NORMAL
.............................................................
TEMPERATURE (F)
RECORD
 HIGH             105   08/04/1964
 LOW               45   08/29/1986
HIGHEST            92   08/21                         94
                        08/19
LOWEST             51   08/05                         59
AVG. MAXIMUM     84.6              88.7    -4.1     87.3
AVG. MINIMUM     62.8              65.4    -2.6     70.2
MEAN             73.7              77.0    -3.3     78.8
DAYS MAX >= 90      3              12.8    -9.8       15
DAYS MAX <= 32      0               0.0     0.0        0
DAYS MIN <= 32      0               0.0     0.0        0
DAYS MIN <= 0       0               0.0     0.0        0

PRECIPITATION (INCHES)
RECORD
 MAXIMUM         7.80   1985
 MINIMUM         0.01   2007
TOTALS           2.21              3.02   -0.81     6.26
DAILY AVG.       0.07              0.10   -0.03     0.20
DAYS >= .01         7               7.6    -0.6       10
DAYS >= .10         3               4.6    -1.6        8
DAYS >= .50         2               1.6     0.4        5
DAYS >= 1.00        1               0.9     0.1        2
GREATEST
 24 HR. TOTAL    1.23   08/06 TO 08/06

DEGREE_DAYS
COOLING TOTAL     278               374     -96      435
 SINCE 1/1       1202              1260     -58     1443
..............................................................

WIND (MPH)
AVERAGE WIND SPEED              4.5
HIGHEST WIND SPEED/DIRECTION    24/020    DATE  08/31
HIGHEST GUST SPEED/DIRECTION    32/030    DATE  08/31

SKY COVER
POSSIBLE SUNSHINE (PERCENT)   MM
AVERAGE SKY COVER           0.30
NUMBER OF DAYS FAIR           21
NUMBER OF DAYS PC              8
NUMBER OF DAYS CLOUDY          2

AVERAGE RH (PERCENT)     74

WEATHER CONDITIONS. NUMBER OF DAYS WITH
THUNDERSTORM              0     MIXED PRECIP               0
HEAVY RAIN                3     RAIN                       3
LIGHT RAIN               10     FREEZING RAIN              0
LT FREEZING RAIN          0     HAIL                       0
HEAVY SNOW                0     SNOW                       0
LIGHT SNOW                0     SLEET                      0
FOG                      21     FOG W/VIS <= 1/4 MILE      7
HAZE                      0

-  INDICATES NEGATIVE NUMBERS.
R  INDICATES RECORD WAS SET OR TIED.
MM INDICATES DATA IS MISSING.
T  INDICATES TRACE AMOUNT.

$$
