000
CXUS52 KGSP 011327
CLMCLT

CLIMATE REPORT
NATIONAL WEATHER SERVICE GREENVILLE-SPARTANBURG SC
823 AM EST SUN FEB 1 2015

...................................

...THE CHARLOTTE CLIMATE SUMMARY FOR THE MONTH OF JANUARY 2015...

CLIMATE NORMAL PERIOD 1981 TO 2010
CLIMATE RECORD PERIOD 1878 TO 2015

WEATHER         OBSERVED          NORMAL  DEPART  LAST YEAR`S
                 VALUE   DATE(S)  VALUE   FROM    VALUE  DATE(S)
                                          NORMAL
................................................................
TEMPERATURE (F)
RECORD
 HIGH              79   01/29/2002
                        01/28/1944
 LOW               -5   01/21/1985
HIGHEST            67   01/20        MM      MM       66  01/20
LOWEST              8   01/08        MM      MM        5  01/30
AVG. MAXIMUM     51.3              50.7     0.6     47.2
AVG. MINIMUM     29.4              29.6    -0.2     23.8
MEAN             40.3              40.1     0.2     35.5
DAYS MAX >= 90      0               0.0     0.0        0
DAYS MAX <= 32      1               0.9     0.1        3
DAYS MIN <= 32     18              18.4    -0.4       22
DAYS MIN <= 0       0               0.1    -0.1        0

PRECIPITATION (INCHES)
RECORD
 MAXIMUM        10.39   1936
 MINIMUM         0.45   1981
TOTALS           2.80              3.41   -0.61     2.91
DAILY AVG.       0.09              0.11   -0.02     0.09
DAYS >= .01        10               9.7     0.3        8
DAYS >= .10         6               6.7    -0.7        6
DAYS >= .50         2               2.3    -0.3        2
DAYS >= 1.00        0               0.9    -0.9        1
GREATEST
 24 HR. TOTAL    1.05   01/11 TO 01/12           01/10 TO 01/11
                                                          01/28 TO 01/28
                                                          01/28 TO 01/28
 STORM TOTAL       MM                                 MM
 (MM/DD(HH))            MM                    01/11(00) TO 01/11(00)
                                                 01/28(00) TO 01/28(00)8
                                                 01/28(00) TO 01/28(00)8

SNOWFALL (INCHES)
RECORDS
 TOTAL           13.5   1893
 24 HR TOTAL     12.1   01/07/1988 TO 01/07/1988
 SNOW DEPTH        12   01/07/1988
TOTALS            0.0               2.1    -2.1      0.9
 LIQUID EQUIV    0.00              0.20   -0.20     0.09
SINCE 7/1           T               2.5    -2.5      0.9
 LIQUID 7/1        MM              0.20      MM     0.09
SNOWDEPTH AVG.      0                MM      MM        0
DAYS >= TRACE       0               1.0    -1.0        2
DAYS >= 1.0         0               0.6    -0.6        0
GREATEST
 SNOW DEPTH         0   MM                             1  01/29
 24 HR TOTAL      0.0   01/31 TO 01/31           01/28 TO 01/28
                                                          01/28 TO 01/28
                                                          01/28 TO 01/28
 STORM TOTAL       MM                                 MM
 (MM/DD(HH))            MM                    01/28(00) TO 01/28(00)
                                                 01/28(00) TO 01/28(00)8
                                                 01/28(00) TO 01/28(00)8

DEGREE_DAYS
HEATING TOTAL     759               770     -11      906
 SINCE 7/1       2007              2107    -100     2133
COOLING TOTAL       0                 0       0        0
 SINCE 1/1          0                 0       0        0

FREEZE DATES
RECORD
 EARLIEST     MM
 LATEST       MM
EARLIEST                        MM
LATEST                          MM
.........................................................

WIND (MPH)
AVERAGE WIND SPEED              5.7
HIGHEST WIND SPEED/DIRECTION    26/320    DATE  01/30
HIGHEST GUST SPEED/DIRECTION    35/340    DATE  01/07

SKY COVER
POSSIBLE SUNSHINE (PERCENT)   MM
AVERAGE SKY COVER           0.50
NUMBER OF DAYS FAIR            9
NUMBER OF DAYS PC             14
NUMBER OF DAYS CLOUDY          8

AVERAGE RH (PERCENT)     57

WEATHER CONDITIONS. NUMBER OF DAYS WITH
THUNDERSTORM              0     MIXED PRECIP               0
HEAVY RAIN                3     RAIN                       5
LIGHT RAIN               12     FREEZING RAIN              0
LT FREEZING RAIN          0     HAIL                       0
HEAVY SNOW                0     SNOW                       0
LIGHT SNOW                0     SLEET                      0
FOG                      11     FOG W/VIS <= 1/4 MILE      3
HAZE                      1

-  INDICATES NEGATIVE NUMBERS.
R  INDICATES RECORD WAS SET OR TIED.
MM INDICATES DATA IS MISSING.
T  INDICATES TRACE AMOUNT.

$$
JPT
