000
CXUS53 KTOP 020357 CCA
CLMCNK

CLIMATE REPORT...CORRECTED THUNDERSTORM DAYS
NATIONAL WEATHER SERVICE TOPEKA KS
1057 PM CDT SAT NOV 1 2014

...................................

...THE CONCORDIA KS CLIMATE SUMMARY FOR THE MONTH OF OCTOBER 2014...

CLIMATE NORMAL PERIOD 1981 TO 2010
CLIMATE RECORD PERIOD 1885 TO 2014

WEATHER         OBSERVED          NORMAL  DEPART  LAST YEAR`S
                 VALUE   DATE(S)  VALUE   FROM    VALUE
                                          NORMAL
.............................................................
TEMPERATURE (F)
RECORD
 HIGH             102   10/05/1947
 LOW               14   10/31/1993
HIGHEST            84   10/26        75       9       89
LOWEST             27   10/31        37     -10       31
AVG. MAXIMUM     69.8              67.1     2.7     67.7
AVG. MINIMUM     45.3              43.8     1.5     43.0
MEAN             57.6              55.4     2.2     55.4
DAYS MAX >= 90      0               0.4    -0.4        0
DAYS MAX <= 32      0               0.0     0.0        0
DAYS MIN <= 32      2               2.9    -0.9        1
DAYS MIN <= 0       0               0.0     0.0        0

PRECIPITATION (INCHES)
RECORD
 MAXIMUM         6.37   1959
 MINIMUM         0.00   1952
TOTALS           2.44              1.92    0.52     0.80
DAILY AVG.       0.08              0.06    0.02     0.03
DAYS >= .01         6               6.9    -0.9        5
DAYS >= .10         4               3.9     0.1        1
DAYS >= .50         2               1.4     0.6        1
DAYS >= 1.00        1               0.3     0.7        0
GREATEST
 24 HR. TOTAL    1.07   10/02 TO 10/03              0.69

SNOWFALL (INCHES)
RECORDS
 TOTAL            4.6   1970
TOTALS            0.0               0.2    -0.2      0.0
SINCE 7/1         0.0               0.2    -0.2      0.0
SNOWDEPTH AVG.      0                                  0
DAYS >= 1.0         0               0.1    -0.1        0
GREATEST
 SNOW DEPTH         0   MM                             0
 24 HR TOTAL      0.0   10/31 TO 10/31               0.0

DEGREE_DAYS
HEATING TOTAL     247               318     -71      323
 SINCE 7/1        331               391     -60      344
COOLING TOTAL      24                22       2       32
 SINCE 1/1       1368              1348      20     1359
..............................................................

WIND (MPH)
AVERAGE WIND SPEED              8.7
HIGHEST WIND SPEED/DIRECTION    32/340    DATE  10/13
HIGHEST GUST SPEED/DIRECTION    46/360    DATE  10/13

SKY COVER
POSSIBLE SUNSHINE (PERCENT)   MM
AVERAGE SKY COVER           0.20
NUMBER OF DAYS FAIR           25
NUMBER OF DAYS PC              5
NUMBER OF DAYS CLOUDY          1

AVERAGE RH (PERCENT)     66

WEATHER CONDITIONS. NUMBER OF DAYS WITH
THUNDERSTORM              1     MIXED PRECIP               0
HEAVY RAIN                3     RAIN                       4
LIGHT RAIN                7     FREEZING RAIN              0
LT FREEZING RAIN          0     HEAVY SNOW                 0
SNOW                      0     LIGHT SNOW                 0
FOG                      10     FOG W/VIS <= 1/4 MILE      1
HAZE                      5

-  INDICATES NEGATIVE NUMBERS.
R  INDICATES RECORD WAS SET OR TIED.
MM INDICATES DATA IS MISSING.
T  INDICATES TRACE AMOUNT.

$$
