000
CXUS53 KUNR 011604
CLMCUT


CLIMATE REPORT
NATIONAL WEATHER SERVICE RAPID CITY SD
903 AM MST FRI DEC 1 2017

...................................

...THE CUSTER COUNTY AIRPORT SD CLIMATE SUMMARY FOR THE MONTH OF NOVEMBER 2017...

CLIMATE NORMAL PERIOD 1981 TO 2010
CLIMATE RECORD PERIOD 9999 TO 9999

WEATHER         OBSERVED          NORMAL  DEPART  LAST YEAR`S
                 VALUE   DATE(S)  VALUE   FROM    VALUE  DATE(S)
                                          NORMAL
................................................................
TEMPERATURE (F)
HIGHEST            63   11/23                         71  11/05
LOWEST             15   11/07                          7  11/19
AVG. MAXIMUM     45.8              42.1     3.7     52.5
AVG. MINIMUM     25.6              21.1     4.5     28.0
MEAN             35.7              31.6     4.1     40.3
DAYS MAX >= 90      0                                  0
DAYS MAX <= 32      4                                  3
DAYS MIN <= 32     24                                 18
DAYS MIN <= 0       0                                  0

PRECIPITATION (INCHES)
TOTALS           0.81              0.61    0.20     0.12
DAILY AVG.       0.03              0.02    0.01     0.00
DAYS >= .01         8                                  2
DAYS >= .10         3                                  1
DAYS >= .50         0                                  0
DAYS >= 1.00        0                                  0
GREATEST
 24 HR. TOTAL    0.38   11/01 TO 11/01              0.11

DEGREE_DAYS
HEATING TOTAL     874              1002    -128      734
 SINCE 7/1       1964              2181    -217     1619
COOLING TOTAL       0                 0       0        0
 SINCE 1/1        235               177      58      259
.................................................................

WIND (MPH)
AVERAGE WIND SPEED              6.6
HIGHEST WIND SPEED/DIRECTION    29/290    DATE  11/29
HIGHEST GUST SPEED/DIRECTION    46/270    DATE  11/16

AVERAGE RH (PERCENT)     59

WEATHER CONDITIONS. NUMBER OF DAYS WITH
THUNDERSTORM              0     MIXED PRECIP               0
HEAVY RAIN                0     RAIN                       0
LIGHT RAIN                2     FREEZING RAIN              0
LT FREEZING RAIN          1     HAIL                       0
HEAVY SNOW                0     SNOW                       0
LIGHT SNOW                8     SLEET                      0
FOG                       9     FOG W/VIS <= 1/4 MILE      5
HAZE                      0

-  INDICATES NEGATIVE NUMBERS.
R  INDICATES RECORD WAS SET OR TIED.
MM INDICATES DATA IS MISSING.
T  INDICATES TRACE AMOUNT.

$$
