000
CXUS53 KUNR 092059
CLMD07


CLIMATE REPORT
NATIONAL WEATHER SERVICE RAPID CITY SD
159 PM MST THU MAR 9 2017

...................................

...THE FAITH SD CLIMATE SUMMARY FOR THE MONTH OF FEBRUARY 2017...

CLIMATE NORMAL PERIOD 1981 TO 2010
CLIMATE RECORD PERIOD 9999 TO 9999

WEATHER         OBSERVED          NORMAL  DEPART  LAST YEAR`S
                 VALUE   DATE(S)  VALUE   FROM    VALUE  DATE(S)
                                          NORMAL
................................................................
TEMPERATURE (F)
HIGHEST            69   02/21                         69  02/27
LOWEST             -4   02/08                         10  02/04
                        02/03                             02/03
AVG. MAXIMUM     36.7              33.4     3.3     42.8
AVG. MINIMUM     18.4              13.8     4.6     23.1
MEAN             27.6              23.6     4.0     32.9
DAYS MAX >= 90      0                                  0
DAYS MAX <= 32     11                                  4
DAYS MIN <= 32     24                                 26
DAYS MIN <= 0       5                                  0

PRECIPITATION (INCHES)
TOTALS           0.47              0.42    0.05     1.25
DAILY AVG.       0.02              0.01    0.01     0.04
DAYS >= .01         6                                 10
DAYS >= .10         1                                  3
DAYS >= .50         0                                  1
DAYS >= 1.00        0                                  0
GREATEST
 24 HR. TOTAL    0.33   02/28 TO 02/28              0.59

DEGREE_DAYS
HEATING TOTAL    1043              1159    -116      924
 SINCE 7/1       5351              5688    -337     4946
COOLING TOTAL       0                 0       0        0
 SINCE 1/1          0                 0       0        0
.................................................................

WIND (MPH)
AVERAGE WIND SPEED              12.5
HIGHEST WIND SPEED/DIRECTION    40/310    DATE  02/11
HIGHEST GUST SPEED/DIRECTION    47/320    DATE  02/11

AVERAGE RH (PERCENT)     77


-  INDICATES NEGATIVE NUMBERS.
R  INDICATES RECORD WAS SET OR TIED.
MM INDICATES DATA IS MISSING.
T  INDICATES TRACE AMOUNT.

$$
