426
CXUS52 KMLB 011623 AAA
CLMDAB

CLIMATE REPORT
NATIONAL WEATHER SERVICE MELBOURNE FL
1122 AM EST SUN JAN 1 2017

...................................

...THE DAYTONA BEACH CLIMATE SUMMARY FOR THE MONTH OF DECEMBER
2016...

CLIMATE NORMAL PERIOD 1981 TO 2010
CLIMATE RECORD PERIOD 1923 TO 2016

WEATHER         OBSERVED          NORMAL  DEPART  LAST YEAR`S
                 VALUE   DATE(S)  VALUE   FROM    VALUE
                                          NORMAL
.............................................................
TEMPERATURE (F)
MONTHLY RECORD
 WARMEST         70.9   1931
 COLDEST         50.1   2010
DAILY RECORD
 HIGH              88   12/31/1990
 LOW               19   12/26/1983
DECEMBER 2016
HIGHEST            86   12/18                         85
LOWEST             37   12/31                         44
AVG. MAXIMUM     75.7              70.4     5.3     78.7
AVG. MINIMUM     55.7              50.5     5.2     62.5
MEAN             65.7              60.5     5.2     70.6
DAYS MAX >= 90      0               0.0     0.0        0
DAYS MAX <= 32      0               0.0     0.0        0
DAYS MIN <= 32      0               1.2    -1.2        0
DAYS MIN <= 0       0               0.0     0.0        0

PRECIPITATION (INCHES)
MONTHLY RECORD
 MAXIMUM        11.98   1983
 MINIMUM            T   1933
                        1932
DAILY RECORD
 MAXIMUM         3.65   12/11/1983
DECEMBER 2016
TOTALS           0.70              2.63   -1.93     0.57
DAYS >= .01         6               7.5    -1.5        6
DAYS >= .10         1               4.0    -3.0        2
DAYS >= .50         1               1.8    -0.8        0
DAYS >= 1.00        0               0.9    -0.9        0
GREATEST
 24 HR. TOTAL    0.56   12/06 TO 12/06

SNOWFALL (INCHES)
TOTALS            0.0               0.0     0.0      0.0
SINCE 7/1         0.0               0.0     0.0      0.0
DAYS >= TRACE       0                                  0

DEGREE_DAYS
HEATING TOTAL      79               192    -113       25
 SINCE 7/1        116               266    -150       37
COOLING TOTAL     108                51      57      209
 SINCE 1/1       3487              2963     524     3757
..............................................................

WIND (MPH)
AVERAGE WIND SPEED              6.4
HIGHEST WIND SPEED/DIRECTION    28/270    DATE  12/06
HIGHEST GUST SPEED/DIRECTION    37/280    DATE  12/06

SKY COVER
POSSIBLE SUNSHINE (PERCENT)   MM
AVERAGE SKY COVER           0.50
NUMBER OF DAYS FAIR            8
NUMBER OF DAYS PC             22
NUMBER OF DAYS CLOUDY          1

AVERAGE RH (PERCENT)     78

WEATHER CONDITIONS. NUMBER OF DAYS WITH
THUNDERSTORM              2     MIXED PRECIP               0
HEAVY RAIN                2     RAIN                       3
LIGHT RAIN               10     LT FREEZING RAIN           0
HAIL                      0     LIGHT SNOW                 0
SLEET                     0     FOG                       25
FOG W/VIS <= 1/4 MILE     6     HAZE                       1

-  INDICATES NEGATIVE NUMBERS.
R  INDICATES RECORD WAS SET OR TIED.
MM INDICATES DATA IS MISSING.
T  INDICATES TRACE AMOUNT.

=============================================================

...THE DAYTONA BEACH CLIMATE SUMMARY FOR THE YEAR OF 2016...

CLIMATE NORMAL PERIOD 1981 TO 2010
CLIMATE RECORD PERIOD 1923 TO 2016

WEATHER         OBSERVED          NORMAL  DEPART  LAST YEAR`S
                 VALUE   DATE(S)  VALUE   FROM    VALUE
                                          NORMAL
.............................................................
TEMPERATURE (F)
YEARLY RECORDS
 WARMEST         73.7   2015
 COOLEST         67.5   1940
DAILY RECORDS
 HIGH             102   07/15/1981
                        06/24/1944
 LOW               15   01/21/1985
2016 DATA
HIGHEST            97   07/29                         96
                        07/28
LOWEST             31   01/24                         31
AVG. MAXIMUM     81.9              80.1     1.8     82.3
AVG. MINIMUM     63.4              61.7     1.7     65.2
MEAN             72.7              70.9     1.8     73.7
DAYS MAX >= 90     91              49.3    41.7       71
DAYS MAX <= 32      0               0.0     0.0        0
DAYS MIN <= 32      1               4.3    -3.3        1
DAYS MIN <= 0       0               0.0     0.0        0

PRECIPITATION (INCHES)
YEARLY RECORDS
 MAXIMUM        79.29   1953
 MINIMUM        31.36   2006
                        1956
2016 DATA
TOTALS          44.64             49.62   -4.98    43.92
DAYS >= .01       106             115.0    -9.0      123
DAYS >= .10        62              72.0   -10.0       72
DAYS >= .50        30              31.3    -1.3       26
DAYS >= 1.00       11              14.3    -3.3       12
GREATEST
 24 HR. TOTAL    4.29   10/07 TO 10/07
 STORM TOTAL       MM
 (MM/DD(HH))            MM

SNOWFALL (INCHES)
TOTALS            0.0               0.0     0.0      0.0
SINCE 7/1         0.0               0.0     0.0      0.0
DAYS >= TRACE       0                                  0

DEGREE_DAYS
HEATING TOTAL     587               809    -222      475
 SINCE 7/1        116               266    -150       37
COOLING TOTAL    3487              2963     524     3757
 SINCE 1/1       3487              2963     524     3757
...........................................................

WIND (MPH)
AVERAGE WIND SPEED              6.9
HIGHEST WIND SPEED/DIRECTION    52/020    DATE  10/07
HIGHEST GUST SPEED/DIRECTION    71/360    DATE  10/07

SKY COVER
POSSIBLE SUNSHINE (PERCENT)   MM
AVERAGE SKY COVER           0.50
NUMBER OF DAYS FAIR          101
NUMBER OF DAYS PC            228
NUMBER OF DAYS CLOUDY         37

AVERAGE RH (PERCENT)     74

WEATHER CONDITIONS. NUMBER OF DAYS WITH
THUNDERSTORM             81     MIXED PRECIP               0
HEAVY RAIN               55     RAIN                      72
LIGHT RAIN              140     FREEZING RAIN              0
LT FREEZING RAIN          0     HAIL                       0
LIGHT SNOW                0     SLEET                      0
FOG                     186     FOG W/VIS <= 1/4 MILE     18
HAZE                     36

-  INDICATES NEGATIVE NUMBERS.
R  INDICATES RECORD WAS SET OR TIED.
MM INDICATES DATA IS MISSING.
T  INDICATES TRACE AMOUNT.

$$

SMITH
