000
CXUS54 KFWD 010852
CLMDFW

CLIMATE REPORT
NATIONAL WEATHER SERVICE FORT WORTH TX
352 AM CDT FRI AUG 1 2014

...................................

...THE DALLAS FORT WORTH CLIMATE SUMMARY FOR THE MONTH OF JULY 2014...

CLIMATE NORMAL PERIOD 1981 TO 2010
CLIMATE RECORD PERIOD 1898 TO 2014

WEATHER         OBSERVED          NORMAL  DEPART  LAST YEAR`S
                 VALUE   DATE(S)  VALUE   FROM    VALUE  DATE(S)
                                          NORMAL
................................................................
TEMPERATURE (F)
RECORD
 HIGH             110   07/12/1998
                        07/18/1980
                        07/02/1980
 LOW               56   07/05/1924
                        07/10/1905
HIGHEST           103   07/27       103       0      102  07/31
                                                          07/11
                                                          07/10
LOWEST             65   07/20        68      -3       65  07/03
                        07/18
AVG. MAXIMUM     93.7              95.6    -1.9     94.8
AVG. MINIMUM     73.9              75.1    -1.2     74.1
MEAN             83.8              85.3    -1.5     84.4
DAYS MAX >= 90     25              27.4    -2.4       26
DAYS MAX <= 32      0               0.0     0.0        0
DAYS MAX >= 100     5                                  6
DAYS MIN <= 32      0               0.0     0.0        0
DAYS MIN <= 0       0               0.0     0.0        0
DAYS MIN >= 80      1                                  4

PRECIPITATION (INCHES)
RECORD
 MAXIMUM        11.13   1973
 MINIMUM         0.00   1993
TOTALS           0.98              2.16   -1.18     2.05
DAILY AVG.       0.03              0.07   -0.04     0.07
DAYS >= .01         4               4.5    -0.5        6
DAYS >= .10         2               3.1    -1.1        4
DAYS >= .50         1               1.5    -0.5        2
DAYS >= 1.00        0               0.7    -0.7        0
GREATEST
 24 HR. TOTAL    0.73   07/16 TO 07/17              0.82

DEGREE_DAYS
HEATING TOTAL       0                 0       0        0
 SINCE 7/1          0                 0       0        0
COOLING TOTAL     589               631     -42      609
 SINCE 1/1       1592              1544      48     1536
.................................................................

WIND (MPH)
AVERAGE WIND SPEED              9.6
HIGHEST WIND SPEED/DIRECTION    26/350    DATE  07/28
HIGHEST GUST SPEED/DIRECTION    33/010    DATE  07/28

SKY COVER
POSSIBLE SUNSHINE (PERCENT)   MM
AVERAGE SKY COVER           0.50
NUMBER OF DAYS FAIR            7
NUMBER OF DAYS PC             15
NUMBER OF DAYS CLOUDY          9

AVERAGE RH (PERCENT)     60

WEATHER CONDITIONS. NUMBER OF DAYS WITH
THUNDERSTORM              7     MIXED PRECIP               0
HEAVY RAIN                1     RAIN                       1
LIGHT RAIN                8     FREEZING RAIN              0
LT FREEZING RAIN          0     HAIL                       0
HEAVY SNOW                0     SNOW                       0
LIGHT SNOW                0     SLEET                      0
FOG                       7     FOG W/VIS <= 1/4 MILE      0
HAZE                      6

-  INDICATES NEGATIVE NUMBERS.
R  INDICATES RECORD WAS SET OR TIED.
MM INDICATES DATA IS MISSING.
T  INDICATES TRACE AMOUNT.

$$
