000
CXUS54 KFWD 010850
CLMDFW


CLIMATE REPORT
NATIONAL WEATHER SERVICE FORT WORTH TX
350 AM CDT FRI SEP 1 2017

...................................

...THE DALLAS FORT WORTH CLIMATE SUMMARY FOR THE MONTH OF AUGUST 2017...

CLIMATE NORMAL PERIOD 1981 TO 2010
CLIMATE RECORD PERIOD 1898 TO 2017

WEATHER         OBSERVED          NORMAL  DEPART  LAST YEAR`S
                 VALUE   DATE(S)  VALUE   FROM    VALUE  DATE(S)
                                          NORMAL
................................................................
TEMPERATURE (F)
RECORD
 HIGH             112   08/11/1936
                        08/18/1909
 LOW               55   08/31/1915
HIGHEST           100   08/19       103      -3      107  08/12
                        08/11
                        08/10
LOWEST             71   08/31        67       4       70  08/19
                        08/30
                        08/29
AVG. MAXIMUM     93.0              96.1    -3.1     94.7
AVG. MINIMUM     75.8              75.1     0.7     76.9
MEAN             84.4              85.6    -1.2     85.8
DAYS MAX >= 90     26              26.3    -0.3       26
DAYS MAX <= 32      0               0.0     0.0        0
DAYS MAX >= 100     3                                 12
DAYS MIN <= 32      0               0.0     0.0        0
DAYS MIN <= 0       0               0.0     0.0        0
DAYS MIN >= 80      4                                  9

PRECIPITATION (INCHES)
RECORD
 MAXIMUM        10.33   1915
 MINIMUM         0.00   2000
TOTALS           4.24              1.91    2.33     4.42
DAILY AVG.       0.14              0.06    0.08     0.14
DAYS >= .01        12               4.8     7.2        8
DAYS >= .10         7               2.9     4.1        3
DAYS >= .50         2               1.2     0.8        3
DAYS >= 1.00        1               0.5     0.5        2
GREATEST
 24 HR. TOTAL    2.07   08/12 TO 08/13              3.25

DEGREE_DAYS
HEATING TOTAL       0                 0       0        0
 SINCE 7/1          0                 0       0        0
COOLING TOTAL     610               638     -28      653
 SINCE 1/1       2501              2182     319     2351
.................................................................

WIND (MPH)
AVERAGE WIND SPEED              8.7
HIGHEST WIND SPEED/DIRECTION    30/030    DATE  08/17
HIGHEST GUST SPEED/DIRECTION    38/030    DATE  08/17

SKY COVER
POSSIBLE SUNSHINE (PERCENT)   MM
AVERAGE SKY COVER           0.60
NUMBER OF DAYS FAIR            3
NUMBER OF DAYS PC             18
NUMBER OF DAYS CLOUDY         10

AVERAGE RH (PERCENT)     67

WEATHER CONDITIONS. NUMBER OF DAYS WITH
THUNDERSTORM              7     MIXED PRECIP               0
HEAVY RAIN                5     RAIN                       8
LIGHT RAIN               16     FREEZING RAIN              0
LT FREEZING RAIN          0     HAIL                       0
HEAVY SNOW                0     SNOW                       0
LIGHT SNOW                0     SLEET                      0
FOG                      13     FOG W/VIS <= 1/4 MILE      0
HAZE                      4

-  INDICATES NEGATIVE NUMBERS.
R  INDICATES RECORD WAS SET OR TIED.
MM INDICATES DATA IS MISSING.
T  INDICATES TRACE AMOUNT.

$$
