000
CXUS53 KDDC 011603
CLMDGC


CLIMATE REPORT
NATIONAL WEATHER SERVICE DODGE CITY KS
953 AM CST FRI DEC 1 2017

...................................

...THE DODGE CITY KS CLIMATE SUMMARY FOR THE MONTH OF NOVEMBER 2017...

CLIMATE NORMAL PERIOD 1981 TO 2010
CLIMATE RECORD PERIOD 1875 TO 2017

WEATHER         OBSERVED          NORMAL  DEPART  LAST YEAR`S
                 VALUE   DATE(S)  VALUE   FROM    VALUE  DATE(S)
                                          NORMAL
................................................................
TEMPERATURE (F)
RECORD
 HIGH              91   11/08/1980
 LOW              -13   11/27/1887
HIGHEST            82   11/24        55      27       87  11/16
LOWEST             20   11/22        31     -11       14  11/19
                        11/08
AVG. MAXIMUM     60.4              55.9     4.5     64.3
AVG. MINIMUM     31.7              30.3     1.4     35.3
MEAN             46.1              43.1     3.0     49.8
DAYS MAX >= 90      0               0.0     0.0        0
DAYS MAX <= 32      0               1.2    -1.2        0
DAYS MIN <= 32     14              17.4    -3.4       13
DAYS MIN <= 0       0               0.0     0.0        0

PRECIPITATION (INCHES)
RECORD
 MAXIMUM         5.81   1909
 MINIMUM         0.00   1989
                        1966
                        1965
TOTALS           0.01              0.76   -0.75     0.37
DAYS >= .01         1               4.5    -3.5        4
DAYS >= .10         0               1.6    -1.6        2
DAYS >= .50         0               0.4    -0.4        0
DAYS >= 1.00        0               0.2    -0.2        0
GREATEST
 24 HR. TOTAL    0.01   11/18 TO 11/18           11/07 TO 11/07

SNOWFALL (INCHES)
RECORDS
 TOTAL           16.8   1929
 24 HR TOTAL     12.1   11/24/1992
 SNOW DEPTH        14   11/25/1992
                        11/26/1992
TOTALS            0.0               1.8    -1.8      0.0
SINCE 7/1         0.0               2.2    -2.2      0.0
SNOWDEPTH AVG.      0                MM      MM        0
DAYS >= 1.0         0               0.5    -0.5        0
GREATEST
 SNOW DEPTH         0   MM                             0  MM
 24 HR TOTAL      0.0   11/30 TO 11/30           11/30 TO 11/30

DEGREE_DAYS
HEATING TOTAL     563               658     -95      448
 SINCE 7/1        854              1014    -160      596
COOLING TOTAL       0                 1      -1        0
 SINCE 1/1       1520              1463      57     1580
.................................................

WIND (MPH)
AVERAGE WIND SPEED              11.6
RESULTANT WIND SPEED/DIRECTION   2/195
HIGHEST WIND SPEED/DIRECTION    38/030    DATE  11/28
HIGHEST GUST SPEED/DIRECTION    51/020    DATE  11/28

SKY COVER
POSSIBLE SUNSHINE (PERCENT)   MM
AVERAGE SKY COVER           0.20
NUMBER OF DAYS FAIR           19
NUMBER OF DAYS PC             10
NUMBER OF DAYS CLOUDY          1


WEATHER CONDITIONS. NUMBER OF DAYS WITH
THUNDERSTORM              0     MIXED PRECIP               0
HEAVY RAIN                0     RAIN                       0
LIGHT RAIN                2     FREEZING RAIN              0
LT FREEZING RAIN          0     HAIL                       0
HEAVY SNOW                0     SNOW                       0
LIGHT SNOW                0     SLEET                      0
FOG                      13     FOG W/VIS <= 1/4 MILE      1
HAZE                     15

-  INDICATES NEGATIVE NUMBERS.
R  INDICATES RECORD WAS SET OR TIED.
MM INDICATES DATA IS MISSING.
T  INDICATES TRACE AMOUNT.

$$
