000
CXUS53 KEAX 010744
CLMDMO

STLCLMWK3 000
TTAA00 KEAX 010740


CLIMATE REPORT
NATIONAL WEATHER SERVICE KANSAS CITY/PLEASANT HILL MO
139 AM CST SUN FEB 1 2015

...................................

...THE SEDALIA CLIMATE SUMMARY FOR THE MONTH OF JANUARY 2015...

CLIMATE NORMAL PERIOD 1981 TO 2010
CLIMATE RECORD PERIOD 9999 TO 9999

WEATHER         OBSERVED          NORMAL  DEPART  LAST YEAR`S
                 VALUE   DATE(S)  VALUE   FROM    VALUE  DATE(S)
                                          NORMAL
................................................................
TEMPERATURE (F)
HIGHEST            69   01/28        62       7       66  01/12
LOWEST              2   01/08                 3      -10  01/06
                        01/07
AVG. MAXIMUM     43.6              40.3     3.3     38.0
AVG. MINIMUM     23.2              21.9     1.3     15.7
MEAN             33.4              31.7     1.7     26.9
DAYS MAX >= 90      0               0.0     0.0        0
DAYS MAX <= 32      5               8.9    -3.9       10
DAYS MIN <= 32     25              27.5    -2.5       29
DAYS MIN <= 0       0               2.1    -2.1        3

PRECIPITATION (INCHES)
TOTALS           0.95              1.67   -0.72     0.22
DAILY AVG.       0.03              0.05   -0.02     0.01
DAYS >= .01         6               6.7    -0.7        3
DAYS >= .10         3               3.3    -0.3        1
DAYS >= .50         0               0.8    -0.8        0
DAYS >= 1.00        0               0.3    -0.3        0
GREATEST
 24 HR. TOTAL    0.43   01/31 TO 01/31

DEGREE_DAYS
HEATING TOTAL     972              1034     -62     1177
 SINCE 7/1       2797              2815     -18     3151
COOLING TOTAL       0                 0       0        0
 SINCE 1/1          0                 0       0        0
.................................................................

WIND (MPH)
AVERAGE WIND SPEED              10.0
HIGHEST WIND SPEED/DIRECTION    31/220    DATE  01/08
HIGHEST GUST SPEED/DIRECTION    99/270    DATE  01/31

SKY COVER
POSSIBLE SUNSHINE (PERCENT)   MM
AVERAGE SKY COVER           0.30
NUMBER OF DAYS FAIR           21
NUMBER OF DAYS PC              3
NUMBER OF DAYS CLOUDY          7

AVERAGE RH (PERCENT)     63

WEATHER CONDITIONS. NUMBER OF DAYS WITH
THUNDERSTORM              0     MIXED PRECIP               0
HEAVY RAIN                0     RAIN                       1
LIGHT RAIN                8     FREEZING RAIN              0
LT FREEZING RAIN          0     HAIL                       0
HEAVY SNOW                0     SNOW                       0
LIGHT SNOW                4     SLEET                      0
FOG                       9     FOG W/VIS <= 1/4 MILE      2
HAZE                      3

-  INDICATES NEGATIVE NUMBERS.
R  INDICATES RECORD WAS SET OR TIED.
MM INDICATES DATA IS MISSING.
T  INDICATES TRACE AMOUNT.

$$
