000
CXUS53 KEAX 020338
CLMDMO

CLIMATE REPORT
NATIONAL WEATHER SERVICE KANSAS CITY/PLEASANT HILL MO
1026 PM CDT MON AUG 1 2016

...................................

...THE SEDALIA CLIMATE SUMMARY FOR THE MONTH OF JULY 2016...

CLIMATE NORMAL PERIOD 1981 TO 2010
CLIMATE RECORD PERIOD 9999 TO 9999

WEATHER         OBSERVED          NORMAL  DEPART  LAST YEAR`S
                 VALUE   DATE(S)  VALUE   FROM    VALUE  DATE(S)
                                          NORMAL
................................................................
TEMPERATURE (F)
HIGHEST            97   07/24        97       0       96  07/28
                        07/23                             07/14
LOWEST             64   07/02        56       8       61  07/09
                                                          07/08
                                                          07/04
AVG. MAXIMUM     88.3              89.1    -0.8     87.8
AVG. MINIMUM     70.9              69.1     1.8     70.5
MEAN             79.6              79.1     0.5     79.2
DAYS MAX >= 90     15              12.8     2.2       14
DAYS MAX <= 32      0               0.0     0.0        0
DAYS MIN <= 32      0               0.0     0.0        0
DAYS MIN <= 0       0               0.0     0.0        0

PRECIPITATION (INCHES)
TOTALS           8.57              4.21    4.36     6.13
DAILY AVG.       0.28              0.14    0.14     0.20
DAYS >= .01        11               8.5     2.5        8
DAYS >= .10         9               6.1     2.9        5
DAYS >= .50         5               2.8     2.2        3
DAYS >= 1.00        3               1.4     1.6        1
GREATEST
 24 HR. TOTAL    3.93   07/02 TO 07/03

DEGREE_DAYS
HEATING TOTAL       0                 0       0        0
 SINCE 7/1          0                 0       0        0
COOLING TOTAL     461               437      24      447
 SINCE 1/1       1001               880     121      913
.................................................................

WIND (MPH)
AVERAGE WIND SPEED              7.0
HIGHEST WIND SPEED/DIRECTION    38/330    DATE  07/13
HIGHEST GUST SPEED/DIRECTION    52/330    DATE  07/13

SKY COVER
POSSIBLE SUNSHINE (PERCENT)   MM
AVERAGE SKY COVER           0.20
NUMBER OF DAYS FAIR           25
NUMBER OF DAYS PC              3
NUMBER OF DAYS CLOUDY          3

AVERAGE RH (PERCENT)     76

WEATHER CONDITIONS. NUMBER OF DAYS WITH
THUNDERSTORM             12     MIXED PRECIP               0
HEAVY RAIN                8     RAIN                       7
LIGHT RAIN               12     FREEZING RAIN              0
LT FREEZING RAIN          0     HAIL                       0
HEAVY SNOW                0     SNOW                       0
LIGHT SNOW                0     SLEET                      0
FOG                      15     FOG W/VIS <= 1/4 MILE      1
HAZE                      0

-  INDICATES NEGATIVE NUMBERS.
R  INDICATES RECORD WAS SET OR TIED.
MM INDICATES DATA IS MISSING.
T  INDICATES TRACE AMOUNT.

$$
