000
CXUS53 KDVN 011410
CLMDVN

CLIMATE REPORT
NATIONAL WEATHER SERVICE QUAD CITIES IA IL
709 AM CDT MON JUN 1 2015

...................................

...THE DAVENPORT IA CLIMATE SUMMARY FOR THE MONTH OF MAY 2015...

CLIMATE NORMAL PERIOD 1981 TO 2010
CLIMATE RECORD PERIOD 9999 TO 9999

WEATHER         OBSERVED          NORMAL  DEPART
                 VALUE   DATE(S)  VALUE   FROM
                                          NORMAL
................................................
TEMPERATURE (F)
HIGHEST            84   05/28        77       7
                        05/07
LOWEST             36   05/13        44      -8
                        05/01
AVG. MAXIMUM     73.3              72.0     1.3
AVG. MINIMUM     52.9              49.7     3.2
MEAN             63.1              60.8     2.3
DAYS MAX >= 90      0
DAYS MAX <= 32      0
DAYS MIN <= 32      0
DAYS MIN <= 0       0

PRECIPITATION (INCHES)
TOTALS           5.32              4.25    1.07
DAILY AVG.       0.17              0.14    0.03
DAYS >= .01        14
DAYS >= .10        11
DAYS >= .50         4
DAYS >= 1.00        2
GREATEST
 24 HR. TOTAL    1.16   05/04 TO 05/05

SNOWFALL (INCHES)
TOTALS              T
SINCE 7/1        32.5
SNOWDEPTH AVG.      0
DAYS >= TRACE       1
DAYS >= 1.0         0
GREATEST
 SNOW DEPTH         0   MM
 24 HR TOTAL        T   05/20 TO 05/20

DEGREE_DAYS
HEATING TOTAL     131               183     -52
 SINCE 7/1       6917              6487     430
COOLING TOTAL      79                55      24
 SINCE 1/1         80                61      19
.................................................

WIND (MPH)
AVERAGE WIND SPEED              11.5
HIGHEST WIND SPEED/DIRECTION    33/270    DATE  05/11
HIGHEST GUST SPEED/DIRECTION    42/200    DATE  05/24

SKY COVER
POSSIBLE SUNSHINE (PERCENT)   MM
AVERAGE SKY COVER           0.50
NUMBER OF DAYS FAIR           11
NUMBER OF DAYS PC             14
NUMBER OF DAYS CLOUDY          6

AVERAGE RH (PERCENT)     66

WEATHER CONDITIONS. NUMBER OF DAYS WITH
THUNDERSTORM              7     HAIL                       0
SLEET                     1     FOG                       17
FOG W/VIS <= 1/4 MILE     2     HAZE                       6

-  INDICATES NEGATIVE NUMBERS.
R  INDICATES RECORD WAS SET OR TIED.
MM INDICATES DATA IS MISSING.
T  INDICATES TRACE AMOUNT.


$$
