000
CXUS53 KGID 052012 AAA
CLMEAR

CLIMATE REPORT...UPDATED
NATIONAL WEATHER SERVICE HASTINGS NE
212 PM CST THU FEB 5 2015

UPDATED TO INCLUDE ADDITIONAL MONTHLY INFO AT BOTTOM

...................................

...THE KEARNEY CLIMATE SUMMARY FOR THE MONTH OF JANUARY 2015...

CLIMATE NORMAL PERIOD 1981 TO 2010
CLIMATE RECORD PERIOD 1894 TO 2015

WEATHER         OBSERVED          NORMAL  DEPART  LAST YEAR`S
                 VALUE   DATE(S)  VALUE   FROM    VALUE  DATE(S)
                                          NORMAL
................................................................
TEMPERATURE (F)
HIGHEST            70   01/28        58      12       66  01/19
LOWEST             -3   01/04        -9       6       -8  01/06
AVG. MAXIMUM     41.0              36.0     5.0     39.0
AVG. MINIMUM     16.6              13.3     3.3     12.6
MEAN             28.8              24.6     4.2     25.8
DAYS MAX >= 90      0               0.0     0.0        0
DAYS MAX <= 32     10              11.9    -1.9       10
DAYS MIN <= 32     31              30.7     0.3       30
DAYS MIN <= 0       2               4.7    -2.7        4

PRECIPITATION (INCHES)
TOTALS             MM              0.49      MM       MM
DAILY AVG.         MM              0.02      MM
DAYS >= .01        MM               3.6      MM
DAYS >= .10        MM               1.6      MM
DAYS >= .50        MM               0.1      MM
DAYS >= 1.00       MM               0.0      MM
GREATEST
 24 HR. TOTAL      MM

DEGREE_DAYS
HEATING TOTAL    1114              1251    -137     1206
COOLING TOTAL       0                 0       0        0
.................................................................

WIND (MPH)
AVERAGE WIND SPEED              10.9
HIGHEST WIND SPEED/DIRECTION    36/MM
HIGHEST GUST SPEED/DIRECTION    50/330

AVERAGE RH (PERCENT)     62


-  INDICATES NEGATIVE NUMBERS.
R  INDICATES RECORD WAS SET OR TIED.
MM INDICATES DATA IS MISSING.
T  INDICATES TRACE AMOUNT.

&&

THE PRECIPITATION DATA SHOWN ABOVE IS RECORDED BY THE AUTOMATED
WEATHER OBSERVING SYSTEM AT THE KEARNEY AIRPORT. THE PRECIPITATION
IS DEPICTED FOR A CALENDAR DAY FROM MIDNIGHT TO MIDNIGHT. SNOWFALL
IS NOT RECORDED BY THAT SYSTEM.

THE OFFICIAL PRECIPITATION...SNOWFALL...AND SNOW DEPTH OBSERVATION
FOR KEARNEY IS RECORDED DAILY BY THE COOPERATIVE OBSERVER AT 7 AM.
THAT INFORMATION FOLLOWS...

...KEARNEY 4NE COOPERATIVE OBSERVER REPORT FOR JANUARY 2015...

PRECIPITATION (IN)
    MONTH TO DATE..................   0.05
    YEAR TO DATE...................   0.05

SNOWFALL (IN)
    MONTH TO DATE..................   0.8
    SEASONAL TOTAL (SINCE JULY 1ST)   6.5

&&

...JANUARY 2015 CLIMATE DETAILS FOR KEARNEY REGIONAL AIRPORT...

(NOTE: ALL DATA PRESENTED BELOW THIS POINT IS FROM THE OFFICIAL NWS
COOPERATIVE OBSERVER LOCATED AT KEARNEY REGIONAL AIRPORT. AS A
RESULT...IT MAY DIFFER SLIGHTLY FROM THE UNOFFICIAL AUTOMATED
AIRPORT OBSERVATIONS PRESENTED IN THE TABLE AT THE TOP OF THIS
PRODUCT. ALL TEMPERATURE AND PRECIPITATION DATA REPORTED BY THE
OFFICIAL COOPERATIVE OBSERVER IS BASED ON A 24-HOUR PERIOD ENDING AT
7 AM...AND THUS DOES NOT CORRESPOND TO A MIDNIGHT-TO-MIDNIGHT
CALENDAR DAY PERIOD AS THE AUTOMATED OBSERVATIONS DO.)

...TEMPERATURES

AVERAGE HIGH TEMPERATURE:     40.5 DEGREES (4.5 ABOVE NORMAL)
AVERAGE LOW TEMPERATURE:      14.6 DEGREES (1.3 ABOVE NORMAL)
AVERAGE MEAN TEMPERATURE:     27.6 DEGREES (3.0 ABOVE NORMAL)

WARMEST HIGH TEMPERATURE:  69 DEGREES REPORTED ON THE 29TH
(ACTUALLY OCCURRED ON THE 28TH

COLDEST HIGH TEMPERATURE:  13 DEGREES REPORTED ON THE 1ST
(ACTUALLY OCCURRED ON DEC. 31ST)

COLDEST LOW TEMPERATURE:   -6 DEGREES REPORTED ON THE 1ST
(ACTUALLY OCCURRED ON DEC. 31ST)

WARMEST LOW TEMPERATURE:   30 DEGREES REPORTED ON THE 25TH


...PRECIPITATION/SNOWFALL

(NOTE: ALTHOUGH MEASURABLE PRECIPITATION FELL ON JAN. 31ST...ALL
OF THIS WAS INCLUDED AS PART OF THE 24-HOUR OBSERVATION ENDING
AT 7 AM ON FEB. 1ST...AND THUS WILL BE INCLUDED AS PART OF THE
FEBRUARY PRECIPITATION TOTAL)

TOTAL MONTHLY PRECIPITATION:   0.05 INCHES (0.44 BELOW NORMAL)
TOTAL MONTHLY SNOWFALL:         0.8 INCHES (3.6 BELOW NORMAL)

NUMBER OF 24-HOUR PERIODS
WITH MEASURABLE PRECIPITATION (0.01 OR MORE): 2

HIGHEST 24-HOUR
PRECIPITATION ENDING AROUND 7 AM: 0.03 INCHES REPORTED ON THE 4TH

HIGHEST 24-HOUR
SNOWFALL ENDING AROUND 7AM:        0.8 INCHES REPORTED ON THE 4TH

DEEPEST 7 AM SNOW DEPTH:           1 INCH REPORTED ON THE 4TH


PRECIPITATION TOTALS AND DEPARTURES
FROM NORMAL FOR THE YEAR 2014:

MONTH          PRECIP.  DEPARTURE

FEB  2014       0.36      -0.19
MAR  2014       0.11      -1.68
APR  2014       3.35      +1.12
MAY  2014       0.71      -3.47
JUN  2014       8.53      +4.60
JUL  2014       0.17      -3.11
AUG  2014       7.60      +4.52
SEP  2014       2.40      +0.33
OCT  2014       0.99      -1.05
NOV  2014       0.06      -0.96
DEC  2014       0.69      +0.12
JAN  2015       0.05      -0.44

12-MONTH TOTAL  25.02     -0.21


...THUNDERSTORMS/HIGH WINDS

NO THUNDERSTORMS AFFECTED THE KEARNEY AREA DURING JANUARY. IN TERMS
OF STRONG WINDS...ONE OF THE HIGHEST MEASURED PEAK GUSTS OF THE
MONTH AT KEARNEY AIRPORT WAS 50 MPH FROM THE NORTHWEST ON THE
29TH...WHICH OCCURRED AT 155 AM BEHIND A COLD FRONT.
(HOWEVER...PLEASE NOTE THIS WAS NOT NECESSARILY THE TRUE PEAK GUST
OF THE MONTH...AS THIS AUTOMATED SYSTEM ONLY TRANSMITS ROUTINE WIND
OBSERVATIONS EVERY 20 MINUTES).

$$

GUERRERO/PFANNKUCH
