231
CXUS52 KAKQ 031615
CLMECG


CLIMATE REPORT
NATIONAL WEATHER SERVICE WAKEFIELD, VA
1114 AM EST WED FEB 3 2016

...................................

...THE ELIZABETH CITY NC CLIMATE SUMMARY FOR THE MONTH OF JANUARY 2016...

CLIMATE NORMAL PERIOD 1981 TO 2010
CLIMATE RECORD PERIOD 1934 TO 2016

WEATHER         OBSERVED          NORMAL  DEPART  LAST YEAR`S
                 VALUE   DATE(S)  VALUE   FROM    VALUE  DATE(S)
                                          NORMAL
................................................................
TEMPERATURE (F)
RECORD
 HIGH              80   01/30/2002
                        01/31/1950
                        01/28/1944
 LOW               -2   01/21/1985
HIGHEST            68   01/10        52      16       74  01/04
LOWEST             17   01/20        33     -16       18  01/08
                        01/19
AVG. MAXIMUM     50.6              50.9    -0.3     51.5
AVG. MINIMUM     31.5              31.9    -0.4     33.1
MEAN             41.0              41.4    -0.4     42.3
DAYS MAX >= 90      0               0.0     0.0        0
DAYS MAX <= 32      2               0.9     1.1        1
DAYS MIN <= 32     19              16.6     2.4       14
DAYS MIN <= 0       0               0.0     0.0        0

PRECIPITATION (INCHES)
RECORD
 MAXIMUM           MM   MM
 MINIMUM           MM   MM
TOTALS           2.91              3.26   -0.35     4.01
DAILY AVG.       0.09              0.11   -0.02     0.13
DAYS >= .01         8               8.6    -0.6        9
DAYS >= .10         6               6.0     0.0        6
DAYS >= .50         3               1.6     1.4        4
DAYS >= 1.00        1               0.4     0.6        1
GREATEST
 24 HR. TOTAL    1.42   01/22 TO 01/23

SNOWFALL (INCHES)
RECORDS
 TOTAL             MM   MM
TOTALS              T
SINCE 7/1           T                MM      MM        T
SNOWDEPTH AVG.      0                MM      MM        0
DAYS >= 1.0         0                MM      MM        0
GREATEST
 SNOW DEPTH         0   MM                            -1  01/27
 24 HR TOTAL        T   01/24 TO 01/24           01/27 TO 01/27
                                                          01/27 TO 01/27
                                                          01/27 TO 01/27

DEGREE_DAYS
HEATING TOTAL     732               732       0      653
 SINCE 7/1       1332              1887    -555     1635
COOLING TOTAL       0                 1      -1        2
 SINCE 1/1          0                 0       0        2
........................................................

WIND (MPH)
AVERAGE WIND SPEED              10.5
HIGHEST WIND SPEED/DIRECTION    44/090    DATE  01/15
HIGHEST GUST SPEED/DIRECTION    54/100    DATE  01/15

SKY COVER
POSSIBLE SUNSHINE (PERCENT)   MM
AVERAGE SKY COVER           0.40

AVERAGE RH (PERCENT)     69

WEATHER CONDITIONS. NUMBER OF DAYS WITH
THUNDERSTORM              0     MIXED PRECIP               0
HEAVY RAIN                4     RAIN                       5
LIGHT RAIN               10     FREEZING RAIN              0
LT FREEZING RAIN          0     HAIL                       0
HEAVY SNOW                0     SNOW                       0
LIGHT SNOW                3     SLEET                      0
FOG                      10     FOG W/VIS <= 1/4 MILE      0
HAZE                      0

-  INDICATES NEGATIVE NUMBERS.
R  INDICATES RECORD WAS SET OR TIED.
MM INDICATES DATA IS MISSING.
T  INDICATES TRACE AMOUNT.

$$
