304
CXUS52 KAKQ 012130
CLMECG


CLIMATE REPORT
NATIONAL WEATHER SERVICE WAKEFIELD, VA
418 PM EST WED FEB 1 2017

...................................

...THE ELIZABETH CITY NC CLIMATE SUMMARY FOR THE MONTH OF JANUARY 2017...

CLIMATE NORMAL PERIOD 1981 TO 2010
CLIMATE RECORD PERIOD 1934 TO 2017

WEATHER         OBSERVED          NORMAL  DEPART  LAST YEAR`S
                 VALUE   DATE(S)  VALUE   FROM    VALUE  DATE(S)
                                          NORMAL
................................................................
TEMPERATURE (F)
RECORD
 HIGH              80   01/30/2002
                        01/02/1952
                        01/28/1944
 LOW               -2   01/21/1985
HIGHEST            72   01/12        52      20       68  01/10
LOWEST             11   01/09        33     -22       17  01/20
                                                          01/19
AVG. MAXIMUM     54.3              50.9     3.4     50.6
AVG. MINIMUM     36.5              31.9     4.6     31.5
MEAN             45.4              41.4     4.0     41.0
DAYS MAX >= 90      0               0.0     0.0        0
DAYS MAX <= 32      2               0.9     1.1        2
DAYS MIN <= 32      8              16.6    -8.6       19
DAYS MIN <= 0       0               0.0     0.0        0

PRECIPITATION (INCHES)
RECORD
 MAXIMUM
 MINIMUM
TOTALS           3.69              3.26    0.43     2.91
DAILY AVG.       0.12              0.11    0.01     0.09
DAYS >= .01        16               8.6     7.4        8
DAYS >= .10         9               6.0     3.0        6
DAYS >= .50         1               1.6    -0.6        3
DAYS >= 1.00        1               0.4     0.6        1
GREATEST
 24 HR. TOTAL    1.54   01/01 TO 01/02

SNOWFALL (INCHES)
RECORDS
 TOTAL
TOTALS            1.2
SINCE 7/1         1.2                MM      MM        T
SNOWDEPTH AVG.      0                MM      MM        0
DAYS >= 1.0         1                MM      MM        0
GREATEST
 SNOW DEPTH         0   MM                             0  MM
 24 HR TOTAL      1.0   01/07 TO 01/07           01/24 TO 01/24
                                                          01/24 TO 01/24
                                                          01/24 TO 01/24

DEGREE_DAYS
HEATING TOTAL     602               732    -130      732
 SINCE 7/1       1697              1887    -190     1332
COOLING TOTAL       0                 1      -1        0
 SINCE 1/1          0                 0       0        0
.....................................................

WIND (MPH)
AVERAGE WIND SPEED              9.1
HIGHEST WIND SPEED/DIRECTION    33/250    DATE  01/26
HIGHEST GUST SPEED/DIRECTION    46/240    DATE  01/26

SKY COVER
POSSIBLE SUNSHINE (PERCENT)   MM
AVERAGE SKY COVER           0.50

AVERAGE RH (PERCENT)     74

WEATHER CONDITIONS. NUMBER OF DAYS WITH
THUNDERSTORM              0     MIXED PRECIP               0
HEAVY RAIN                3     RAIN                       8
LIGHT RAIN               20     FREEZING RAIN              0
LT FREEZING RAIN          0     HAIL                       0
HEAVY SNOW                0     SNOW                       0
LIGHT SNOW                1     SLEET                      1
FOG                      17     FOG W/VIS <= 1/4 MILE      4
HAZE                      0

-  INDICATES NEGATIVE NUMBERS.
R  INDICATES RECORD WAS SET OR TIED.
MM INDICATES DATA IS MISSING.
T  INDICATES TRACE AMOUNT.

$$
