000
CXUS55 KLKN 011901
CLMELY


CLIMATE REPORT
NATIONAL WEATHER SERVICE ELKO NV
1048 AM PST WED FEB 1 2017

...................................

...THE ELY AIRPORT NV CLIMATE SUMMARY FOR THE MONTH OF JANUARY 2017...

CLIMATE NORMAL PERIOD 1981 TO 2010
CLIMATE RECORD PERIOD 1893 TO 2017

WEATHER         OBSERVED          NORMAL  DEPART  LAST YEAR`S
                 VALUE   DATE(S)  VALUE   FROM    VALUE  DATE(S)
                                          NORMAL
................................................................
TEMPERATURE (F)
RECORD
 HIGH              68   01/25/1951
 LOW              -27   01/25/1949
HIGHEST            54   01/31        56      -2       46  01/30
LOWEST            -23   01/06       -12     -11      -19  01/01
AVG. MAXIMUM     34.4              39.5    -5.1     32.8
AVG. MINIMUM      8.5              11.2    -2.7      6.1
MEAN             21.4              25.3    -3.9     19.4
DAYS MAX >= 90      0               0.0     0.0        0
DAYS MAX <= 32     14               6.7     7.3       11
DAYS MIN <= 32     30              30.4    -0.4       31
DAYS MIN <= 0      11               5.3     5.7        9

PRECIPITATION (INCHES)
RECORD
 MAXIMUM         2.58   2016
 MINIMUM            T   1948
TOTALS           1.52              0.70    0.82     2.11
DAILY AVG.       0.05              0.02    0.03     0.07
DAYS >= .01        11               6.9     4.1       12
DAYS >= .10         5               2.4     2.6        7
DAYS >= .50         0               0.2    -0.2        1
DAYS >= 1.00        0               0.0     0.0        0
GREATEST
 24 HR. TOTAL    0.50   01/18 TO 01/19              0.85

SNOWFALL (INCHES)
RECORDS
 TOTAL           35.4   2016
TOTALS           22.6               9.1    13.5     35.4
SINCE 7/1        37.6              27.0    10.6     75.2
SNOWDEPTH AVG.      7                                 13
DAYS >= TRACE      18               6.0    12.0       16
DAYS >= 1.0         5               2.8     2.2        7
DAYS >= 5.0         1                                  2
GREATEST
 SNOW DEPTH        13   01/20                         18
 24 HR TOTAL      8.0   01/19 TO 01/19              10.4

DEGREE_DAYS
HEATING TOTAL    1344              1229     115     1401
 SINCE 7/1       4124              4329    -205     4301
COOLING TOTAL       0                 0       0        0
 SINCE 1/1          0                 0       0        0
.................................................................

WIND (MPH)
AVERAGE WIND SPEED              10.7
HIGHEST WIND SPEED/DIRECTION    48/210    DATE  01/23
HIGHEST GUST SPEED/DIRECTION    63/210    DATE  01/23

AVERAGE RH (PERCENT)     74

WEATHER CONDITIONS. NUMBER OF DAYS WITH
THUNDERSTORM              0     MIXED PRECIP               0
HEAVY RAIN                0     RAIN                       0
LIGHT RAIN                3     FREEZING RAIN              0
LT FREEZING RAIN          0     HAIL                       0
HEAVY SNOW                2     SNOW                       5
LIGHT SNOW               16     SLEET                      0
FOG                      14     FOG W/VIS <= 1/4 MILE      3
HAZE                      0

-  INDICATES NEGATIVE NUMBERS.
R  INDICATES RECORD WAS SET OR TIED.
MM INDICATES DATA IS MISSING.
T  INDICATES TRACE AMOUNT.

&&

=====================================================================

...11TH WETTEST JANUARY ON RECORD IN ELY...
...6TH SNOWIEST JANUARY ON RECORD IN ELY...

A RECORD DAILY SNOWFALL OF 8.0 INCHES WAS SET ON JANUARY 19TH.

$$

DS
