000
CXUS55 KLKN 011756
CLMELY


CLIMATE REPORT
NATIONAL WEATHER SERVICE ELKO NV
1039 AM PDT SAT APR 1 2017

...................................

...THE ELY AIRPORT NV CLIMATE SUMMARY FOR THE MONTH OF MARCH 2017...

CLIMATE NORMAL PERIOD 1981 TO 2010
CLIMATE RECORD PERIOD 1893 TO 2017

WEATHER         OBSERVED          NORMAL  DEPART  LAST YEAR`S
                 VALUE   DATE(S)  VALUE   FROM    VALUE  DATE(S)
                                          NORMAL
................................................................
TEMPERATURE (F)
RECORD
 HIGH              76   03/21/2004
                        03/20/2004
 LOW              -13   03/03/1952
HIGHEST            70   03/18        65       5       67  03/20
                        03/17
                        03/14
LOWEST              1   03/01         3      -2       10  03/07
AVG. MAXIMUM     56.3              50.2     6.1     53.0
AVG. MINIMUM     25.5              22.4     3.1     24.9
MEAN             40.9              36.3     4.6     38.9
DAYS MAX >= 90      0               0.0     0.0        0
DAYS MAX <= 32      1               0.7     0.3        1
DAYS MIN <= 32     26              28.5    -2.5       26
DAYS MIN <= 0       0               0.3    -0.3        0

PRECIPITATION (INCHES)
RECORD
 MAXIMUM         4.30   1894
 MINIMUM         0.03   1997
TOTALS           1.61              0.93    0.68     1.56
DAILY AVG.       0.05              0.03    0.02     0.05
DAYS >= .01         8               7.6     0.4        5
DAYS >= .10         5               3.5     1.5        2
DAYS >= .50         1               0.2     0.8        1
DAYS >= 1.00        0               0.0     0.0        1
GREATEST
 24 HR. TOTAL    0.51   03/30 TO 03/30              1.10

SNOWFALL (INCHES)
RECORDS
 TOTAL           42.0   1894
TOTALS           15.8               8.3     7.5     16.2
SINCE 7/1        65.4              43.2    22.2     95.5
SNOWDEPTH AVG.      1                                  1
DAYS >= TRACE       8               5.9     2.1        6
DAYS >= 1.0         5               2.9     2.1        2
DAYS >= 5.0         1                                  1
GREATEST
 SNOW DEPTH         7   03/31                         12
 24 HR TOTAL      7.8   03/30 TO 03/30              13.0

DEGREE_DAYS
HEATING TOTAL     740               890    -150      801
 SINCE 7/1       5701              6227    -526     6175
COOLING TOTAL       0                 0       0        0
 SINCE 1/1          0                 0       0        0
.................................................................

WIND (MPH)
AVERAGE WIND SPEED              10.6
HIGHEST WIND SPEED/DIRECTION    38/180    DATE  03/05
HIGHEST GUST SPEED/DIRECTION    53/180    DATE  03/05

AVERAGE RH (PERCENT)     56

WEATHER CONDITIONS. NUMBER OF DAYS WITH
THUNDERSTORM              0     MIXED PRECIP               0
HEAVY RAIN                0     RAIN                       1
LIGHT RAIN                4     FREEZING RAIN              0
LT FREEZING RAIN          0     HAIL                       0
HEAVY SNOW                2     SNOW                       4
LIGHT SNOW                8     SLEET                      0
FOG                       3     FOG W/VIS <= 1/4 MILE      1
HAZE                      0

-  INDICATES NEGATIVE NUMBERS.
R  INDICATES RECORD WAS SET OR TIED.
MM INDICATES DATA IS MISSING.
T  INDICATES TRACE AMOUNT.

&&

=====================================================================

...7TH WARMEST MARCH ON RECORD IN ELY...

A RECORD DAILY PRECIPITATION OF 0.41 INCHES WAS SET ON THE 25TH.
$$

DS
