000
CXUS51 KCLE 011935
CLMERI


CLIMATE REPORT
NATIONAL WEATHER SERVICE CLEVELAND OH
334 PM EDT SUN OCT 1 2017

...................................

...THE ERIE PA CLIMATE SUMMARY FOR THE MONTH OF SEPTEMBER 2017...

CLIMATE NORMAL PERIOD 1981 TO 2010
CLIMATE RECORD PERIOD 1873 TO 2017

WEATHER         OBSERVED          NORMAL  DEPART  LAST YEAR`S
                 VALUE   DATE(S)  VALUE   FROM    VALUE
                                          NORMAL
.............................................................
TEMPERATURE (F)
RECORD
 HIGH              99   09/03/1953
 LOW               33   09/23/1974
                        09/27/1957
HIGHEST            88   09/25
LOWEST             43   09/30
AVG. MAXIMUM     74.1              71.9     2.2     76.8
AVG. MINIMUM     56.8              55.8     1.0     60.2
MEAN             65.4              63.8     1.6     68.5
DAYS MAX >= 90      0               0.1    -0.1        0
DAYS MAX <= 32      0               0.0     0.0        0
DAYS MIN <= 32      0               0.0     0.0        0
DAYS MIN <= 0       0               0.0     0.0        0

PRECIPITATION (INCHES)
RECORD
 MAXIMUM        10.65   1977
 MINIMUM         1.01   1948
TOTALS           3.83              4.61   -0.78     5.96
DAYS >= .01         7              11.1    -4.1        7
DAYS >= .10         5               7.9    -2.9        7
DAYS >= .50         3               2.9     0.1        4
DAYS >= 1.00        2               1.3     0.7        2
GREATEST
 24 HR. TOTAL    1.35   09/03 TO 09/03              2.01

SNOWFALL (INCHES)
RECORDS
 TOTAL              T   1993
                        1990
                        1954
TOTALS            0.0               0.0     0.0      0.0
SINCE 7/1         0.0               0.0     0.0      0.0
DAYS >= 1.0         0               0.0     0.0        0
GREATEST
 24 HR TOTAL      0.0   09/30 TO 09/30

DEGREE_DAYS
HEATING TOTAL      87               106     -19       23
 SINCE 7/1         97               124     -27       23
COOLING TOTAL     106                71      35      136
 SINCE 1/1        668               629      39      985
..............................................................

WIND (MPH)
AVERAGE WIND SPEED              6.6
HIGHEST WIND SPEED/DIRECTION    26/190    DATE  09/04
HIGHEST GUST SPEED/DIRECTION    36/180    DATE  09/04

SKY COVER
AVERAGE SKY COVER           0.30

AVERAGE RH (PERCENT)     71

WEATHER CONDITIONS. NUMBER OF DAYS WITH
THUNDERSTORM              0     MIXED PRECIP               0
HEAVY RAIN                4     RAIN                       3
LIGHT RAIN                8     FREEZING RAIN              0
LT FREEZING RAIN          0     HAIL                       0
HEAVY SNOW                0     SNOW                       0
LIGHT SNOW                0     SLEET                      0
FOG                      11     FOG W/VIS <= 1/4 MILE      0
HAZE                      2

-  INDICATES NEGATIVE NUMBERS.
R  INDICATES RECORD WAS SET OR TIED.
MM INDICATES DATA IS MISSING.
T  INDICATES TRACE AMOUNT.

$$
