966
CXUS51 KOKX 011459
CLMEWR

CLIMATE REPORT
NATIONAL WEATHER SERVICE NEW YORK NY
1057 AM EDT MON AUG 1 2016

...................................

...THE NEWARK NJ CLIMATE SUMMARY FOR THE MONTH OF JULY 2016...

CLIMATE NORMAL PERIOD 1981 TO 2010
CLIMATE RECORD PERIOD 1929 TO 2016

WEATHER         OBSERVED          NORMAL  DEPART  LAST YEAR`S
                 VALUE   DATE(S)  VALUE   FROM    VALUE  DATE(S)
                                          NORMAL
................................................................
TEMPERATURE (F)
RECORD
 HIGH             108   07/22/2011
 LOW               52   07/12/1945
HIGHEST            99   07/25        MM      MM       98  07/19
LOWEST             62   07/04        MM      MM       63  07/17
                                                          07/16
AVG. MAXIMUM     88.9              86.0     2.9     87.5
AVG. MINIMUM     71.0              68.7     2.3     70.4
MEAN             79.9              77.4     2.5     79.0
DAYS MAX >= 90     16               8.5     7.5       11
DAYS MAX <= 32      0               0.0     0.0        0
DAYS MIN <= 32      0               0.0     0.0        0
DAYS MIN <= 0       0               0.0     0.0        0

PRECIPITATION (INCHES)
RECORD
 MAXIMUM        19.09   1897
 MINIMUM         0.84   1932
TOTALS           6.08              4.76    1.32     2.69
DAILY AVG.       0.20              0.15    0.05     0.09
DAYS >= .01        13              10.1     2.9        9
DAYS >= .10        11               6.8     4.2        5
DAYS >= .50         4               3.0     1.0        2
DAYS >= 1.00        1               1.5    -0.5        0
GREATEST
 24 HR. TOTAL    1.84   07/25 TO 07/25           07/01 TO 07/01
                                                          07/31 TO 07/31
                                                          07/31 TO 07/31
 STORM TOTAL       MM                                 MM
 (MM/DD(HH))            MM                    07/01(00) TO 07/01(00)
                                                 07/31(00) TO 07/31(00)1
                                                 07/31(00) TO 07/31(00)1

DEGREE_DAYS
HEATING TOTAL       0                 0       0        0
 SINCE 7/1          0                 0       0        0
COOLING TOTAL     470               383      87      441
 SINCE 1/1        838               698     140      850
..................................................

WIND (MPH)
AVERAGE WIND SPEED              8.4
HIGHEST WIND SPEED/DIRECTION    48/240    DATE  07/18
HIGHEST GUST SPEED/DIRECTION    66/240    DATE  07/18


WEATHER CONDITIONS. NUMBER OF DAYS WITH
THUNDERSTORM              0     MIXED PRECIP               0
HEAVY RAIN               10     RAIN                      11
LIGHT RAIN               16     FREEZING RAIN              0
LT FREEZING RAIN          0     HAIL                       0
HEAVY SNOW                0     SNOW                       0
LIGHT SNOW                0     SLEET                      0
FOG                      11     FOG W/VIS <= 1/4 MILE      1
HAZE                      1

-  INDICATES NEGATIVE NUMBERS.
R  INDICATES RECORD WAS SET OR TIED.
MM INDICATES DATA IS MISSING.
T  INDICATES TRACE AMOUNT.

$$
