000
CXUS51 KOKX 011349
CLMEWR

CLIMATE REPORT
NATIONAL WEATHER SERVICE NEW YORK NY
949 AM EDT MON SEP 1 2014

...................................

...THE NEWARK NJ CLIMATE SUMMARY FOR THE MONTH OF AUGUST 2014...

CLIMATE NORMAL PERIOD 1981 TO 2010
CLIMATE RECORD PERIOD 1929 TO 2014

WEATHER         OBSERVED          NORMAL  DEPART  LAST YEAR`S
                 VALUE   DATE(S)  VALUE   FROM    VALUE  DATE(S)
                                          NORMAL
................................................................
TEMPERATURE (F)
RECORD
 HIGH             105   08/09/2001
 LOW               45   08/29/1982
HIGHEST            93   08/31        MM      MM       91  08/21
                        08/27
LOWEST             58   08/16        MM      MM       58  08/15
AVG. MAXIMUM     83.2              84.1    -0.9     82.8
AVG. MINIMUM     65.7              67.5    -1.8     66.5
MEAN             74.5              75.8    -1.3     74.7
DAYS MAX >= 90      2               5.2    -3.2        3
DAYS MAX <= 32      0               0.0     0.0        0
DAYS MIN <= 32      0               0.0     0.0        0
DAYS MIN <= 0       0               0.0     0.0        0

PRECIPITATION (INCHES)
RECORD
 MAXIMUM        18.79   2011
 MINIMUM         0.36   1995
TOTALS           1.76              3.70   -1.94     4.57
DAILY AVG.       0.06              0.12   -0.06     0.15
DAYS >= .01         7               9.7    -2.7       10
DAYS >= .10         5               6.1    -1.1        6
DAYS >= .50         1               2.6    -1.6        5
DAYS >= 1.00        0               1.0    -1.0        1
GREATEST
 24 HR. TOTAL    0.59   08/12 TO 08/13           08/28 TO 08/28
                                                          08/27 TO 08/28
                                                          08/28 TO 08/28
 STORM TOTAL       MM                                 MM
 (MM/DD(HH))            MM                    08/28(00) TO 08/28(00)
                                                 08/28(00) TO 08/28(00)8
                                                 08/28(00) TO 08/28(00)8

DEGREE_DAYS
HEATING TOTAL       0                 1      -1        0
 SINCE 7/1          0                 1      -1        0
COOLING TOTAL     300               336     -36      307
 SINCE 1/1        989              1034     -45     1171
.........................................................

WIND (MPH)
AVERAGE WIND SPEED              7.4
HIGHEST WIND SPEED/DIRECTION    33/300    DATE  08/31
HIGHEST GUST SPEED/DIRECTION    48/280    DATE  08/31


WEATHER CONDITIONS. NUMBER OF DAYS WITH
THUNDERSTORM              0     MIXED PRECIP               0
HEAVY RAIN                2     RAIN                       5
LIGHT RAIN               11     FREEZING RAIN              0
LT FREEZING RAIN          0     HAIL                       0
HEAVY SNOW                0     SNOW                       0
LIGHT SNOW                0     SLEET                      0
FOG                       5     FOG W/VIS <= 1/4 MILE      0
HAZE                      0

-  INDICATES NEGATIVE NUMBERS.
R  INDICATES RECORD WAS SET OR TIED.
MM INDICATES DATA IS MISSING.
T  INDICATES TRACE AMOUNT.

$$
