000
CXUS55 KFGZ 011556
CLMFLG


CLIMATE REPORT
NATIONAL WEATHER SERVICE FLAGSTAFF, AZ
855 AM MST WED JUL 1 2015

...................................

...THE FLAGSTAFF AZ AIRPORT CLIMATE SUMMARY FOR THE MONTH OF JUNE 2015...

CLIMATE NORMAL PERIOD 1981 TO 2010
CLIMATE RECORD PERIOD 1898 TO 2015

WEATHER         OBSERVED          NORMAL  DEPART  LAST YEAR`S
                 VALUE   DATE(S)  VALUE   FROM    VALUE  DATE(S)
                                          NORMAL
................................................................
TEMPERATURE (F)
RECORD
 HIGH              96   06/28/2013
                        06/26/1970
                        54/01/2206
 LOW               22   06/02/1955
                        06/02/1951
HIGHEST            92   06/26                         87  06/30
LOWEST             30   06/04                         33  06/05
AVG. MAXIMUM     79.7              77.9     1.8     81.0
AVG. MINIMUM     46.2              41.9     4.3     43.7
MEAN             62.9              59.9     3.0     62.3
DAYS MAX >= 90      1               0.4     0.6        0
DAYS MAX <= 32      0               0.0     0.0        0
DAYS MIN <= 32      2               2.1    -0.1        0
DAYS MIN <= 0       0               0.0     0.0        0

PRECIPITATION (INCHES)
RECORD
 MAXIMUM         2.92   1955
 MINIMUM         0.00   2014
                        2012
                        2011
TOTALS           1.70              0.36    1.34     0.00
DAILY AVG.       0.06              0.01    0.05     0.00
DAYS >= .01         8               2.7     5.3        0
DAYS >= .10         2               1.1     0.9        0
DAYS >= .50         1               0.2     0.8        0
DAYS >= 1.00        1               0.0     1.0        0
GREATEST
 24 HR. TOTAL    1.07   06/05 TO 06/06              0.00

SNOWFALL (INCHES)
RECORDS
 TOTAL            0.5   1907
TOTALS            0.0               0.0              0.0
SINCE 7/1        62.9             101.7   -38.8     44.4
SNOWDEPTH AVG.      0                MM      MM        0
GREATEST
 SNOW DEPTH         0   MM                             0  MM
 24 HR TOTAL      0.0   06/30 TO 06/30               0.0

DEGREE_DAYS
HEATING TOTAL     105               170     -65       87
 SINCE 7/1       6039              6943    -904     6506
COOLING TOTAL      50                17      33       14
 SINCE 1/1         50                17      33       14
.................................................................

WIND (MPH)
AVERAGE WIND SPEED              5.9
HIGHEST WIND SPEED/DIRECTION    31/210    DATE  06/04
HIGHEST GUST SPEED/DIRECTION    43/210    DATE  06/03

SKY COVER
POSSIBLE SUNSHINE (PERCENT)   MM
AVERAGE SKY COVER           0.20
NUMBER OF DAYS FAIR           24
NUMBER OF DAYS PC              3
NUMBER OF DAYS CLOUDY          3

AVERAGE RH (PERCENT)     47

WEATHER CONDITIONS. NUMBER OF DAYS WITH
THUNDERSTORM              0     MIXED PRECIP               0
HEAVY RAIN                2     RAIN                       3
LIGHT RAIN                7     FREEZING RAIN              0
LT FREEZING RAIN          0     HAIL                       0
HEAVY SNOW                0     SNOW                       0
LIGHT SNOW                0     SLEET                      0
FOG                       5     FOG W/VIS <= 1/4 MILE      1
HAZE                      2

-  INDICATES NEGATIVE NUMBERS.
R  INDICATES RECORD WAS SET OR TIED.
MM INDICATES DATA IS MISSING.
T  INDICATES TRACE AMOUNT.

$$
