000
CXUS53 KUNR 011615
CLMGCC


CLIMATE REPORT
NATIONAL WEATHER SERVICE RAPID CITY SD
912 AM MST MON FEB 1 2016

...................................

...THE GILLETTE AIRPORT WY CLIMATE SUMMARY FOR THE MONTH OF JANUARY 2016...

CLIMATE NORMAL PERIOD 1981 TO 2010
CLIMATE RECORD PERIOD 9999 TO 9999

WEATHER         OBSERVED          NORMAL  DEPART  LAST YEAR`S
                 VALUE   DATE(S)  VALUE   FROM    VALUE  DATE(S)
                                          NORMAL
................................................................
TEMPERATURE (F)
HIGHEST            53   01/28                         64  01/26
LOWEST              6   01/17                        -14  01/09
                        01/03
AVG. MAXIMUM     38.1              37.2     0.9     39.0
AVG. MINIMUM     19.6              14.5     5.1     16.1
MEAN             28.9              25.9     3.0     27.5
DAYS MAX >= 90      0                                  0
DAYS MAX <= 32      4                                  9
DAYS MIN <= 32     30                                 28
DAYS MIN <= 0       0                                  5

PRECIPITATION (INCHES)
TOTALS           0.40              0.39    0.01     0.28
DAILY AVG.       0.01              0.01    0.00     0.01
DAYS >= .01         8                                  8
DAYS >= .10         1                                  0
DAYS >= .50         0                                  0
DAYS >= 1.00        0                                  0
GREATEST
 24 HR. TOTAL    0.12   01/20 TO 01/20              0.06
                        01/19 TO 01/20
                        01/20 TO 01/20

DEGREE_DAYS
HEATING TOTAL    1111              1214    -103     1152
 SINCE 7/1       3871              4355    -484     4078
COOLING TOTAL       0                 0       0        0
 SINCE 1/1          0                 0       0        0
.................................................................

WIND (MPH)
AVERAGE WIND SPEED              9.8
HIGHEST WIND SPEED/DIRECTION    35/310    DATE  01/14
HIGHEST GUST SPEED/DIRECTION    42/310    DATE  01/14

AVERAGE RH (PERCENT)     67

WEATHER CONDITIONS. NUMBER OF DAYS WITH
THUNDERSTORM              0     MIXED PRECIP               0
HEAVY RAIN                0     RAIN                       0
LIGHT RAIN                1     FREEZING RAIN              0
LT FREEZING RAIN          0     HAIL                       0
HEAVY SNOW                0     SNOW                       1
LIGHT SNOW               12     SLEET                      0
FOG                      11     FOG W/VIS <= 1/4 MILE      0
HAZE                      3

-  INDICATES NEGATIVE NUMBERS.
R  INDICATES RECORD WAS SET OR TIED.
MM INDICATES DATA IS MISSING.
T  INDICATES TRACE AMOUNT.

$$
