773
CXUS53 KUNR 011602
CLMGCC


CLIMATE REPORT
NATIONAL WEATHER SERVICE RAPID CITY SD
1001 AM MDT SAT JUL 1 2017

...................................

...THE GILLETTE AIRPORT WY CLIMATE SUMMARY FOR THE MONTH OF JUNE 2017...

CLIMATE NORMAL PERIOD 1981 TO 2010
CLIMATE RECORD PERIOD 9999 TO 9999

WEATHER         OBSERVED          NORMAL  DEPART  LAST YEAR`S
                 VALUE   DATE(S)  VALUE   FROM    VALUE  DATE(S)
                                          NORMAL
................................................................
TEMPERATURE (F)
HIGHEST            93   06/20                        103  06/21
LOWEST             38   06/25                         35  06/01
                        06/24
                        06/23
AVG. MAXIMUM     79.2              77.0     2.2     87.3
AVG. MINIMUM     47.8              47.5     0.3     50.9
MEAN             63.5              62.3     1.2     69.1
DAYS MAX >= 90      1                                 10
DAYS MAX <= 32      0                                  0
DAYS MIN <= 32      0                                  0
DAYS MIN <= 0       0                                  0

PRECIPITATION (INCHES)
TOTALS           1.90              2.21   -0.31     0.44
DAILY AVG.       0.06              0.07   -0.01     0.01
DAYS >= .01         9                                  2
DAYS >= .10         5                                  1
DAYS >= .50         2                                  0
DAYS >= 1.00        0                                  0
GREATEST
 24 HR. TOTAL    0.58   06/27 TO 06/27              0.44

DEGREE_DAYS
HEATING TOTAL      90               142     -52       34
 SINCE 7/1       6572              7544    -972     6577
COOLING TOTAL      53                60      -7      164
 SINCE 1/1         57                68     -11      164
.................................................................

WIND (MPH)
AVERAGE WIND SPEED              10.6
HIGHEST WIND SPEED/DIRECTION    46/290    DATE  06/27
HIGHEST GUST SPEED/DIRECTION    57/290    DATE  06/27

AVERAGE RH (PERCENT)     57

WEATHER CONDITIONS. NUMBER OF DAYS WITH
THUNDERSTORM              0     MIXED PRECIP               0
HEAVY RAIN                3     RAIN                       3
LIGHT RAIN               10     FREEZING RAIN              0
LT FREEZING RAIN          0     HAIL                       0
HEAVY SNOW                0     SNOW                       0
LIGHT SNOW                0     SLEET                      0
FOG                       6     FOG W/VIS <= 1/4 MILE      0
HAZE                      2

-  INDICATES NEGATIVE NUMBERS.
R  INDICATES RECORD WAS SET OR TIED.
MM INDICATES DATA IS MISSING.
T  INDICATES TRACE AMOUNT.

$$
