000
CXUS53 KDDC 011753
CLMGCK


CLIMATE REPORT
NATIONAL WEATHER SERVICE DODGE CITY KS
1152 AM CST MON DEC 1 2014

...................................

...THE GARDEN CITY REGIONAL ARPT KS CLIMATE SUMMARY FOR THE MONTH OF NOVEMBER 2014...

CLIMATE NORMAL PERIOD 1981 TO 2010
CLIMATE RECORD PERIOD 1948 TO 2014

WEATHER         OBSERVED          NORMAL  DEPART  LAST YEAR`S
                 VALUE   DATE(S)  VALUE   FROM    VALUE  DATE(S)
                                          NORMAL
................................................................
TEMPERATURE (F)
RECORD
 HIGH              91   11/08/1980
 LOW               -5   11/28/1976
HIGHEST            78   11/29        MM      MM       73  11/03
                        11/10
LOWEST              3   11/17        MM      MM       18  11/27
                        11/13                             11/22
AVG. MAXIMUM     54.6              55.6    -1.0     55.0
AVG. MINIMUM     23.5              27.8    -4.3     29.0
MEAN             38.9              41.7    -2.8     42.0
DAYS MAX >= 90      0               0.0     0.0        0
DAYS MAX <= 32      3               1.2     1.8        3
DAYS MIN <= 32     25              20.9     4.1       21
DAYS MIN <= 0       0               0.0     0.0        0

PRECIPITATION (INCHES)
RECORD
 MAXIMUM           MM   MM
 MINIMUM           MM   MM
TOTALS           0.01              0.55   -0.54     0.98
DAYS >= .01         1               3.7    -2.7        3
DAYS >= .10         0               1.8    -1.8        2
DAYS >= .50         0               0.2    -0.2        1
DAYS >= 1.00        0               0.0     0.0        0
GREATEST
 24 HR. TOTAL    0.01   11/16 TO 11/16           11/05 TO 11/05
                        11/15 TO 11/16                    11/05 TO 11/05
                        11/16 TO 11/16                    11/05 TO 11/05

DEGREE_DAYS
HEATING TOTAL     750               699      51      680
 SINCE 7/1       1039              1089     -50     1044
COOLING TOTAL       0                 0       0        0
 SINCE 1/1       1342              1298      44     1591
......................................................

WIND (MPH)
AVERAGE WIND SPEED              12.9
HIGHEST WIND SPEED/DIRECTION    46/010    DATE  11/23
HIGHEST GUST SPEED/DIRECTION    57/360    DATE  11/23


WEATHER CONDITIONS. NUMBER OF DAYS WITH
THUNDERSTORM              0     MIXED PRECIP               0
HEAVY RAIN                0     RAIN                       0
LIGHT RAIN                1     FREEZING RAIN              0
LT FREEZING RAIN          0     HAIL                       0
HEAVY SNOW                0     SNOW                       2
LIGHT SNOW                5     SLEET                      0
FOG                       7     FOG W/VIS <= 1/4 MILE      0
HAZE                      4

-  INDICATES NEGATIVE NUMBERS.
R  INDICATES RECORD WAS SET OR TIED.
MM INDICATES DATA IS MISSING.
T  INDICATES TRACE AMOUNT.

$$
