344
CXUS53 KDDC 011453
CLMGCK


CLIMATE REPORT
NATIONAL WEATHER SERVICE DODGE CITY KS
948 AM CDT SAT OCT 1 2016

...................................

...THE GARDEN CITY REGIONAL ARPT KS CLIMATE SUMMARY FOR THE MONTH OF SEPTEMBER 2016...

CLIMATE NORMAL PERIOD 1981 TO 2010
CLIMATE RECORD PERIOD 1948 TO 2016

WEATHER         OBSERVED          NORMAL  DEPART  LAST YEAR`S
                 VALUE   DATE(S)  VALUE   FROM    VALUE  DATE(S)
                                          NORMAL
................................................................
TEMPERATURE (F)
RECORD
 HIGH             106   09/01/2011
 LOW                0   09/29/2011
HIGHEST            99   09/20        MM      MM      101  09/16
LOWEST             38   09/26        MM      MM       43  09/19
AVG. MAXIMUM     85.9              82.0     3.9     88.6
AVG. MINIMUM     56.2              54.3     1.9     59.7
MEAN             71.1              68.2     2.9     74.2
DAYS MAX >= 90     13               7.2     5.8       15
DAYS MAX <= 32      0               0.0     0.0        0
DAYS MIN <= 32      0               0.2    -0.2        0
DAYS MIN <= 0       0               0.0     0.0        0

PRECIPITATION (INCHES)
RECORD
 MAXIMUM         4.35   1996
 MINIMUM         0.09   1979
TOTALS           0.19              1.47   -1.28     0.11
DAYS >= .01         2               5.9    -3.9        4
DAYS >= .10         1               2.7    -1.7        0
DAYS >= .50         0               1.0    -1.0        0
DAYS >= 1.00        0               0.3    -0.3        0
GREATEST
 24 HR. TOTAL    0.11   09/06 TO 09/06           09/22 TO 09/23

DEGREE_DAYS
HEATING TOTAL      28                68     -40        8
 SINCE 7/1         28                72     -44        8
COOLING TOTAL     217               162      55      291
 SINCE 1/1       1373              1278      95     1426
....................................................

WIND (MPH)
AVERAGE WIND SPEED              12.5
HIGHEST WIND SPEED/DIRECTION    35/150    DATE  09/23
HIGHEST GUST SPEED/DIRECTION    44/150    DATE  09/23


WEATHER CONDITIONS. NUMBER OF DAYS WITH
THUNDERSTORM              2     MIXED PRECIP               0
HEAVY RAIN                0     RAIN                       0
LIGHT RAIN                4     FREEZING RAIN              0
LT FREEZING RAIN          0     HAIL                       0
HEAVY SNOW                0     SNOW                       0
LIGHT SNOW                0     SLEET                      0
FOG                      12     FOG W/VIS <= 1/4 MILE      5
HAZE                      7

-  INDICATES NEGATIVE NUMBERS.
R  INDICATES RECORD WAS SET OR TIED.
MM INDICATES DATA IS MISSING.
T  INDICATES TRACE AMOUNT.

$$
