000
CXUS53 KDDC 011452
CLMGCK


CLIMATE REPORT
NATIONAL WEATHER SERVICE DODGE CITY KS
948 AM CDT MON AUG 1 2016

...................................

...THE GARDEN CITY REGIONAL ARPT KS CLIMATE SUMMARY FOR THE MONTH OF JULY 2016...

CLIMATE NORMAL PERIOD 1981 TO 2010
CLIMATE RECORD PERIOD 1948 TO 2016

WEATHER         OBSERVED          NORMAL  DEPART  LAST YEAR`S
                 VALUE   DATE(S)  VALUE   FROM    VALUE  DATE(S)
                                          NORMAL
................................................................
TEMPERATURE (F)
RECORD
 HIGH             110   07/11/1954
 LOW               46   07/13/1990
HIGHEST           100   07/22        MM      MM      105  07/13
LOWEST             57   07/16        MM      MM       54  07/08
                        07/15
AVG. MAXIMUM     91.6              91.8    -0.2     90.1
AVG. MINIMUM     65.8              64.6     1.2     66.1
MEAN             78.7              78.2     0.5     78.1
DAYS MAX >= 90     21              19.7     1.3       17
DAYS MAX <= 32      0               0.0     0.0        0
DAYS MIN <= 32      0               0.0     0.0        0
DAYS MIN <= 0       0               0.0     0.0        0

PRECIPITATION (INCHES)
RECORD
 MAXIMUM        10.44   1979
 MINIMUM         0.36   1980
TOTALS           7.57              2.78    4.79     6.53
DAYS >= .01         9               8.4     0.6       14
DAYS >= .10         7               5.4     1.6       11
DAYS >= .50         5               2.3     2.7        5
DAYS >= 1.00        3               0.7     2.3        2
GREATEST
 24 HR. TOTAL    2.14   07/01 TO 07/01           07/13 TO 07/14

DEGREE_DAYS
HEATING TOTAL       0                 1      -1        0
 SINCE 7/1          0                 1      -1        0
COOLING TOTAL     431               410      21      410
 SINCE 1/1        836               751      85      786
.....................................................

WIND (MPH)
AVERAGE WIND SPEED              10.7
HIGHEST WIND SPEED/DIRECTION    62/360    DATE  07/15
HIGHEST GUST SPEED/DIRECTION    74/360    DATE  07/15


WEATHER CONDITIONS. NUMBER OF DAYS WITH
THUNDERSTORM             12     MIXED PRECIP               0
HEAVY RAIN                7     RAIN                       6
LIGHT RAIN               10     FREEZING RAIN              0
LT FREEZING RAIN          0     HAIL                       0
HEAVY SNOW                0     SNOW                       0
LIGHT SNOW                0     SLEET                      0
FOG                      11     FOG W/VIS <= 1/4 MILE      0
HAZE                      4

-  INDICATES NEGATIVE NUMBERS.
R  INDICATES RECORD WAS SET OR TIED.
MM INDICATES DATA IS MISSING.
T  INDICATES TRACE AMOUNT.

$$
