000
CXUS53 KGLD 020126
CLMGLD

CLIMATE REPORT
NATIONAL WEATHER SERVICE GOODLAND
723 PM MDT FRI SEP 1 2017

...................................

...THE GOODLAND KS CLIMATE SUMMARY FOR THE MONTH OF AUGUST 2017...

CLIMATE NORMAL PERIOD 1981 TO 2010
CLIMATE RECORD PERIOD 1895 TO 2017

WEATHER         OBSERVED          NORMAL  DEPART  LAST YEAR`S
                 VALUE   DATE(S)  VALUE   FROM    VALUE  DATE(S)
                                          NORMAL
................................................................
TEMPERATURE (F)
RECORD
 HIGH             108   08/06/1970
                        08/02/1938
                        08/09/1937
 LOW               38   08/23/1964
HIGHEST            94   08/19       100      -6       97  08/10
LOWEST             52   08/17        51       1       47  08/21
                                                          08/20
AVG. MAXIMUM     83.5              87.5    -4.0     85.6
AVG. MINIMUM     58.3              60.0    -1.7     58.5
MEAN             70.9              73.7    -2.8     72.0
DAYS MAX >= 90      4              13.4    -9.4       13
DAYS MAX <= 32      0               0.0     0.0        0
DAYS MIN <= 32      0               0.0     0.0        0
DAYS MIN <= 0       0               0.0     0.0        0

PRECIPITATION (INCHES)
RECORD
 MAXIMUM         9.29   1993
 MINIMUM         0.13   1964
TOTALS           1.75              2.70   -0.95     2.31
DAILY AVG.       0.06              0.09   -0.03     0.07
DAYS >= .01         7               8.8    -1.8       10
DAYS >= .10         4               4.7    -0.7        7
DAYS >= .50         1               1.7    -0.7        2
DAYS >= 1.00        0               0.8    -0.8        0
GREATEST
 24 HR. TOTAL    0.82   08/07 TO 08/07              0.84

SNOWFALL (INCHES)
RECORDS
 TOTAL              T   2011
                        2007
                        2006
TOTALS              T               0.0     0.0      0.0
SINCE 7/1           T               0.0     0.0      0.0
SNOWDEPTH AVG.      0                                  0
DAYS >= 1.0         0               0.0     0.0        0
GREATEST
 SNOW DEPTH         0                                  0
 24 HR TOTAL        T   08/10 TO 08/10

DEGREE_DAYS
HEATING TOTAL       0                 8      -8        7
 SINCE 7/1          0                12     -12        7
COOLING TOTAL     190               279     -89      234
 SINCE 1/1        819               833     -14      949
..................................................

WIND (MPH)
AVERAGE WIND SPEED              10.0
HIGHEST WIND SPEED/DIRECTION    31/170    DATE  08/12
HIGHEST GUST SPEED/DIRECTION    37/180    DATE  08/12

SKY COVER
AVERAGE SKY COVER           0.20

AVERAGE RH (PERCENT)     69

WEATHER CONDITIONS. NUMBER OF DAYS WITH
THUNDERSTORM              9     MIXED PRECIP               0
HEAVY RAIN                4     RAIN                       2
LIGHT RAIN                8     FREEZING RAIN              0
LT FREEZING RAIN          0     HAIL                       1
HEAVY SNOW                0     SNOW                       0
LIGHT SNOW                0     SLEET                      0
FOG                      12     FOG W/VIS <= 1/4 MILE      2
HAZE                      1

-  INDICATES NEGATIVE NUMBERS.
R  INDICATES RECORD WAS SET OR TIED.
MM INDICATES DATA IS MISSING.
T  INDICATES TRACE AMOUNT.

$$
