000
CXUS55 KMSO 011515
CLMGPI


CLIMATE REPORT
NATIONAL WEATHER SERVICE MISSOULA, MT
815 AM MST SUN FEB 1 2015

...................................

...THE KALISPELL MT CLIMATE SUMMARY FOR THE MONTH OF JANUARY 2015...

CLIMATE NORMAL PERIOD 1981 TO 2010
CLIMATE RECORD PERIOD 1894 TO 2015

WEATHER         OBSERVED          NORMAL  DEPART  LAST YEAR`S
                 VALUE   DATE(S)  VALUE   FROM    VALUE
                                          NORMAL
.............................................................
TEMPERATURE (F)
RECORD
 HIGH              56   01/27/1934
 LOW              -38   01/31/1950
                        01/30/1950
HIGHEST            48   01/25        MM      MM       48
LOWEST             -5   01/09        MM      MM       -5
AVG. MAXIMUM     31.2              31.2     0.0     33.3
AVG. MINIMUM     14.4              16.4    -2.0     19.0
MEAN             22.8              23.8    -1.0
DAYS MAX >= 90      0               0.0     0.0        0
DAYS MAX <= 32     19              14.0     5.0       13
DAYS MIN <= 32     31              28.9     2.1       28
DAYS MIN <= 0       2               3.8    -1.8        1

PRECIPITATION (INCHES)
RECORD
 MAXIMUM         3.40   1943
 MINIMUM         0.20   1985
TOTALS           2.41              1.33    1.08
DAILY AVG.       0.08              0.04    0.04     0.04
DAYS >= .01        12              13.7    -1.7       10
DAYS >= .10         7               4.7     2.3        5
DAYS >= .50         2               0.2     1.8        0
DAYS >= 1.00        0               0.0     0.0        0
GREATEST
 24 HR. TOTAL    1.28   01/04 TO 01/05              0.46

SNOWFALL (INCHES)
TOTALS           30.4              12.7    17.7     15.6
SINCE 7/1        56.9              39.4    17.5     49.1
DAYS >= TRACE      12              10.5     1.5       18
DAYS >= 1.0         6               4.5     1.5        6
GREATEST
 SNOW DEPTH        18   01/05
 24 HR TOTAL     12.3   MM                           5.0

DEGREE_DAYS
HEATING TOTAL    1302              1277      25
 SINCE 7/1       4529              4791    -262
COOLING TOTAL       0                 0       0
 SINCE 1/1          0                 0       0
..............................................................

WIND (MPH)
AVERAGE WIND SPEED              3.5
HIGHEST WIND SPEED/DIRECTION    38/030    DATE  01/08
HIGHEST GUST SPEED/DIRECTION    45/030    DATE  01/08

SKY COVER
POSSIBLE SUNSHINE (PERCENT)   MM
AVERAGE SKY COVER           0.70
NUMBER OF DAYS FAIR            5
NUMBER OF DAYS PC              9
NUMBER OF DAYS CLOUDY         17

AVERAGE RH (PERCENT)     85

WEATHER CONDITIONS. NUMBER OF DAYS WITH
THUNDERSTORM              0     MIXED PRECIP               0
HEAVY RAIN                0     RAIN                       0
LIGHT RAIN                3     FREEZING RAIN              0
LT FREEZING RAIN          2     HAIL                       0
HEAVY SNOW                0     SNOW                       4
LIGHT SNOW               12     SLEET                      0
FOG                      27     FOG W/VIS <= 1/4 MILE     15
HAZE                      2

-  INDICATES NEGATIVE NUMBERS.
R  INDICATES RECORD WAS SET OR TIED.
MM INDICATES DATA IS MISSING.
T  INDICATES TRACE AMOUNT.

$$
