000
CXUS54 KJAN 011628
CLMGWO


CLIMATE REPORT
NATIONAL WEATHER SERVICE JACKSON MS
1027 AM CST FRI DEC 1 2017

...................................

...THE GREENWOOD CLIMATE SUMMARY FOR THE MONTH OF NOVEMBER 2017...

CLIMATE NORMAL PERIOD 1981 TO 2010
CLIMATE RECORD PERIOD 1948 TO 2017

WEATHER         OBSERVED          NORMAL  DEPART  LAST YEAR`S
                 VALUE   DATE(S)  VALUE   FROM    VALUE  DATE(S)
                                          NORMAL
................................................................
TEMPERATURE (F)
RECORD
 HIGH              88   11/10/2002
 LOW               15   11/25/1950
HIGHEST            84   11/03        MM      MM       87  11/01
LOWEST             23   11/23        MM      MM       26  11/20
AVG. MAXIMUM     69.6              66.2     3.4     71.3
AVG. MINIMUM     43.4              42.5     0.9     42.1
MEAN             56.5              54.3     2.2     56.7
DAYS MAX >= 90      0               0.0     0.0        0
DAYS MAX <= 32      0               0.0     0.0        0
DAYS MIN <= 32      8               5.2     2.8        6
DAYS MIN <= 0       0               0.0     0.0        0

PRECIPITATION (INCHES)
RECORD
 MAXIMUM        15.43   1948
 MINIMUM         0.11   1949
TOTALS           1.83              4.52   -2.69     3.61
DAILY AVG.       0.06              0.15   -0.09     0.12
DAYS >= .01         7               8.1    -1.1        8
DAYS >= .10         3               5.6    -2.6        7
DAYS >= .50         2               3.2    -1.2        2
DAYS >= 1.00        0               1.5    -1.5        1
GREATEST
 24 HR. TOTAL    0.91   11/03 TO 11/03              1.44

SNOWFALL (INCHES)
TOTALS            0.0

DEGREE_DAYS
HEATING TOTAL     292               337     -45      264
 SINCE 7/1        414               468     -54      292
COOLING TOTAL      43                17      26       24
 SINCE 1/1       2341              2159     182     2559
.................................................................

WIND (MPH)
AVERAGE WIND SPEED              5.6
HIGHEST WIND SPEED/DIRECTION    30/220    DATE  11/18
HIGHEST GUST SPEED/DIRECTION    41/320    DATE  11/18

SKY COVER
POSSIBLE SUNSHINE (PERCENT)   MM
AVERAGE SKY COVER           0.40
NUMBER OF DAYS FAIR           17
NUMBER OF DAYS PC              6
NUMBER OF DAYS CLOUDY          7

AVERAGE RH (PERCENT)     72

WEATHER CONDITIONS. NUMBER OF DAYS WITH
THUNDERSTORM              1     MIXED PRECIP               0
HEAVY RAIN                3     RAIN                       4
LIGHT RAIN               11     FREEZING RAIN              0
LT FREEZING RAIN          0     HAIL                       0
HEAVY SNOW                0     SNOW                       0
LIGHT SNOW                0     SLEET                      0
FOG                      15     FOG W/VIS <= 1/4 MILE      2
HAZE                      6

-  INDICATES NEGATIVE NUMBERS.
R  INDICATES RECORD WAS SET OR TIED.
MM INDICATES DATA IS MISSING.
T  INDICATES TRACE AMOUNT.

$$
