000
CXUS54 KJAN 011916
CLMHBG


CLIMATE REPORT
NATIONAL WEATHER SERVICE JACKSON MS
213 PM CDT SUN MAY 1 2016

...................................

...THE HATTIESBURG CLIMATE SUMMARY FOR THE MONTH OF APRIL 2016...

CLIMATE NORMAL PERIOD 1981 TO 2010
CLIMATE RECORD PERIOD 1948 TO 2016

WEATHER         OBSERVED          NORMAL  DEPART  LAST YEAR`S
                 VALUE   DATE(S)  VALUE   FROM    VALUE  DATE(S)
                                          NORMAL
................................................................
TEMPERATURE (F)
RECORD
 HIGH              94   04/29/1955
 LOW               31   04/04/1987
                        04/11/1973
                        04/07/1950
HIGHEST            89   04/29        MM      MM       88  04/26
LOWEST             39   04/03        MM      MM       42  04/05
AVG. MAXIMUM     79.2              78.0     1.2     80.1
AVG. MINIMUM     56.1              52.6     3.5     60.5
MEAN             67.6              65.3     2.3     70.3
DAYS MAX >= 90      0               0.4    -0.4        0
DAYS MAX <= 32      0               0.0     0.0        0
DAYS MIN <= 32      0               0.3    -0.3        0
DAYS MIN <= 0       0               0.0     0.0        0

PRECIPITATION (INCHES)
RECORD
 MAXIMUM        17.50   1983
 MINIMUM         0.63   1999
TOTALS           6.00              4.93    1.07     3.37
DAILY AVG.       0.20              0.16    0.04     0.11
DAYS >= .01         9                MM      MM       12
DAYS >= .10         7                MM      MM        8
DAYS >= .50         3                MM      MM        3
DAYS >= 1.00        1                MM      MM        0
GREATEST
 24 HR. TOTAL    3.33   04/14 TO 04/14              0.84

SNOWFALL (INCHES)
TOTALS            0.0
SINCE 7/1         0.0
DAYS >= TRACE       0
DAYS >= 1.0         0
GREATEST
 24 HR TOTAL      0.0   04/30 TO 04/30

DEGREE_DAYS
HEATING TOTAL      28                83     -55       14
 SINCE 7/1       1379              1978    -599     1911
COOLING TOTAL     114                92      22      181
 SINCE 1/1        205               140      65      279
.................................................................

WIND (MPH)
AVERAGE WIND SPEED              5.7
HIGHEST WIND SPEED/DIRECTION    37/140    DATE  04/30
HIGHEST GUST SPEED/DIRECTION    47/130    DATE  04/30

SKY COVER
POSSIBLE SUNSHINE (PERCENT)   MM
AVERAGE SKY COVER           0.30
NUMBER OF DAYS FAIR           17
NUMBER OF DAYS PC              6
NUMBER OF DAYS CLOUDY          7

AVERAGE RH (PERCENT)     68

WEATHER CONDITIONS. NUMBER OF DAYS WITH
THUNDERSTORM              6     MIXED PRECIP               0
HEAVY RAIN                4     RAIN                       7
LIGHT RAIN               11     FREEZING RAIN              0
LT FREEZING RAIN          0     HAIL                       0
HEAVY SNOW                0     SNOW                       0
LIGHT SNOW                0     SLEET                      0
FOG                      13     FOG W/VIS <= 1/4 MILE      4
HAZE                      2

-  INDICATES NEGATIVE NUMBERS.
R  INDICATES RECORD WAS SET OR TIED.
MM INDICATES DATA IS MISSING.
T  INDICATES TRACE AMOUNT.

$$
