000
CXUS54 KJAN 012236
CLMHBG


CLIMATE REPORT
NATIONAL WEATHER SERVICE JACKSON MS
532 PM CDT SAT AUG 1 2015

...................................

...THE HATTIESBURG CLIMATE SUMMARY FOR THE MONTH OF JULY 2015...

CLIMATE NORMAL PERIOD 1981 TO 2010
CLIMATE RECORD PERIOD 1948 TO 2015

WEATHER         OBSERVED          NORMAL  DEPART  LAST YEAR`S
                 VALUE   DATE(S)  VALUE   FROM    VALUE  DATE(S)
                                          NORMAL
................................................................
TEMPERATURE (F)
RECORD
 HIGH             105   07/17/2000
 LOW               57   07/11/1953
HIGHEST            99   07/20        MM      MM       95  07/27
                        07/18                             07/26
                                                          07/02
LOWEST             68   07/06        MM      MM       61  07/17
                        07/05
AVG. MAXIMUM     94.9              92.1     2.8     90.2
AVG. MINIMUM     74.4              71.6     2.8     70.2
MEAN             84.7              81.9     2.8     80.2
DAYS MAX >= 90     30              23.1     6.9       19
DAYS MAX <= 32      0               0.0     0.0        0
DAYS MIN <= 32      0               0.0     0.0        0
DAYS MIN <= 0       0               0.0     0.0        0

PRECIPITATION (INCHES)
RECORD
 MAXIMUM        14.52   1979
 MINIMUM         2.00   1983
TOTALS           6.20              5.39    0.81     2.26
DAILY AVG.       0.20              0.17    0.03     0.07
DAYS >= .01        11                MM      MM        8
DAYS >= .10         9                MM      MM        3
DAYS >= .50         4                MM      MM        2
DAYS >= 1.00        2                MM      MM        1
GREATEST
 24 HR. TOTAL    1.91   07/04 TO 07/05              1.00

SNOWFALL (INCHES)
TOTALS            0.0
SINCE 7/1         0.0
DAYS >= TRACE       0
DAYS >= 1.0         0
GREATEST
 24 HR TOTAL      0.0   07/31 TO 07/31

DEGREE_DAYS
HEATING TOTAL       0                 0       0        0
 SINCE 7/1          0                 0       0        0
COOLING TOTAL     619               522      97      479
 SINCE 1/1       1675              1360     315     1322
.................................................................

WIND (MPH)
AVERAGE WIND SPEED              4.2
HIGHEST WIND SPEED/DIRECTION    38/040    DATE  07/30
HIGHEST GUST SPEED/DIRECTION    57/050    DATE  07/30

SKY COVER
POSSIBLE SUNSHINE (PERCENT)   MM
AVERAGE SKY COVER           0.10
NUMBER OF DAYS FAIR           30
NUMBER OF DAYS PC              1
NUMBER OF DAYS CLOUDY          0

AVERAGE RH (PERCENT)     70

WEATHER CONDITIONS. NUMBER OF DAYS WITH
THUNDERSTORM             13     MIXED PRECIP               0
HEAVY RAIN                9     RAIN                       6
LIGHT RAIN               15     FREEZING RAIN              0
LT FREEZING RAIN          0     HAIL                       0
HEAVY SNOW                0     SNOW                       0
LIGHT SNOW                0     SLEET                      0
FOG                      10     FOG W/VIS <= 1/4 MILE      1
HAZE                      2

-  INDICATES NEGATIVE NUMBERS.
R  INDICATES RECORD WAS SET OR TIED.
MM INDICATES DATA IS MISSING.
T  INDICATES TRACE AMOUNT.

$$
