298
CXHW50 PHFO 011625
CLMHNL


CLIMATE REPORT
NATIONAL WEATHER SERVICE HONOLULU HI
625 AM HST FRI MAY 1 2015

...................................

...THE HONOLULU HI CLIMATE SUMMARY FOR THE MONTH OF APRIL 2015...

CLIMATE NORMAL PERIOD 1981 TO 2010
CLIMATE RECORD PERIOD 1946 TO 2015

WEATHER         OBSERVED          NORMAL  DEPART  LAST YEAR`S
                 VALUE   DATE(S)  VALUE   FROM    VALUE  DATE(S)
                                          NORMAL
................................................................
TEMPERATURE (F)
RECORD
 HIGH              91   04/28/1996
 LOW               56   04/22/1958
HIGHEST            86   04/16        83       3       85  04/24
                                                          04/23
                                                          04/19
LOWEST             66   04/26        68      -2       67  04/12
                        04/03                             04/06
                                                          04/05
AVG. MAXIMUM     82.5              82.7    -0.2     82.8
AVG. MINIMUM     69.8              69.4     0.4     71.2
MEAN             76.1              76.1     0.0     77.0
DAYS MAX >= 90      0               0.0     0.0        0
DAYS MAX <= 32      0               0.0     0.0        0
DAYS MIN <= 32      0               0.0     0.0        0
DAYS MIN <= 0       0               0.0     0.0        0

PRECIPITATION (INCHES)
RECORD
 MAXIMUM         8.92   1963
 MINIMUM         0.01   1960
TOTALS           0.37              0.63   -0.26     0.33
DAILY AVG.       0.01              0.02   -0.01     0.01
DAYS >= .01        14               7.5     6.5        8
DAYS >= .10         0               2.1    -2.1        0
DAYS >= .50         0               0.1    -0.1        0
DAYS >= 1.00        0               0.0     0.0        0
GREATEST
 24 HR. TOTAL    0.10   04/16 TO 04/17              0.08

SNOWFALL (INCHES)
RECORDS
 TOTAL             MM   5
TOTALS            0.0               0.0     0.0      0.0
SINCE 7/1         0.0               0.0     0.0      0.0
SNOWDEPTH AVG.      0                MM      MM        0
DAYS >= 1.0         0               0.0     0.0        0
GREATEST
 SNOW DEPTH         0   MM                             0  MM
 24 HR TOTAL      0.0   04/30 TO 04/30               0.0

DEGREE_DAYS
HEATING TOTAL       0                 0       0        0
 SINCE 7/1          0                 0       0        0
COOLING TOTAL     340               332       8      366
 SINCE 1/1       1126              1107      19     1194
.................................................................

WIND (MPH)
AVERAGE WIND SPEED              12.0
HIGHEST WIND SPEED/DIRECTION    26/070    DATE  04/30
HIGHEST GUST SPEED/DIRECTION    37/060    DATE  04/29

SKY COVER
POSSIBLE SUNSHINE (PERCENT)   MM
AVERAGE SKY COVER           0.50
NUMBER OF DAYS FAIR            1
NUMBER OF DAYS PC             28
NUMBER OF DAYS CLOUDY          1

AVERAGE RH (PERCENT)     69

WEATHER CONDITIONS. NUMBER OF DAYS WITH
THUNDERSTORM              0     MIXED PRECIP               0
HEAVY RAIN                1     RAIN                       1
LIGHT RAIN                9     FREEZING RAIN              0
LT FREEZING RAIN          0     HAIL                       0
HEAVY SNOW                0     SNOW                       0
LIGHT SNOW                0     SLEET                      0
FOG                       6     FOG W/VIS <= 1/4 MILE      0
HAZE                      1

-  INDICATES NEGATIVE NUMBERS.
R  INDICATES RECORD WAS SET OR TIED.
MM INDICATES DATA IS MISSING.
T  INDICATES TRACE AMOUNT.

$$
