000
CXUS56 KSEW 011033
CLMHQM


CLIMATE REPORT
NATIONAL WEATHER SERVICE SEATTLE WA
233 AM PST SUN MAR 1 2015

...................................

...THE HOQUIAM WA AIRPORT CLIMATE SUMMARY FOR THE MONTH OF FEBRUARY 2015...

CLIMATE NORMAL PERIOD 1981 TO 2010
CLIMATE RECORD PERIOD 1953 TO 2015

WEATHER         OBSERVED          NORMAL  DEPART  LAST YEAR`S
                 VALUE   DATE(S)  VALUE   FROM    VALUE  DATE(S)
                                          NORMAL
................................................................
TEMPERATURE (F)
RECORD
 HIGH              72   02/26/1992
 LOW                9   02/22/1974
HIGHEST            63   02/17        MM      MM       62  02/28
LOWEST             31   02/24        MM      MM       21  02/07
AVG. MAXIMUM     56.5              49.7     6.8     46.4
AVG. MINIMUM     43.5              37.7     5.8     35.9
MEAN             50.0              43.7     6.3     41.1
DAYS MAX >= 90      0               0.0     0.0        0
DAYS MAX <= 32      0               0.1    -0.1        1
DAYS MIN <= 32      1               5.7    -4.7       10
DAYS MIN <= 0       0               0.0     0.0        0

PRECIPITATION (INCHES)
RECORD
 MAXIMUM        19.04   1961
 MINIMUM         0.82   1993
TOTALS           4.87              7.21   -2.34     8.02
DAILY AVG.       0.17              0.26   -0.09     0.29
DAYS >= .01        15              17.8    -2.8       18
DAYS >= .10        10              13.0    -3.0       12
DAYS >= .50         4               4.7    -0.7        5
DAYS >= 1.00        2               1.7     0.3        3
GREATEST
 24 HR. TOTAL    1.33   02/05 TO 02/06

DEGREE_DAYS
HEATING TOTAL     412               596    -184      661
COOLING TOTAL       0                 0       0        0
 SINCE 1/1          0                 0       0        0
.................................................................

WIND (MPH)
AVERAGE WIND SPEED              8.6
HIGHEST WIND SPEED/DIRECTION    36/170    DATE  02/06
HIGHEST GUST SPEED/DIRECTION    49/170    DATE  02/06

SKY COVER
POSSIBLE SUNSHINE (PERCENT)   MM
AVERAGE SKY COVER           0.60
NUMBER OF DAYS FAIR            9
NUMBER OF DAYS PC              5
NUMBER OF DAYS CLOUDY         14

AVERAGE RH (PERCENT)     82

WEATHER CONDITIONS. NUMBER OF DAYS WITH
THUNDERSTORM              0     MIXED PRECIP               0
HEAVY RAIN                0     RAIN                       9
LIGHT RAIN               19     FREEZING RAIN              0
LT FREEZING RAIN          0     HAIL                       0
HEAVY SNOW                0     SNOW                       0
LIGHT SNOW                0     SLEET                      0
FOG                      26     FOG W/VIS <= 1/4 MILE      2
HAZE                      0

-  INDICATES NEGATIVE NUMBERS.
R  INDICATES RECORD WAS SET OR TIED.
MM INDICATES DATA IS MISSING.
T  INDICATES TRACE AMOUNT.

$$
