000
CXUS52 KMHX 011235
CLMHSE


CLIMATE REPORT
NATIONAL WEATHER SERVICE NEWPORT/MOREHEAD CITY NC
834 AM EDT WED OCT 1 2014

...................................

...THE CAPE HATTERAS NC CLIMATE SUMMARY FOR THE MONTH OF SEPTEMBER 2014...

CLIMATE NORMAL PERIOD 1981 TO 2010
CLIMATE RECORD PERIOD 1874 TO 2014

WEATHER         OBSERVED          NORMAL  DEPART  LAST YEAR`S
                 VALUE   DATE(S)  VALUE   FROM    VALUE  DATE(S)
                                          NORMAL
................................................................
TEMPERATURE (F)
RECORD
 HIGH              92   09/07/2011
                        09/09/1978
                        09/01/1932
 LOW               33   09/26/2005
HIGHEST            87   09/05                         89
LOWEST             62   09/30                         52
AVG. MAXIMUM     78.9              79.9    -1.0     81.1
AVG. MINIMUM     69.7              69.0     0.7     67.5
MEAN             74.3              74.5    -0.2     74.3
DAYS MAX >= 90      0               0.1    -0.1        0
DAYS MAX <= 32      0               0.0     0.0        0
DAYS MIN <= 32      0               0.0     0.0        0
DAYS MIN <= 0       0               0.0     0.0        0

PRECIPITATION (INCHES)
RECORD
 MAXIMUM        20.00   1989
 MINIMUM           MM   MM
TOTALS          10.84              6.25    4.59     4.83
DAYS >= .01        11               9.6     1.4        4
DAYS >= .10         9               6.7     2.3        4
DAYS >= .50         7               3.4     3.6        4
DAYS >= 1.00        5               2.1     2.9        2

DEGREE_DAYS
COOLING TOTAL     287               286       1      292
 SINCE 1/1       1663              1592      71     1836
.................................................................

WIND (MPH)
AVERAGE WIND SPEED              8.3
HIGHEST WIND SPEED/DIRECTION    23/100    DATE  09/20
HIGHEST GUST SPEED/DIRECTION    30/030    DATE  09/23

SKY COVER
POSSIBLE SUNSHINE (PERCENT)   MM
AVERAGE SKY COVER           0.40
NUMBER OF DAYS FAIR           13
NUMBER OF DAYS PC             14
NUMBER OF DAYS CLOUDY          3

AVERAGE RH (PERCENT)     85

WEATHER CONDITIONS. NUMBER OF DAYS WITH
THUNDERSTORM              0     MIXED PRECIP               0
HEAVY RAIN                8     RAIN                       9
LIGHT RAIN               13     FREEZING RAIN              0
LT FREEZING RAIN          0     HAIL                       0
HEAVY SNOW                0     SNOW                       0
LIGHT SNOW                0     SLEET                      0
FOG                      11     FOG W/VIS <= 1/4 MILE      1
HAZE                      1

-  INDICATES NEGATIVE NUMBERS.
R  INDICATES RECORD WAS SET OR TIED.
MM INDICATES DATA IS MISSING.
T  INDICATES TRACE AMOUNT.

$$
