000
CXUS54 KHUN 021825
CLMHSV


CLIMATE REPORT
NATIONAL WEATHER SERVICE HUNTSVILLE AL
123 PM CDT FRI SEP 2 2016

...................................

...THE HUNTSVILLE CLIMATE SUMMARY FOR THE MONTH OF AUGUST 2016...

CLIMATE NORMAL PERIOD 1981 TO 2010
CLIMATE RECORD PERIOD 1894 TO 2016

WEATHER         OBSERVED          NORMAL  DEPART  LAST YEAR`S
                 VALUE   DATE(S)  VALUE   FROM    VALUE
                                          NORMAL
.............................................................
TEMPERATURE (F)
RECORD
 HIGH             108   08/08/1930
                        08/07/1930
 LOW               50   08/10/1954
                        08/26/1917
HIGHEST            99   08/05        MM      MM      100
LOWEST             68   08/23        MM      MM       58
AVG. MAXIMUM     92.9              90.9     2.0     89.4
AVG. MINIMUM     73.1              69.4     3.7     69.0
MEAN             83.0              80.1     2.9     79.2
DAYS MAX >= 90     25              18.0     7.0       16
DAYS MAX <= 32      0               0.0     0.0        0
DAYS MIN <= 32      0               0.0     0.0        0
DAYS MIN <= 0       0               0.0     0.0        0

PRECIPITATION (INCHES)
RECORD
 MAXIMUM        12.61   1901
 MINIMUM         0.08   1918
TOTALS           4.88              3.61    1.27     8.11
DAILY AVG.       0.16              0.12    0.04     0.26
DAYS >= .01        15               8.5     6.5       12
DAYS >= .10        11               5.5     5.5        9
DAYS >= .50         2               2.3    -0.3        6
DAYS >= 1.00        2               1.0     1.0        4
GREATEST
 24 HR. TOTAL    1.30   08/19 TO 08/20              2.24

SNOWFALL (INCHES)
RECORDS
 TOTAL              T   1990
 24 HR TOTAL      0.0   MM
TOTALS            0.0               0.0     0.0      0.0
SINCE 7/1         0.0               0.0     0.0      0.0
DAYS >= TRACE       0               0.0     0.0        0
DAYS >= 1.0         0               0.0     0.0        0
GREATEST
 SNOW DEPTH         0   MM                             0
 24 HR TOTAL      0.0   08/31 TO 08/31

DEGREE_DAYS
HEATING TOTAL       0                 0       0        0
 SINCE 7/1          0                 0       0        0
COOLING TOTAL     563               470      93      447
 SINCE 1/1       1905              1595     310     1845

FREEZE DATES
RECORD
 EARLIEST     10/09/2000
 LATEST       05/02/1909
EARLIEST                        11/05
LATEST                          03/30
..............................................................

WIND (MPH)
AVERAGE WIND SPEED              5.4
HIGHEST WIND SPEED/DIRECTION    33/110    DATE  08/25
HIGHEST GUST SPEED/DIRECTION    48/070    DATE  08/26

AVERAGE RH (PERCENT)     66


-  INDICATES NEGATIVE NUMBERS.
R  INDICATES RECORD WAS SET OR TIED.
MM INDICATES DATA IS MISSING.
T  INDICATES TRACE AMOUNT.

$$
