000
CXUS53 KUNR 011623
CLMICR


CLIMATE REPORT
NATIONAL WEATHER SERVICE RAPID CITY SD
1022 AM MDT SUN MAY 1 2016

...................................

...THE WINNER REGIONAL AIRPORT SD CLIMATE SUMMARY FOR THE MONTH OF APRIL 2016...

CLIMATE NORMAL PERIOD 1981 TO 2010
CLIMATE RECORD PERIOD 9999 TO 9999

WEATHER         OBSERVED          NORMAL  DEPART  LAST YEAR`S
                 VALUE   DATE(S)  VALUE   FROM    VALUE  DATE(S)
                                          NORMAL
................................................................
TEMPERATURE (F)
HIGHEST            83   04/23                         84  04/30
LOWEST             22   04/11                         25  04/03
AVG. MAXIMUM     61.1              59.6     1.5     65.1
AVG. MINIMUM     38.3              35.9     2.4     38.9
MEAN             49.7              47.7     2.0     52.0
DAYS MAX >= 90      0                                  0
DAYS MAX <= 32      0                                  0
DAYS MIN <= 32      8                                  6
DAYS MIN <= 0       0                                  0

PRECIPITATION (INCHES)
TOTALS           5.37              2.49    2.88     0.74
DAILY AVG.       0.18              0.08    0.10     0.02
DAYS >= .01         8                                  7
DAYS >= .10         7                                  4
DAYS >= .50         4                                  0
DAYS >= 1.00        1                                  0
GREATEST
 24 HR. TOTAL    2.04   04/27 TO 04/28              0.37

DEGREE_DAYS
HEATING TOTAL     458               519     -61      388
 SINCE 7/1       5392              6404   -1012     5773
COOLING TOTAL       8                 2       6        6
 SINCE 1/1          9                 2       7       12
.................................................................

WIND (MPH)
AVERAGE WIND SPEED              14.3
HIGHEST WIND SPEED/DIRECTION    48/180    DATE  04/05
HIGHEST GUST SPEED/DIRECTION    60/180    DATE  04/05

AVERAGE RH (PERCENT)     61

WEATHER CONDITIONS. NUMBER OF DAYS WITH
THUNDERSTORM              0     MIXED PRECIP               0
HEAVY RAIN                2     RAIN                       6
LIGHT RAIN               12     FREEZING RAIN              0
LT FREEZING RAIN          0     HAIL                       0
HEAVY SNOW                0     SNOW                       0
LIGHT SNOW                1     SLEET                      0
FOG                      11     FOG W/VIS <= 1/4 MILE      0
HAZE                      6

-  INDICATES NEGATIVE NUMBERS.
R  INDICATES RECORD WAS SET OR TIED.
MM INDICATES DATA IS MISSING.
T  INDICATES TRACE AMOUNT.

$$
