000
CXUS53 KUNR 011602
CLMIEN


CLIMATE REPORT
NATIONAL WEATHER SERVICE RAPID CITY SD
1002 AM MDT FRI SEP 1 2017

...................................

...THE PINE RIDGE SD CLIMATE SUMMARY FOR THE MONTH OF AUGUST 2017...

CLIMATE NORMAL PERIOD 1981 TO 2010
CLIMATE RECORD PERIOD 9999 TO 9999

WEATHER         OBSERVED          NORMAL  DEPART  LAST YEAR`S
                 VALUE   DATE(S)  VALUE   FROM    VALUE  DATE(S)
                                          NORMAL
................................................................
TEMPERATURE (F)
HIGHEST            97   08/29                         99  08/22
                        08/19                             08/10
                                                          08/03
LOWEST             42   08/22                         39  08/24
AVG. MAXIMUM     85.5              88.0    -2.5     85.8
AVG. MINIMUM     54.7              55.9    -1.2     54.2
MEAN             70.1              72.0    -1.9     70.0
DAYS MAX >= 90      7                                 10
DAYS MAX <= 32      0                                  0
DAYS MIN <= 32      0                                  0
DAYS MIN <= 0       0                                  0

PRECIPITATION (INCHES)
TOTALS           1.11              1.85   -0.74     2.77
DAILY AVG.       0.04              0.06   -0.02     0.09
DAYS >= .01         6                                  9
DAYS >= .10         3                                  5
DAYS >= .50         0                                  3
DAYS >= 1.00        0                                  1
GREATEST
 24 HR. TOTAL    0.38   08/17 TO 08/17              1.06

DEGREE_DAYS
HEATING TOTAL      12                25     -13       31
 SINCE 7/1         12                37     -25       33
COOLING TOTAL     171               240     -69      195
 SINCE 1/1        673               648      25      712
.................................................................

WIND (MPH)
AVERAGE WIND SPEED              10.4
HIGHEST WIND SPEED/DIRECTION    99/099    DATE  08/30
HIGHEST GUST SPEED/DIRECTION    99/099    DATE  08/30

AVERAGE RH (PERCENT)     61

WEATHER CONDITIONS. NUMBER OF DAYS WITH
THUNDERSTORM              0     MIXED PRECIP               0
HEAVY RAIN                4     RAIN                       6
LIGHT RAIN               12     FREEZING RAIN              0
LT FREEZING RAIN          0     HAIL                       0
HEAVY SNOW                0     SNOW                       0
LIGHT SNOW                0     SLEET                      0
FOG                       9     FOG W/VIS <= 1/4 MILE      2
HAZE                      1

-  INDICATES NEGATIVE NUMBERS.
R  INDICATES RECORD WAS SET OR TIED.
MM INDICATES DATA IS MISSING.
T  INDICATES TRACE AMOUNT.

$$
