000
CXUS51 KPHI 040917
CLMILG

CLIMATE REPORT
NATIONAL WEATHER SERVICE MOUNT HOLLY NJ
505 AM EDT TUE JUL 4 2017

...................................

...THE WILMINGTON CLIMATE SUMMARY FOR THE MONTH OF JUNE 2017...

CLIMATE NORMAL PERIOD 1981 TO 2010
CLIMATE RECORD PERIOD 1894 TO 2017

WEATHER         OBSERVED          NORMAL  DEPART  LAST YEAR`S
                 VALUE   DATE(S)  VALUE   FROM    VALUE  DATE(S)
                                          NORMAL
................................................................
TEMPERATURE (F)
RECORD
 HIGH             102   06/24/1894
 LOW               40   06/01/1945
HIGHEST            95                93       2       90
LOWEST             50                49       1       49
AVG. MAXIMUM     83.3              81.8     1.5     81.9
AVG. MINIMUM     63.0              62.6     0.4     62.5
MEAN             73.2              72.2     1.0     72.2
DAYS MAX >= 90      5               3.4     1.6        3
DAYS MAX <= 32      0               0.0     0.0        0
DAYS MIN <= 32      0               0.0     0.0        0
DAYS MIN <= 0       0               0.0     0.0        0

PRECIPITATION (INCHES)
RECORD
 MAXIMUM        13.66   2013
 MINIMUM         0.21   1988
TOTALS           3.99              3.88    0.11     3.69
DAILY AVG.       0.13              0.13    0.00     0.12
DAYS >= .01         9              10.3    -1.3       10
DAYS >= .10         6               6.7    -0.7        7
DAYS >= .50         3               2.6     0.4        3
DAYS >= 1.00        1               1.0     0.0        1
GREATEST
 24 HR. TOTAL    1.28   06/14 TO 06/14              1.16

SNOWFALL (INCHES)
RECORDS
 TOTAL             MM   5
 24 HR TOTAL       MM
TOTALS            0.0               0.0     0.0      0.0
SINCE 7/1         9.0              20.2   -11.2     25.4
SNOWDEPTH AVG.      0                MM      MM        0
DAYS >= 1.0         0               0.0     0.0        0
GREATEST
 SNOW DEPTH         0   MM                             0  MM
 24 HR TOTAL      0.0   06/30 TO 06/30               0.0

DEGREE_DAYS
HEATING TOTAL      10                15      -5        5
 SINCE 7/1       4087              4819    -732     4065
COOLING TOTAL     261               231      30      228
 SINCE 1/1        352               310      42      320
.................................................................

WIND (MPH)
AVERAGE WIND SPEED              7.7
HIGHEST WIND SPEED/DIRECTION    40/290    DATE  06/19
HIGHEST GUST SPEED/DIRECTION    49/280    DATE  06/19

SKY COVER
POSSIBLE SUNSHINE (PERCENT)   MM
AVERAGE SKY COVER           0.30
NUMBER OF DAYS FAIR           22
NUMBER OF DAYS PC              5
NUMBER OF DAYS CLOUDY          3

AVERAGE RH (PERCENT)     69

WEATHER CONDITIONS. NUMBER OF DAYS WITH
THUNDERSTORM              4     MIXED PRECIP               0
HEAVY RAIN                5     RAIN                       4
LIGHT RAIN               11     FREEZING RAIN              0
LT FREEZING RAIN          0     HEAVY SNOW                 0
SNOW                      0     LIGHT SNOW                 0
SLEET                     0     FOG                       10
FOG W/VIS <= 1/4 MILE     0     HAZE                       2

-  INDICATES NEGATIVE NUMBERS.
R  INDICATES RECORD WAS SET OR TIED.
MM INDICATES DATA IS MISSING.
T  INDICATES TRACE AMOUNT.

$$
