000
CXUS51 KPHI 011248
CLMILG


CLIMATE REPORT
NATIONAL WEATHER SERVICE MOUNT HOLLY NJ
847 AM EDT FRI JUL 1 2016

...................................

...THE WILMINGTON CLIMATE SUMMARY FOR THE MONTH OF JUNE 2016...

CLIMATE NORMAL PERIOD 1981 TO 2010
CLIMATE RECORD PERIOD 1894 TO 2016

WEATHER         OBSERVED          NORMAL  DEPART  LAST YEAR`S
                 VALUE   DATE(S)  VALUE   FROM    VALUE  DATE(S)
                                          NORMAL
................................................................
TEMPERATURE (F)
RECORD
 HIGH             102   06/24/1894
 LOW               40   06/01/1945
HIGHEST            90                93      -3       92
LOWEST             49                49       0       53
AVG. MAXIMUM     81.9              81.8     0.1     81.4
AVG. MINIMUM     62.5              62.6    -0.1     64.7
MEAN             72.2              72.2     0.0     73.1
DAYS MAX >= 90      3               3.4    -0.4        4
DAYS MAX <= 32      0               0.0     0.0        0
DAYS MIN <= 32      0               0.0     0.0        0
DAYS MIN <= 0       0               0.0     0.0        0

PRECIPITATION (INCHES)
RECORD
 MAXIMUM        13.66   2013
 MINIMUM         0.21   1988
TOTALS           3.69              3.88   -0.19    12.52
DAILY AVG.       0.12              0.13   -0.01     0.42
DAYS >= .01        10              10.3    -0.3       18
DAYS >= .10         7               6.7     0.3       15
DAYS >= .50         3               2.6     0.4        7
DAYS >= 1.00        1               1.0     0.0        3
GREATEST
 24 HR. TOTAL    1.16   06/15 TO 06/16              3.84

SNOWFALL (INCHES)
RECORDS
 TOTAL             MM   5
 24 HR TOTAL       MM
TOTALS            0.0               0.0     0.0      0.0
SINCE 7/1        25.4              20.2     5.2     23.4
SNOWDEPTH AVG.      0                MM      MM        0
DAYS >= 1.0         0               0.0     0.0        0
GREATEST
 SNOW DEPTH         0   MM                             0  MM
 24 HR TOTAL      0.0   06/30 TO 06/30               0.0

DEGREE_DAYS
HEATING TOTAL       5                15     -10       18
 SINCE 7/1       4065              4819    -754     5075
COOLING TOTAL     228               231      -3      268
 SINCE 1/1        320               310      10      436
.................................................................

WIND (MPH)
AVERAGE WIND SPEED              8.0
HIGHEST WIND SPEED/DIRECTION    41/300    DATE  06/05
HIGHEST GUST SPEED/DIRECTION    54/290    DATE  06/08

SKY COVER
POSSIBLE SUNSHINE (PERCENT)   MM
AVERAGE SKY COVER           0.30
NUMBER OF DAYS FAIR           20
NUMBER OF DAYS PC              7
NUMBER OF DAYS CLOUDY          3

AVERAGE RH (PERCENT)     67

WEATHER CONDITIONS. NUMBER OF DAYS WITH
THUNDERSTORM              0     MIXED PRECIP               0
HEAVY RAIN                7     RAIN                       8
LIGHT RAIN               11     FREEZING RAIN              0
LT FREEZING RAIN          0     HEAVY SNOW                 0
SNOW                      0     LIGHT SNOW                 0
SLEET                     0     FOG                       11
FOG W/VIS <= 1/4 MILE     1     HAZE                       2

-  INDICATES NEGATIVE NUMBERS.
R  INDICATES RECORD WAS SET OR TIED.
MM INDICATES DATA IS MISSING.
T  INDICATES TRACE AMOUNT.

$$
