000
CXUS53 KLBF 011853
CLMIML


CLIMATE REPORT
NATIONAL WEATHER SERVICE NORTH PLATTE
1249 PM CST WED FEB 1 2017

...................................

...THE IMPERIAL NE CLIMATE SUMMARY FOR THE MONTH OF JANUARY 2017...

CLIMATE NORMAL PERIOD 1981 TO 2010
CLIMATE RECORD PERIOD 1893 TO 2017

WEATHER         OBSERVED          NORMAL  DEPART  LAST YEAR`S
                 VALUE   DATE(S)  VALUE   FROM    VALUE  DATE(S)
                                          NORMAL
................................................................
TEMPERATURE (F)
RECORD
 HIGH              77   01/27/2015
 LOW              -32   01/02/1911
HIGHEST            61   01/30        61       0       61  01/28
LOWEST            -12   01/05        -7      -5        3  01/18
AVG. MAXIMUM     36.9              41.1    -4.2     42.9
AVG. MINIMUM     16.0              15.5     0.5     19.6
MEAN             26.5              28.3    -1.8     31.3
DAYS MAX >= 90      0               0.0     0.0        0
DAYS MAX <= 32     11               8.4     2.6        4
DAYS MIN <= 32     30              30.6    -0.6       31
DAYS MIN <= 0       3               2.1     0.9        0

PRECIPITATION (INCHES)
RECORD
 MAXIMUM         1.73   1944
 MINIMUM         0.00   1986
                        1964
                        1961
TOTALS           0.78              0.30    0.48     0.23
DAILY AVG.       0.03              0.01    0.02     0.01
DAYS >= .01         4                MM      MM        3
DAYS >= .10         2                MM      MM        1
DAYS >= .50         0                MM      MM        0
DAYS >= 1.00        0                MM      MM        0
GREATEST
 24 HR. TOTAL    0.72   01/15 TO 01/16           01/30 TO 01/30
                                                          01/30 TO 01/30
                                                          01/30 TO 01/30

SNOWFALL (INCHES)
TOTALS             MM

DEGREE_DAYS
HEATING TOTAL    1185              1138      47     1037
 SINCE 7/1       3329              3653    -324     3205
COOLING TOTAL       0                 0       0        0
 SINCE 1/1          0                 0       0        0
.................................................

WIND (MPH)
HIGHEST WIND SPEED/DIRECTION    37/330    DATE  01/29
HIGHEST GUST SPEED/DIRECTION    47/330    DATE  01/29

AVERAGE RH (PERCENT)     67

WEATHER CONDITIONS. NUMBER OF DAYS WITH
THUNDERSTORM              0     MIXED PRECIP               0
HEAVY RAIN                0     RAIN                       0
LIGHT RAIN                1     FREEZING RAIN              1
LT FREEZING RAIN          3     HAIL                       0
HEAVY SNOW                0     SNOW                       1
LIGHT SNOW                6     SLEET                      0
FOG                       9     FOG W/VIS <= 1/4 MILE      4
HAZE                      7

-  INDICATES NEGATIVE NUMBERS.
R  INDICATES RECORD WAS SET OR TIED.
MM INDICATES DATA IS MISSING.
T  INDICATES TRACE AMOUNT.

&&

...SNOWFALL AND SNOW DEPTH ARE UNAVAILABLE FOR THIS LOCATION...

$$
