000
CXUS53 KIND 011610
CLMIND


CLIMATE REPORT
NATIONAL WEATHER SERVICE INDIANAPOLIS IN
1110 AM EST WED MAR 1 2017

...................................

...THE INDIANAPOLIS IN CLIMATE SUMMARY FOR THE MONTH OF FEBRUARY 2017...

CLIMATE NORMAL PERIOD 1981 TO 2010
CLIMATE RECORD PERIOD 1871 TO 2017

WEATHER         OBSERVED          NORMAL  DEPART  LAST YEAR`S
                 VALUE   DATE(S)  VALUE   FROM    VALUE  DATE(S)
                                          NORMAL
................................................................
TEMPERATURE (F)
RECORD
 HIGH              76   02/25/2000
 LOW              -21   02/10/1982
HIGHEST            74   02/24                         72  02/20
LOWEST             13   02/04                          7  02/13
AVG. MAXIMUM     53.3              40.2    13.1     43.4
AVG. MINIMUM     33.3              23.9     9.4     26.1
MEAN             43.3              32.1    11.2     34.8
DAYS MAX >= 90      0               0.0     0.0        0
DAYS MAX <= 32      2               6.8    -4.8        7
DAYS MIN <= 32     14              21.8    -7.8       22
DAYS MIN <= 0       0               0.9    -0.9        0

PRECIPITATION (INCHES)
RECORD
 MAXIMUM         7.28   1882
 MINIMUM         0.18   1907
TOTALS           1.10              2.32   -1.22     2.25
DAILY AVG.       0.04              0.08   -0.04     0.08
DAYS >= .01         7              10.0    -3.0        8
DAYS >= .10         4               5.2    -1.2        3
DAYS >= .50         1               1.4    -0.4        1
DAYS >= 1.00        0               0.4    -0.4        1
GREATEST
 24 HR. TOTAL    0.59   02/27 TO 02/28

SNOWFALL (INCHES)
RECORDS
 TOTAL           21.7   2003
 SNOW DEPTH        16   02/17/1910
TOTALS            2.1               6.5    -4.4      4.4
SINCE 7/1         8.7              23.1   -14.4     12.1
SNOWDEPTH AVG.      0
DAYS >= 1.0         1               2.0    -1.0        1
DAYS >= 0.1         1                                  6
GREATEST
 SNOW DEPTH         2   02/09                          2  02/15
 24 HR TOTAL      2.1   02/08 TO 02/08               2.2  02/14 TO 02/14

DEGREE_DAYS
HEATING TOTAL     599               922    -323      869
 SINCE 7/1       3284              4143    -859     3453
COOLING TOTAL       0                 0       0        0
 SINCE 1/1          0                 0       0        0
.....................................................

WIND (MPH)
AVERAGE WIND SPEED              11.3
HIGHEST WIND SPEED/DIRECTION    39/230    DATE  02/28
HIGHEST GUST SPEED/DIRECTION    46/230    DATE  02/28

SKY COVER
POSSIBLE SUNSHINE (PERCENT)   MM
AVERAGE SKY COVER           0.70
NUMBER OF DAYS FAIR            1
NUMBER OF DAYS PC             14
NUMBER OF DAYS CLOUDY         13

AVERAGE RH (PERCENT)     65

WEATHER CONDITIONS. NUMBER OF DAYS WITH
THUNDERSTORM              3     MIXED PRECIP               0
HEAVY RAIN                1     RAIN                       4
LIGHT RAIN               10     FREEZING RAIN              0
LT FREEZING RAIN          0     HAIL                       0
HEAVY SNOW                0     SNOW                       1
LIGHT SNOW                3     SLEET                      0
FOG                      12     FOG W/VIS <= 1/4 MILE      1
HAZE                      5

-  INDICATES NEGATIVE NUMBERS.
R  INDICATES RECORD WAS SET OR TIED.
MM INDICATES DATA IS MISSING.
T  INDICATES TRACE AMOUNT.

$$
