000
CXUS55 KFGZ 011512
CLMINW


CLIMATE REPORT
NATIONAL WEATHER SERVICE FLAGSTAFF, AZ
812 AM MST SAT JUL 1 2017

...................................

...THE WINSLOW AZ AIRPORT CLIMATE SUMMARY FOR THE MONTH OF JUNE 2017...

CLIMATE NORMAL PERIOD 1981 TO 2010
CLIMATE RECORD PERIOD 1915 TO 2017

WEATHER         OBSERVED          NORMAL  DEPART  LAST YEAR`S
                 VALUE   DATE(S)  VALUE   FROM    VALUE  DATE(S)
                                          NORMAL
................................................................
TEMPERATURE (F)
RECORD
 HIGH             108   06/21/2017
                        06/20/2016
                        06/26/1970
 LOW               29   06/01/1919
HIGHEST           108R                               108  06/20
LOWEST             37                                 47  06/18
                                                          06/17
AVG. MAXIMUM     97.9              91.6     6.3     97.0
AVG. MINIMUM     55.6              53.8     1.8     58.4
MEAN             76.7              72.7     4.0     77.7
DAYS MAX >= 90     27              18.9     8.1       28
DAYS MAX <= 32      0               0.0     0.0        0
DAYS MIN <= 32      0               0.0     0.0        0
DAYS MIN <= 0       0               0.0     0.0        0

PRECIPITATION (INCHES)
RECORD
 MAXIMUM         3.70   1927
 MINIMUM         0.00   2014
                        1993
TOTALS           0.00R             0.18   -0.18     0.01
DAILY AVG.       0.00              0.01   -0.01     0.00
DAYS >= .01         0               1.9    -1.9        1
DAYS >= .10         0               0.6    -0.6        0
DAYS >= .50         0               0.0     0.0        0
DAYS >= 1.00        0               0.0     0.0        0
GREATEST
 24 HR. TOTAL       T   05/31 TO 06/01              0.01
                        06/01 TO 06/01
                        06/01 TO 06/02

DEGREE_DAYS
HEATING TOTAL       4                10      -6        0
 SINCE 7/1       3637              4497    -860     4253
COOLING TOTAL     365               241     124      389
 SINCE 1/1        406               308      98      406
.................................................................

WIND (MPH)
AVERAGE WIND SPEED              8.8
HIGHEST WIND SPEED/DIRECTION    41/280    DATE  06/25
HIGHEST GUST SPEED/DIRECTION    55/290    DATE  06/25

SKY COVER
POSSIBLE SUNSHINE (PERCENT)   MM
AVERAGE SKY COVER           0.00
NUMBER OF DAYS FAIR           30
NUMBER OF DAYS PC              0
NUMBER OF DAYS CLOUDY          0

AVERAGE RH (PERCENT)     20

WEATHER CONDITIONS. NUMBER OF DAYS WITH
THUNDERSTORM              0     MIXED PRECIP               0
HEAVY RAIN                0     RAIN                       0
LIGHT RAIN                0     FREEZING RAIN              0
LT FREEZING RAIN          0     HAIL                       0
HEAVY SNOW                0     SNOW                       0
LIGHT SNOW                0     SLEET                      0
FOG                       0     FOG W/VIS <= 1/4 MILE      0
HAZE                      5

-  INDICATES NEGATIVE NUMBERS.
R  INDICATES RECORD WAS SET OR TIED.
MM INDICATES DATA IS MISSING.
T  INDICATES TRACE AMOUNT.

$$
