105
CXUS53 KDVN 011000
CLMIOW


CLIMATE REPORT
NATIONAL WEATHER SERVICE QUAD CITIES IA IL
500 AM CDT SAT APR 1 2017

...................................

...THE IOWA CITY IA CLIMATE SUMMARY FOR THE MONTH OF MARCH 2017...

CLIMATE NORMAL PERIOD 1981 TO 2010
CLIMATE RECORD PERIOD 9999 TO 9999

WEATHER         OBSERVED          NORMAL  DEPART
                 VALUE   DATE(S)  VALUE   FROM
                                          NORMAL
................................................
TEMPERATURE (F)
HIGHEST            76   03/24        56      20
LOWEST             10   03/15        23     -13
AVG. MAXIMUM     48.9              48.2     0.7
AVG. MINIMUM     32.2              29.1     3.1
MEAN             40.5              38.6     1.9
DAYS MAX >= 90      0
DAYS MAX <= 32      3
DAYS MIN <= 32     13
DAYS MIN <= 0       0

PRECIPITATION (INCHES)
TOTALS           3.06              2.22    0.84
DAILY AVG.       0.10              0.07    0.03
DAYS >= .01        11
DAYS >= .10         6
DAYS >= .50         3
DAYS >= 1.00        0
GREATEST
 24 HR. TOTAL    1.25   03/29 TO 03/30

DEGREE_DAYS
HEATING TOTAL     750               817     -67
 SINCE 7/1       4645              5767   -1122
COOLING TOTAL       0                 0       0
 SINCE 1/1          0                 0       0
.................................................

WIND (MPH)
AVERAGE WIND SPEED              10.9
HIGHEST WIND SPEED/DIRECTION    43/240    DATE  03/06
HIGHEST GUST SPEED/DIRECTION    60/250    DATE  03/06

SKY COVER
POSSIBLE SUNSHINE (PERCENT)   MM
AVERAGE SKY COVER           0.50
NUMBER OF DAYS FAIR           11
NUMBER OF DAYS PC              9
NUMBER OF DAYS CLOUDY         11

AVERAGE RH (PERCENT)     63

WEATHER CONDITIONS. NUMBER OF DAYS WITH
THUNDERSTORM              4     HAIL                       0
SLEET                     0     FOG                       12
FOG W/VIS <= 1/4 MILE     1     HAZE                       1

-  INDICATES NEGATIVE NUMBERS.
R  INDICATES RECORD WAS SET OR TIED.
MM INDICATES DATA IS MISSING.
T  INDICATES TRACE AMOUNT.

$$
