000
CXUS53 KEAX 020342
CLMIRK

STLCLMWK2 000
TTAA00 KEAX 010750


CLIMATE REPORT
NATIONAL WEATHER SERVICE KANSAS CITY/PLEASANT HILL MO
249 AM CDT TUE SEP 1 2015

...................................

...THE KIRKSVILLE CLIMATE SUMMARY FOR THE MONTH OF AUGUST 2015...

CLIMATE NORMAL PERIOD 1981 TO 2010
CLIMATE RECORD PERIOD 9999 TO 9999

WEATHER         OBSERVED          NORMAL  DEPART  LAST YEAR`S
                 VALUE   DATE(S)  VALUE   FROM    VALUE  DATE(S)
                                          NORMAL
................................................................
TEMPERATURE (F)
HIGHEST            90   08/31        95      -5       93  08/25
                        08/02                             08/24
                        08/01
LOWEST             48   08/26        52      -4       54  08/14
                                                          08/13
AVG. MAXIMUM     82.4              84.4    -2.0     84.0
AVG. MINIMUM     61.9              63.1    -1.2     65.3
MEAN             72.1              73.7    -1.6     74.6
DAYS MAX >= 90      3               7.2    -4.2        4
DAYS MAX <= 32      0               0.0     0.0        0
DAYS MIN <= 32      0               0.0     0.0        0
DAYS MIN <= 0       0               0.0     0.0        0

PRECIPITATION (INCHES)
TOTALS           2.43              3.82   -1.39     8.76
DAILY AVG.       0.08              0.12   -0.04     0.28
DAYS >= .01         9              11.5    -2.5       13
DAYS >= .10         5               7.2    -2.2        9
DAYS >= .50         2               3.2    -1.2        4
DAYS >= 1.00        0               1.3    -1.3        1
GREATEST
 24 HR. TOTAL    0.91   08/09 TO 08/09

DEGREE_DAYS
HEATING TOTAL       8                 6       2        0
 SINCE 7/1         13                 7       6        6
COOLING TOTAL     235               277     -42      306
 SINCE 1/1        877               844      33      866
.................................................................

WIND (MPH)
AVERAGE WIND SPEED              6.0
HIGHEST WIND SPEED/DIRECTION    35/340    DATE  08/02
HIGHEST GUST SPEED/DIRECTION    50/320    DATE  08/02

SKY COVER
POSSIBLE SUNSHINE (PERCENT)   MM
AVERAGE SKY COVER           0.20
NUMBER OF DAYS FAIR           24
NUMBER OF DAYS PC              6
NUMBER OF DAYS CLOUDY          1

AVERAGE RH (PERCENT)     73

WEATHER CONDITIONS. NUMBER OF DAYS WITH
THUNDERSTORM              8    MIXED PRECIP               0
HEAVY RAIN                3     RAIN                       6
LIGHT RAIN               10     FREEZING RAIN              0
LT FREEZING RAIN          0     HAIL                       0
HEAVY SNOW                0     SNOW                       0
LIGHT SNOW                0     SLEET                      0
FOG                      20     FOG W/VIS <= 1/4 MILE      4
HAZE                      2

-  INDICATES NEGATIVE NUMBERS.
R  INDICATES RECORD WAS SET OR TIED.
MM INDICATES DATA IS MISSING.
T  INDICATES TRACE AMOUNT.

$$
