000
CXCA52 TJSJ 151934
CLMIST

CLIMATE REPORT
NATIONAL WEATHER SERVICE SAN JUAN, PR
643 AM AST SUN MAY 1 2016

...................................

...THE CYRIL E. KING AP/ST THOMAS  CLIMATE SUMMARY FOR THE MONTH OF APRIL 2016...

CLIMATE NORMAL PERIOD 1981 TO 2010
CLIMATE RECORD PERIOD 1953 TO 2016

WEATHER         OBSERVED          NORMAL  DEPART  LAST YEAR`S
                 VALUE   DATE(S)  VALUE   FROM    VALUE  DATE(S)
                                          NORMAL
................................................................
TEMPERATURE (F)
RECORD
 HIGH              96   04/04/1996
                        04/29/1994
                        04/30/1992
 LOW               62   04/10/1984
                        04/11/1972
HIGHEST            90   04/15        87       3       87  04/16
                        04/13                             04/15
                                                          04/08
LOWEST             73   04/15        74      -1       71  04/05
AVG. MAXIMUM     86.8              87.0    -0.2     85.2
AVG. MINIMUM     77.3              74.3     3.0     75.6
MEAN             82.0              80.6     1.4     80.4
DAYS MAX >= 90      2               5.4    -3.4        0
DAYS MAX <= 32      0               0.0     0.0        0
DAYS MIN <= 32      0               0.0     0.0        0
DAYS MIN <= 0       0               0.0     0.0        0

PRECIPITATION (INCHES)
RECORD
 MAXIMUM        11.20   2003
 MINIMUM         0.23   1953
TOTALS           2.84              2.74    0.10     1.08
DAILY AVG.       0.09              0.10   -0.01     0.04
DAYS >= .01        12              10.9     1.1        9
DAYS >= .10         5               4.8     0.2        3
DAYS >= .50         2               1.2     0.8        1
DAYS >= 1.00        1               0.4     0.6        0
GREATEST
 24 HR. TOTAL    1.25   04/01 TO 04/01
                        03/31 TO 04/01
                        04/01 TO 04/01

SNOWFALL (INCHES)
TOTALS            0.0               0.0     0.0      0.0

DEGREE_DAYS
HEATING TOTAL       0                 0       0        0
COOLING TOTAL     519               469      50      469
.................................................................

WIND (MPH)
AVERAGE WIND SPEED              8.8
HIGHEST WIND SPEED/DIRECTION    25/110    DATE  04/01
HIGHEST GUST SPEED/DIRECTION    34/120    DATE  04/30

SKY COVER
AVERAGE SKY COVER           0.30

AVERAGE RH (PERCENT)     73

WEATHER CONDITIONS. NUMBER OF DAYS WITH
THUNDERSTORM              0     MIXED PRECIP               0
HEAVY RAIN                4     RAIN                       5
LIGHT RAIN               12     FREEZING RAIN              0
LT FREEZING RAIN          0     HAIL                       0
HEAVY SNOW                0     SNOW                       0
LIGHT SNOW                0     SLEET                      0
FOG                       6     FOG W/VIS <= 1/4 MILE      0
HAZE                      2

-  INDICATES NEGATIVE NUMBERS.
R  INDICATES RECORD WAS SET OR TIED.
MM INDICATES DATA IS MISSING.
T  INDICATES TRACE AMOUNT.

$$
