401
CXCA52 TJSJ 012049
CLMIST


CLIMATE REPORT
NATIONAL WEATHER SERVICE SAN JUAN, PR
448 PM AST MON FEB 1 2016

...................................

...THE CYRIL E. KING AP/ST THOMAS  CLIMATE SUMMARY FOR THE MONTH OF JANUARY 2016...

CLIMATE NORMAL PERIOD 1981 TO 2010
CLIMATE RECORD PERIOD 1953 TO 2016

WEATHER         OBSERVED          NORMAL  DEPART  LAST YEAR`S
                 VALUE   DATE(S)  VALUE   FROM    VALUE  DATE(S)
                                          NORMAL
................................................................
TEMPERATURE (F)
RECORD
 HIGH              93   01/05/1996
                        01/03/1996
                        01/05/1989
 LOW               63   01/29/1996
                        01/08/1956
HIGHEST            87   01/26        85       2       88  01/02
                        01/02
LOWEST             71   01/14        73      -2       68  01/19
                        01/13
                        01/12
AVG. MAXIMUM     84.0              85.1    -1.1     83.7
AVG. MINIMUM     73.4              72.5     0.9     72.7
MEAN             78.7              78.8    -0.1     78.2
DAYS MAX >= 90      0               1.3    -1.3        0
DAYS MAX <= 32      0               0.0     0.0        0
DAYS MIN <= 32      0               0.0     0.0        0
DAYS MIN <= 0       0               0.0     0.0        0

PRECIPITATION (INCHES)
RECORD
 MAXIMUM         4.83   2006
 MINIMUM         0.48   2013
TOTALS           1.63              2.38   -0.75     1.68
DAILY AVG.       0.05              0.08   -0.03     0.05
DAYS >= .01        17              14.7     2.3       13
DAYS >= .10         6               5.6     0.4        6
DAYS >= .50         0               0.9    -0.9        0
DAYS >= 1.00        0               0.3    -0.3        0
GREATEST
 24 HR. TOTAL    0.36   01/30 TO 01/30
                        01/29 TO 01/30
                        01/30 TO 01/30

SNOWFALL (INCHES)
TOTALS            0.0               0.0     0.0      0.0

DEGREE_DAYS
HEATING TOTAL       0                 0       0        0
COOLING TOTAL     433               428       5      419
.................................................................

WIND (MPH)
AVERAGE WIND SPEED              9.3
HIGHEST WIND SPEED/DIRECTION    24/180    DATE  01/23
HIGHEST GUST SPEED/DIRECTION    33/190    DATE  01/23

SKY COVER
AVERAGE SKY COVER           0.30

AVERAGE RH (PERCENT)     73

WEATHER CONDITIONS. NUMBER OF DAYS WITH
THUNDERSTORM              0     MIXED PRECIP               0
HEAVY RAIN                4     RAIN                       4
LIGHT RAIN               13     FREEZING RAIN              0
LT FREEZING RAIN          0     HAIL                       0
HEAVY SNOW                0     SNOW                       0
LIGHT SNOW                0     SLEET                      0
FOG                      12     FOG W/VIS <= 1/4 MILE      0
HAZE                      0

-  INDICATES NEGATIVE NUMBERS.
R  INDICATES RECORD WAS SET OR TIED.
MM INDICATES DATA IS MISSING.
T  INDICATES TRACE AMOUNT.

$$
